087
CXUS53 KGID 200730
CF6JYR
PRELIMINARY LOCAL CLIMATOLOGICAL DATA (WS FORM: F-6)

                                          STATION:   YORK
                                          MONTH:     FEBRUARY
                                          YEAR:      2018
                                          LATITUDE:   40 54 N
                                          LONGITUDE:  97 37 W

  TEMPERATURE IN F:       :PCPN:    SNOW:  WIND      :SUNSHINE: SKY     :PK WND
================================================================================
1   2   3   4   5  6A  6B    7    8   9   10  11  12  13   14  15   16   17  18
                                     12Z  AVG MX 2MIN
DY MAX MIN AVG DEP HDD CDD  WTR  SNW DPTH SPD SPD DIR MIN PSBL S-S WX    SPD DR
================================================================================

 1  32   9  21   M  44   0 0.00    M    M 14.0 29  10   M    M   1        36  10
 2  39   9  24   M  41   0 0.00    M    M 13.6 23 190   M    M   4        32 210
 3  55  21  38   M  27   0    T    M    M 15.0 23 360   M    M   4        32 350
 4  19   0  10   M  55   0    M    M    M 13.3 24 360   M    M   3        36 360
 5  19   1  10   M  55   0 0.00    M    M 14.0 25 180   M    M   3        33 360
 6  10   0   5   M  60   0    M    M    M  4.9 16  10   M    M   4 1      27  10
 7  16  -2   7   M  58   0 0.00    M    M  5.4 10 180   M    M   3         M  M
 8  25  16  21   M  44   0    T    M    M  7.7 14 200   M    M   3         M  M
 9  19   5  12   M  53   0    M    M    M 20.3 25  20   M    M   4 1      32  20
10  10   1   6   M  59   0    M    M    M  8.6 16  10   M    M   4        23 360
11  23  -2  11   M  54   0    T    M    M  4.8 12 290   M    M   1         M  M
12  18   0   9   M  56   0    T    M    M 11.3 18  90   M    M   3        22  90
13  37  19  28   M  37   0 0.00    M    M 10.2 18 200   M    M   1        27 190
14  45  21  33   M  32   0 0.00    M    M  6.4 16 220   M    M   0         M  M
15  41  21  31   M  34   0 0.00    M    M 12.5 25 360   M    M   3        38 360
16  32  10  21   M  44   0    T    M    M  9.6 23 360   M    M   0        39 360
17  46  23  35   M  30   0 0.00    M    M  9.4 17 310   M    M   1        22 310
18  59  30  45   M  20   0 0.00    M    M 20.1 32 200   M    M   2        45 190
19  30  18  24   M  41   0    M    M    M 16.2 25 360   M    M   1 1      39 360
================================================================================
SM  575  200       844   0    T     M    217.3          M       45
================================================================================
AV 30.3 10.5                              11.4 FASTST   M    M   2    MAX(MPH)
                                 MISC ---->  # 32 200               # 45  190
================================================================================
NOTES:
# LAST OF SEVERAL OCCURRENCES

COLUMN 17 PEAK WIND IN M.P.H.

PRELIMINARY LOCAL CLIMATOLOGICAL DATA (WS FORM: F-6) , PAGE 2

                                          STATION:  YORK
                                          MONTH:    FEBRUARY
                                          YEAR:     2018
                                          LATITUDE:   40 54 N
                                          LONGITUDE:  97 37 W

[TEMPERATURE DATA]      [PRECIPITATION DATA]       SYMBOLS USED IN COLUMN 16

AVERAGE MONTHLY: 20.4   TOTAL FOR MONTH:      T    1 = FOG OR MIST
DPTR FM NORMAL:     M   DPTR FM NORMAL:       M    2 = FOG REDUCING VISIBILITY
HIGHEST:    59 ON 18    GRTST 24HR    T  ON 16-16      TO 1/4 MILE OR LESS
LOWEST:     -2 ON 11, 7                            3 = THUNDER
                        SNOW, ICE PELLETS, HAIL    4 = ICE PELLETS
                        TOTAL MONTH:    M          5 = HAIL
                        GRTST 24HR    M  ON   M    6 = FREEZING RAIN OR DRIZZLE
                        GRTST DEPTH:  M  ON   M    7 = DUSTSTORM OR SANDSTORM:
                                                       VSBY 1/2 MILE OR LESS
                                                   8 = SMOKE OR HAZE
[NO. OF DAYS WITH]      [WEATHER - DAYS WITH]      9 = BLOWING SNOW
                                                   X = TORNADO
MAX 32 OR BELOW:  12    0.01 INCH OR MORE:   0
MAX 90 OR ABOVE:   0    0.10 INCH OR MORE:   0
MIN 32 OR BELOW:  19    0.50 INCH OR MORE:   0
MIN  0 OR BELOW:   5    1.00 INCH OR MORE:   0

[HDD (BASE 65) ]
TOTAL THIS MO.   844    CLEAR  (SCALE 0-3)  12
DPTR FM NORMAL     M    PTCLDY (SCALE 4-7)   7
TOTAL FM JUL 1  4467    CLOUDY (SCALE 8-10)  0
DPTR FM NORMAL     M

[CDD (BASE 65) ]
TOTAL THIS MO.     0
DPTR FM NORMAL     M    [PRESSURE DATA]
TOTAL FM JAN 1     0    HIGHEST SLP M ON M
DPTR FM NORMAL     M    LOWEST  SLP M ON M

[REMARKS]
