000
CXUS53 KGID 260730
CF6K61
PRELIMINARY LOCAL CLIMATOLOGICAL DATA (WS FORM: F-6)

                                          STATION:   BELOIT KS
                                          MONTH:     JUNE
                                          YEAR:      2012
                                          LATITUDE:   39 27 N
                                          LONGITUDE:  98  6 W

  TEMPERATURE IN F:       :PCPN:    SNOW:  WIND      :SUNSHINE: SKY     :PK WND
================================================================================
1   2   3   4   5  6A  6B    7    8   9   10  11  12  13   14  15   16   17  18
                                     12Z  AVG MX 2MIN
DY MAX MIN AVG DEP HDD CDD  WTR  SNW DPTH SPD SPD DIR MIN PSBL S-S WX    SPD DR
================================================================================

 1  64  39  52   M  13   0 0.02    M    M   M   M   M   M    M   M         M  M
 2  90  43  67   M   0   2 0.01    M    M   M   M   M   M    M   M         M  M
 3  90  63  77   M   0  12 0.00    M    M   M   M   M   M    M   M         M  M
 4  95  59  77   M   0  12 0.00    M    M   M   M   M   M    M   M         M  M
 5  92  55  74   M   0   9 0.00    M    M   M   M   M   M    M   M         M  M
 6  91  52  72   M   0   7 0.00    M    M   M   M   M   M    M   M         M  M
 7  91  56  74   M   0   9 0.00    M    M   M   M   M   M    M   M         M  M
 8  91  59  75   M   0  10 0.00    M    M   M   M   M   M    M   M         M  M
 9  96  64  80   M   0  15 0.00    M    M   M   M   M   M    M   M         M  M
10  94  70  82   M   0  17 0.00    M    M   M   M   M   M    M   M         M  M
11  87  55  71   M   0   6 0.00    M    M   M   M   M   M    M   M         M  M
12  90  50  70   M   0   5 0.00    M    M   M   M   M   M    M   M         M  M
13  96  62  79   M   0  14 0.00    M    M   M   M   M   M    M   M         M  M
14 101  64  83   M   0  18 1.47    M    M   M   M   M   M    M   M         M  M
15  87  64  76   M   0  11 0.03    M    M   M   M   M   M    M   M         M  M
16  87  65  76   M   0  11 0.10    M    M   M   M   M   M    M   M         M  M
17  96  69  83   M   0  18 0.00    M    M   M   M   M   M    M   M         M  M
18  97  74  86   M   0  21 0.00    M    M   M   M   M   M    M   M         M  M
19  95  74  85   M   0  20 0.00    M    M   M   M   M   M    M   M         M  M
20  91  63  77   M   0  12 0.00    M    M   M   M   M   M    M   M         M  M
21  85  55  70   M   0   5 0.00    M    M   M   M   M   M    M   M         M  M
22  92  53  73   M   0   8 0.00    M    M   M   M   M   M    M   M         M  M
23 105  68  87   M   0  22 0.00    M    M   M   M   M   M    M   M         M  M
24 111  75  93   M   0  28 0.00    M    M   M   M   M   M    M   M         M  M
25 101  65  83   M   0  18 0.00    M    M   M   M   M   M    M   M         M  M
================================================================================
SM 2315 1516        13 310  1.63    M        M          M        M
================================================================================
AV 92.6 60.6                                 M FASTST   M    M   1    MAX(MPH)
                                 MISC ---->     M   M                  M    M
================================================================================
NOTES:
# LAST OF SEVERAL OCCURRENCES

COLUMN 17 PEAK WIND IN M.P.H.

PRELIMINARY LOCAL CLIMATOLOGICAL DATA (WS FORM: F-6) , PAGE 2

                                          STATION:  BELOIT KS
                                          MONTH:    JUNE
                                          YEAR:     2012
                                          LATITUDE:   39 27 N
                                          LONGITUDE:  98  6 W

[TEMPERATURE DATA]      [PRECIPITATION DATA]       SYMBOLS USED IN COLUMN 16

AVERAGE MONTHLY: 76.6   TOTAL FOR MONTH:   1.63    1 = FOG OR MIST
DPTR FM NORMAL:     M   DPTR FM NORMAL:       M    2 = FOG REDUCING VISIBILITY
HIGHEST:   111 ON 24    GRTST 24HR  1.47 ON 14-14      TO 1/4 MILE OR LESS
LOWEST:     39 ON  1                               3 = THUNDER
                        SNOW, ICE PELLETS, HAIL    4 = ICE PELLETS
                        TOTAL MONTH:    M          5 = HAIL
                        GRTST 24HR    M  ON   M    6 = FREEZING RAIN OR DRIZZLE
                        GRTST DEPTH:  M  ON   M    7 = DUSTSTORM OR SANDSTORM:
                                                       VSBY 1/2 MILE OR LESS
                                                   8 = SMOKE OR HAZE
[NO. OF DAYS WITH]      [WEATHER - DAYS WITH]      9 = BLOWING SNOW
                                                   X = TORNADO
MAX 32 OR BELOW:   0    0.01 INCH OR MORE:   5
MAX 90 OR ABOVE:  20    0.10 INCH OR MORE:   2
MIN 32 OR BELOW:   0    0.50 INCH OR MORE:   1
MIN  0 OR BELOW:   0    1.00 INCH OR MORE:   1

[HDD (BASE 65) ]
TOTAL THIS MO.    13    CLEAR  (SCALE 0-3)   0
DPTR FM NORMAL     M    PTCLDY (SCALE 4-7)   0
TOTAL FM JUL 1  4538    CLOUDY (SCALE 8-10)  0
DPTR FM NORMAL     M

[CDD (BASE 65) ]
TOTAL THIS MO.   310
DPTR FM NORMAL     M    [PRESSURE DATA]
TOTAL FM JAN 1   515    HIGHEST SLP M ON M
DPTR FM NORMAL     M    LOWEST  SLP M ON M

[REMARKS]
