000
CXUS53 KIND 260730
CF6LAF
PRELIMINARY LOCAL CLIMATOLOGICAL DATA (WS FORM: F-6)

                                          STATION:   LAFAYETTE IN
                                          MONTH:     MAY
                                          YEAR:      2016
                                          LATITUDE:   40 25 N
                                          LONGITUDE:  86 56 W

  TEMPERATURE IN F:       :PCPN:    SNOW:  WIND      :SUNSHINE: SKY     :PK WND
================================================================================
1   2   3   4   5  6A  6B    7    8   9   10  11  12  13   14  15   16   17  18
                                     12Z  AVG MX 2MIN
DY MAX MIN AVG DEP HDD CDD  WTR  SNW DPTH SPD SPD DIR MIN PSBL S-S WX    SPD DR
================================================================================

 1  68  52  60   3   5   0 0.03    M    M  5.4 16  30   M    M   8 123    20 330
 2  53  48  51  -6  14   0 0.00    M    M  7.7 15  20   M    M  10 1      18  20
 3  65  47  56  -2   9   0 0.00    M    M  6.2 15 340   M    M   8        21 320
 4  54  42  48 -10  17   0 0.18    M    M 12.2 23 340   M    M   9 1      29 340
 5  64  41  53  -5  12   0    T    M    M 11.7 21 330   M    M   6        29 350
 6  74  37  56  -3   9   0 0.00    M    M  4.2 17 250   M    M   1 1      20 260
 7  70  41  56  -3   9   0    T    M    M  8.2 23 340   M    M   3        30 330
 8  62  36  49 -10  16   0    T    M    M  2.7 10 270   M    M   2        13 210
 9  59  50  55  -5  10   0 0.46    M    M 10.4 21  90   M    M  10 18     26 120
10  70  58  64   4   1   0 0.33    M    M  7.0 16 180   M    M   8 13     23 230
11  77  60  69   9   0   4    T    M    M  2.8 18 150   M    M   6 12     26 160
12  69  55  62   2   3   0 0.35    M    M  6.8 15 280   M    M   6 13     19 280
13  68  46  57  -4   8   0 0.05    M    M  8.4 18 270   M    M   2        25 200
14  57  39  48 -13  17   0 0.20    M    M 13.3 26 310   M    M   9 1      43 320
15  55  34  45 -17  20   0 0.00    M    M  6.5 22 320   M    M   3 1      31 310
16  64  37  51 -11  14   0 0.00    M    M  6.1 15 220   M    M   2 8      22 260
17  60  47  54  -8  11   0 0.03    M    M  4.3 14 360   M    M  10 1      19 360
18  67  44  56  -6   9   0 0.00    M    M  6.6 16  70   M    M   4        20 100
19  70  41  56  -7   9   0 0.00    M    M  2.9 13 110   M    M   1 1      16  70
20  68  49  59  -4   6   0 0.05    M    M  8.5 14  50   M    M   4        22  70
21  75  49  62  -2   3   0 0.08    M    M  7.8 18 340   M    M   5 1      24 340
22  81  43  62  -2   3   0 0.00    M    M  7.4 23 360   M    M   0 1      33  10
23  79  44  62  -2   3   0 0.00    M    M  3.6 14 110   M    M   0 18     18 100
24  84  50  67   2   0   2 0.00    M    M  4.6 16 220   M    M   0        21 240
25  84  61  73   8   0   8 0.00    M    M  6.9 17 180   M    M   1        24 190
================================================================================
SM 1697 1151       208  14  1.76    M    172.2          M      118
================================================================================
AV 67.9 46.0                               6.9 FASTST   M    M   5    MAX(MPH)
                                 MISC ---->  # 26 310               # 43  320
================================================================================
NOTES:
# LAST OF SEVERAL OCCURRENCES

COLUMN 17 PEAK WIND IN M.P.H.

PRELIMINARY LOCAL CLIMATOLOGICAL DATA (WS FORM: F-6) , PAGE 2

                                          STATION:  LAFAYETTE IN
                                          MONTH:    MAY
                                          YEAR:     2016
                                          LATITUDE:   40 25 N
                                          LONGITUDE:  86 56 W

[TEMPERATURE DATA]      [PRECIPITATION DATA]       SYMBOLS USED IN COLUMN 16

AVERAGE MONTHLY: 57.0   TOTAL FOR MONTH:   1.76    1 = FOG OR MIST
DPTR FM NORMAL:  -4.0   DPTR FM NORMAL:   -1.59    2 = FOG REDUCING VISIBILITY
HIGHEST:    84 ON 25,24 GRTST 24HR  0.71 ON 30- 1      TO 1/4 MILE OR LESS
LOWEST:     34 ON 15                               3 = THUNDER
                        SNOW, ICE PELLETS, HAIL    4 = ICE PELLETS
                        TOTAL MONTH:    M          5 = HAIL
                        GRTST 24HR    M  ON   M    6 = FREEZING RAIN OR DRIZZLE
                        GRTST DEPTH:  M  ON   M    7 = DUSTSTORM OR SANDSTORM:
                                                       VSBY 1/2 MILE OR LESS
                                                   8 = SMOKE OR HAZE
[NO. OF DAYS WITH]      [WEATHER - DAYS WITH]      9 = BLOWING SNOW
                                                   X = TORNADO
MAX 32 OR BELOW:   0    0.01 INCH OR MORE:  10
MAX 90 OR ABOVE:   0    0.10 INCH OR MORE:   5
MIN 32 OR BELOW:   0    0.50 INCH OR MORE:   0
MIN  0 OR BELOW:   0    1.00 INCH OR MORE:   0

[HDD (BASE 65) ]
TOTAL THIS MO.   208    CLEAR  (SCALE 0-3)  10
DPTR FM NORMAL    64    PTCLDY (SCALE 4-7)  10
TOTAL FM JUL 1  5019    CLOUDY (SCALE 8-10)  5
DPTR FM NORMAL  -615

[CDD (BASE 65) ]
TOTAL THIS MO.    14
DPTR FM NORMAL   -30    [PRESSURE DATA]
TOTAL FM JAN 1    16    HIGHEST SLP  0.00 ON M
DPTR FM NORMAL   -41    LOWEST  SLP 29.64 ON  4

[REMARKS]
