000
CXUS53 KIND 210730
CF6LAF
PRELIMINARY LOCAL CLIMATOLOGICAL DATA (WS FORM: F-6)

                                          STATION:   LAFAYETTE IN
                                          MONTH:     NOVEMBER
                                          YEAR:      2017
                                          LATITUDE:   40 25 N
                                          LONGITUDE:  86 56 W

  TEMPERATURE IN F:       :PCPN:    SNOW:  WIND      :SUNSHINE: SKY     :PK WND
================================================================================
1   2   3   4   5  6A  6B    7    8   9   10  11  12  13   14  15   16   17  18
                                     12Z  AVG MX 2MIN
DY MAX MIN AVG DEP HDD CDD  WTR  SNW DPTH SPD SPD DIR MIN PSBL S-S WX    SPD DR
================================================================================

 1  56  35  46  -3  19   0    T    M    M  6.7 14 200   M    M  10 1      22 200
 2  64  52  58   9   7   0 0.01    M    M  7.9 16 330   M    M  10 134    24 190
 3  53  43  48   0  17   0 0.00    M    M  9.0 15  50   M    M   5 1      20  10
 4  59  41  50   2  15   0 0.01    M    M  5.6 14  90   M    M   8 1      17  90
 5  68  49  59  11   6   0    M    M    M  7.4 23 290   M    M  10 13     32 290
 6  51  41  46  -1  19   0 0.00    M    M  9.2 16  50   M    M   6        20  50
 7  48  39  44  -3  21   0    T    M    M 10.4 20  70   M    M   6        25  70
 8  49  30  40  -6  25   0 0.00    M    M  4.1 10  60   M    M   1        13  10
 9  52  25  39  -7  26   0 0.00    M    M  7.4 25 280   M    M   3 12     33 270
10  33  19  26 -19  39   0 0.00    M    M  9.2 20  10   M    M   1        25  10
11  41  22  32 -13  33   0 0.00    M    M  6.2 14  90   M    M   4        17  90
12  41  35  38  -7  27   0 0.09    M    M  4.2 13  10   M    M  10 1      15  10
13  43  34  39  -5  26   0 0.00    M    M  4.5 10 300   M    M   8 18     14 310
14  50  28  39  -5  26   0 0.00    M    M  5.7 14 150   M    M   2 1      19 160
15  50  34  42  -1  23   0 0.61    M    M  9.3 23 280   M    M   7 1      34 290
16  36  29  33 -10  32   0 0.00    M    M  7.1 22 310   M    M   8        36 320
17  50  29  40  -2  25   0 0.11    M    M  7.5 17 150   M    M   6 1      25 160
18  56  38  47   5  18   0 2.00    M    M 12.1 28 330   M    M  10 13     38 350
19  38  26  32  -9  33   0 0.00    M    M 11.5 21 270   M    M   7        26 270
20  50  27  39  -2  26   0 0.00    M    M  9.2 21 210   M    M   0        31 230
================================================================================
SM  988  676       463   0  2.83    M    154.2          M      122
================================================================================
AV 49.4 33.8                               7.7 FASTST   M    M   6    MAX(MPH)
                                 MISC ---->  # 28 330               # 38  350
================================================================================
NOTES:
# LAST OF SEVERAL OCCURRENCES

COLUMN 17 PEAK WIND IN M.P.H.

PRELIMINARY LOCAL CLIMATOLOGICAL DATA (WS FORM: F-6) , PAGE 2

                                          STATION:  LAFAYETTE IN
                                          MONTH:    NOVEMBER
                                          YEAR:     2017
                                          LATITUDE:   40 25 N
                                          LONGITUDE:  86 56 W

[TEMPERATURE DATA]      [PRECIPITATION DATA]       SYMBOLS USED IN COLUMN 16

AVERAGE MONTHLY: 41.6   TOTAL FOR MONTH:   2.83    1 = FOG OR MIST
DPTR FM NORMAL:  -3.6   DPTR FM NORMAL:    0.88    2 = FOG REDUCING VISIBILITY
HIGHEST:    68 ON  5    GRTST 24HR  2.00 ON 18-18      TO 1/4 MILE OR LESS
LOWEST:     19 ON 10                               3 = THUNDER
                        SNOW, ICE PELLETS, HAIL    4 = ICE PELLETS
                        TOTAL MONTH:    M          5 = HAIL
                        GRTST 24HR    M  ON   M    6 = FREEZING RAIN OR DRIZZLE
                        GRTST DEPTH:  M  ON   M    7 = DUSTSTORM OR SANDSTORM:
                                                       VSBY 1/2 MILE OR LESS
                                                   8 = SMOKE OR HAZE
[NO. OF DAYS WITH]      [WEATHER - DAYS WITH]      9 = BLOWING SNOW
                                                   X = TORNADO
MAX 32 OR BELOW:   0    0.01 INCH OR MORE:   6
MAX 90 OR ABOVE:   0    0.10 INCH OR MORE:   3
MIN 32 OR BELOW:   9    0.50 INCH OR MORE:   2
MIN  0 OR BELOW:   0    1.00 INCH OR MORE:   1

[HDD (BASE 65) ]
TOTAL THIS MO.   463    CLEAR  (SCALE 0-3)   4
DPTR FM NORMAL    65    PTCLDY (SCALE 4-7)   9
TOTAL FM JUL 1   809    CLOUDY (SCALE 8-10)  7
DPTR FM NORMAL   -23

[CDD (BASE 65) ]
TOTAL THIS MO.     0
DPTR FM NORMAL     0    [PRESSURE DATA]
TOTAL FM JAN 1   853    HIGHEST SLP M ON M
DPTR FM NORMAL  -129    LOWEST  SLP 29.22 ON 18

[REMARKS]
