000
CXUS53 KIND 270730
CF6LAF
PRELIMINARY LOCAL CLIMATOLOGICAL DATA (WS FORM: F-6)

                                          STATION:   LAFAYETTE IN
                                          MONTH:     FEBRUARY
                                          YEAR:      2015
                                          LATITUDE:   40 25 N
                                          LONGITUDE:  86 56 W

  TEMPERATURE IN F:       :PCPN:    SNOW:  WIND      :SUNSHINE: SKY     :PK WND
================================================================================
1   2   3   4   5  6A  6B    7    8   9   10  11  12  13   14  15   16   17  18
                                     12Z  AVG MX 2MIN
DY MAX MIN AVG DEP HDD CDD  WTR  SNW DPTH SPD SPD DIR MIN PSBL S-S WX    SPD DR
================================================================================

 1  33  18  26  -1  39   0 0.31    M    M  8.4 22  10   M    M  10 12     30  20
 2  18   8  13 -15  52   0    T    M    M 10.2 22 350   M    M   5 18     30 350
 3  35  10  23  -5  42   0 0.00    M    M  6.9 15 190   M    M   6        21 200
 4  35  11  23  -5  42   0 0.03    M    M 10.9 18 320   M    M   6 18     25 330
 5  17  -1   8 -20  57   0 0.00    M    M  4.7 14 340   M    M   0        20 320
 6  33   1  17 -11  48   0 0.00    M    M  5.3 14 240   M    M   4        19 220
 7  48  25  37   9  28   0 0.00    M    M  7.0 14 220   M    M   0        20 220
 8  52  32  42  13  23   0    T    M    M  9.5 17 350   M    M   5 18     22 350
 9  32  23  28  -1  37   0 0.00    M    M 11.2 17 360   M    M  10 1      21 360
10  34  17  26  -3  39   0 0.00    M    M  6.9 16  80   M    M   1 1      18  80
11  35  22  29   0  36   0    T    M    M 11.0 23 290   M    M  10 18     31 290
12  22  11  17 -13  48   0    T    M    M 14.5 26 340   M    M   4 1      35 340
13  28   6  17 -13  48   0 0.00    M    M  7.9 16 240   M    M   4        22 210
14  30   4  17 -13  48   0    T    M    M 16.7 35 320   M    M   8 8      47 320
15  17   2  10 -20  55   0 0.00    M    M  9.8 17  50   M    M   2        22 310
16  17   6  12 -19  53   0 0.00    M    M  7.1 12  60   M    M   4        14  60
17  28   4  16 -15  49   0    T    M    M  8.3 21 290   M    M   8        30 320
18  15   0   8 -23  57   0    T    M    M 14.7 28 280   M    M   7 18     36 320
19   8  -4   2 -30  63   0 0.00    M    M 11.1 24 320   M    M   0        29 320
20  19  -6   7 -25  58   0    T    M    M  8.2 20 170   M    M   6        25 170
21  30  18  24  -8  41   0 0.05    M    M  3.0  9 190   M    M   9 1      12 200
22  27  11  19 -13  46   0 0.00    M    M 10.0 20 290   M    M   6 1      28 320
23  17   1   9 -24  56   0    T    M    M  6.0 14 340   M    M   2        19 330
24  27  -3  12 -21  53   0 0.00    M    M 10.6 26 230   M    M   3        36 220
25  32   9  21 -13  44   0    T    M    M  6.9 16  50   M    M   3 1      20  40
26  21   7  14 -20  51   0    T    M    M  8.7 17 360   M    M   9 18     22 360
================================================================================
SM  710  232      1213   0  0.39    M    235.5          M      132
================================================================================
AV 27.3  8.9                               9.1 FASTST   M    M   5    MAX(MPH)
                                 MISC ---->  # 35 320               # 47  320
================================================================================
NOTES:
# LAST OF SEVERAL OCCURRENCES

COLUMN 17 PEAK WIND IN M.P.H.

PRELIMINARY LOCAL CLIMATOLOGICAL DATA (WS FORM: F-6) , PAGE 2

                                          STATION:  LAFAYETTE IN
                                          MONTH:    FEBRUARY
                                          YEAR:     2015
                                          LATITUDE:   40 25 N
                                          LONGITUDE:  86 56 W

[TEMPERATURE DATA]      [PRECIPITATION DATA]       SYMBOLS USED IN COLUMN 16

AVERAGE MONTHLY: 18.1   TOTAL FOR MONTH:   0.39    1 = FOG OR MIST
DPTR FM NORMAL: -12.1   DPTR FM NORMAL:   -1.22    2 = FOG REDUCING VISIBILITY
HIGHEST:    52 ON  8    GRTST 24HR  0.36 ON 31- 1      TO 1/4 MILE OR LESS
LOWEST:     -6 ON 20                               3 = THUNDER
                        SNOW, ICE PELLETS, HAIL    4 = ICE PELLETS
                        TOTAL MONTH:    M          5 = HAIL
                        GRTST 24HR    M  ON   M    6 = FREEZING RAIN OR DRIZZLE
                        GRTST DEPTH:  M  ON   M    7 = DUSTSTORM OR SANDSTORM:
                                                       VSBY 1/2 MILE OR LESS
                                                   8 = SMOKE OR HAZE
[NO. OF DAYS WITH]      [WEATHER - DAYS WITH]      9 = BLOWING SNOW
                                                   X = TORNADO
MAX 32 OR BELOW:  18    0.01 INCH OR MORE:   3
MAX 90 OR ABOVE:   0    0.10 INCH OR MORE:   1
MIN 32 OR BELOW:  26    0.50 INCH OR MORE:   0
MIN  0 OR BELOW:   5    1.00 INCH OR MORE:   0

[HDD (BASE 65) ]
TOTAL THIS MO.  1213    CLEAR  (SCALE 0-3)   7
DPTR FM NORMAL   310    PTCLDY (SCALE 4-7)  14
TOTAL FM JUL 1  4966    CLOUDY (SCALE 8-10)  5
DPTR FM NORMAL   695

[CDD (BASE 65) ]
TOTAL THIS MO.     0
DPTR FM NORMAL     0    [PRESSURE DATA]
TOTAL FM JAN 1     0    HIGHEST SLP  0.00 ON  3
DPTR FM NORMAL     0    LOWEST  SLP 29.57 ON  1

[REMARKS]
