132
CXUS53 KIND 260730
CF6LAF
PRELIMINARY LOCAL CLIMATOLOGICAL DATA (WS FORM: F-6)

                                          STATION:   LAFAYETTE IN
                                          MONTH:     JULY
                                          YEAR:      2016
                                          LATITUDE:   40 25 N
                                          LONGITUDE:  86 56 W

  TEMPERATURE IN F:       :PCPN:    SNOW:  WIND      :SUNSHINE: SKY     :PK WND
================================================================================
1   2   3   4   5  6A  6B    7    8   9   10  11  12  13   14  15   16   17  18
                                     12Z  AVG MX 2MIN
DY MAX MIN AVG DEP HDD CDD  WTR  SNW DPTH SPD SPD DIR MIN PSBL S-S WX    SPD DR
================================================================================

 1  75  55  65  -9   0   0 0.09    M    M  7.8 20  20   M    M   3 13     24  20
 2  68  50  59 -16   6   0 0.00    M    M  4.1 10  50   M    M   2        12  50
 3  64  58  61 -14   4   0 0.42    M    M  7.9 17  70   M    M   7 1      22  70
 4  74  62  68  -7   0   3 0.00    M    M  4.0 10  60   M    M  10 12     14 100
 5  84  65  75   0   0  10 0.00    M    M  2.5  9 250   M    M   7 12     17 250
 6  83  67  75   0   0  10 0.52    M    M  3.7 22  70   M    M   3 13     30  60
 7  83  65  74  -1   0   9 0.00    M    M  5.1 16 180   M    M   6 12     22 200
 8  87  65  76   1   0  11 0.00    M    M  6.9 21 290   M    M   2 12     27 290
 9  79  61  70  -5   0   5 0.00    M    M  7.2 16 310   M    M   2        22 310
10  82  54  68  -7   0   3 0.00    M    M  1.5  9 330   M    M   1 12     11 330
11  86  62  74  -1   0   9 0.00    M    M  4.5 13 190   M    M   2        16 190
12  88  67  78   3   0  13 0.20    M    M  6.2 26 270   M    M   1 13     35 270
13  83  67  75   0   0  10 0.41    M    M  4.7 31 210   M    M   5 1238   41 190
14  86  66  76   1   0  11 0.00    M    M  6.4 14 250   M    M   1        18 250
15  81  63  72  -3   0   7 0.00    M    M  7.2 20 280   M    M   1 1      26 280
16  78  61  70  -5   0   5 0.00    M    M  3.0 12 360   M    M   1        16  10
17  83  60  72  -3   0   7 0.20    M    M  6.1 22 310   M    M   2 13     28 310
18  80  68  74  -1   0   9 2.16    M    M  5.3 29  20   M    M   4 123    36  20
19  87  67  77   2   0  12 0.00    M    M  2.8  9 310   M    M   5 12     11 310
20  85  69  77   3   0  12 0.00    M    M  2.3  9 230   M    M   2 1      13 290
21  90  71  81   7   0  16 0.00    M    M  3.7 13 230   M    M   2 13     17 240
22  87  72  80   6   0  15 0.07    M    M  5.0 18 340   M    M   1 138    25 340
23  89  69  79   5   0  14 0.00    M    M  2.3  9 260   M    M   4 12     12 280
24  91  69  80   6   0  15 0.09    M    M  6.7 24 290   M    M   2 13     34 310
25  86  68  77   3   0  12 0.22    M    M  5.1 14 330   M    M   2 13     17 220
================================================================================
SM 2059 1601        10 218  4.38    M    122.0          M       78
================================================================================
AV 82.4 64.0                               4.9 FASTST   M    M   3    MAX(MPH)
                                 MISC ---->  # 31 210               # 41  190
================================================================================
NOTES:
# LAST OF SEVERAL OCCURRENCES

COLUMN 17 PEAK WIND IN M.P.H.

PRELIMINARY LOCAL CLIMATOLOGICAL DATA (WS FORM: F-6) , PAGE 2

                                          STATION:  LAFAYETTE IN
                                          MONTH:    JULY
                                          YEAR:     2016
                                          LATITUDE:   40 25 N
                                          LONGITUDE:  86 56 W

[TEMPERATURE DATA]      [PRECIPITATION DATA]       SYMBOLS USED IN COLUMN 16

AVERAGE MONTHLY: 73.2   TOTAL FOR MONTH:   4.38    1 = FOG OR MIST
DPTR FM NORMAL:  -1.5   DPTR FM NORMAL:    1.05    2 = FOG REDUCING VISIBILITY
HIGHEST:    91 ON 24    GRTST 24HR  2.36 ON 17-18      TO 1/4 MILE OR LESS
LOWEST:     50 ON  2                               3 = THUNDER
                        SNOW, ICE PELLETS, HAIL    4 = ICE PELLETS
                        TOTAL MONTH:    M          5 = HAIL
                        GRTST 24HR    M  ON   M    6 = FREEZING RAIN OR DRIZZLE
                        GRTST DEPTH:  M  ON   M    7 = DUSTSTORM OR SANDSTORM:
                                                       VSBY 1/2 MILE OR LESS
                                                   8 = SMOKE OR HAZE
[NO. OF DAYS WITH]      [WEATHER - DAYS WITH]      9 = BLOWING SNOW
                                                   X = TORNADO
MAX 32 OR BELOW:   0    0.01 INCH OR MORE:  10
MAX 90 OR ABOVE:   2    0.10 INCH OR MORE:   7
MIN 32 OR BELOW:   0    0.50 INCH OR MORE:   2
MIN  0 OR BELOW:   0    1.00 INCH OR MORE:   1

[HDD (BASE 65) ]
TOTAL THIS MO.    10    CLEAR  (SCALE 0-3)  16
DPTR FM NORMAL    10    PTCLDY (SCALE 4-7)   8
TOTAL FM JUL 1    10    CLOUDY (SCALE 8-10)  1
DPTR FM NORMAL    10

[CDD (BASE 65) ]
TOTAL THIS MO.   218
DPTR FM NORMAL   -27    [PRESSURE DATA]
TOTAL FM JAN 1   519    HIGHEST SLP M ON M
DPTR FM NORMAL   -20    LOWEST  SLP 29.78 ON  7

[REMARKS]
