000
CXUS55 KTBW 171000
CF6LAL
PRELIMINARY LOCAL CLIMATOLOGICAL DATA (WS FORM: F-6)

                                          STATION:   Lakeland Linder
                                          MONTH:     JANUARY
                                          YEAR:      2017
                                          LATITUDE:   28  0 N
                                          LONGITUDE:  82  3 W

  TEMPERATURE IN F:       :PCPN:    SNOW:  WIND      :SUNSHINE: SKY     :PK WND
================================================================================
1   2   3   4   5  6A  6B    7    8   9   10  11  12  13   14  15   16   17  18
                                     12Z  AVG MX 2MIN
DY MAX MIN AVG DEP HDD CDD  WTR  SNW DPTH SPD SPD DIR MIN PSBL S-S WX    SPD DR
================================================================================

 1  83  55  69   8   0   4 0.00  0.0    0  4.4 12 160   M    M   5 1       M  M
 2  86  65  76  15   0  11 0.00  0.0    0  5.9 14 170   M    M   5 1      18 160
 3  86  68  77  16   0  12 0.00  0.0    0  8.7 16 220   M    M   7 1      21 220
 4  83  66  75  15   0  10 0.24  0.0    0  6.6 15 290   M    M   5 1      20 290
 5  76  54  65   5   0   0 0.00  0.0    0  2.5 10 260   M    M   3 1       M  M
 6  76  57  67   7   0   2 0.00  0.0    0  3.7 12 190   M    M   2 1      16 180
 7  81  41  61   1   4   0 1.00  0.0    0 11.8 17 210   M    M   8 13     25 210
 8  53  33  43 -17  22   0 0.00  0.0    0 11.1 16  20   M    M   1        23 350
 9  66  37  52  -8  13   0 0.00  0.0    0  7.6 14  50   M    M   1        16  50
10  70  47  59  -1   6   0 0.00  0.0    0  5.0 12 110   M    M   4         M  M
11  76  53  65   5   0   0 0.00  0.0    0  5.2 12  90   M    M   3 1       M  M
12  79  53  66   6   0   1 0.00  0.0    0  5.9 12  30   M    M   1 1       M  M
13  76  60  68   8   0   3 0.06  0.0    0  5.7 12  70   M    M   7 1       M  M
14  79  62  71  11   0   6 0.25  0.0    0  7.3 12  90   M    M   6 1       M  M
15  78  59  69   9   0   4 0.00  0.0    0  4.2 10 100   M    M   8         M  M
16  80  60  70  10   0   5 0.00  0.0    0  5.1  8 100   M    M   5        20  80
================================================================================
SM 1228  870        45  58  1.55     0.0 100.7          M       71
================================================================================
AV 76.8 54.4                               6.3 FASTST   M    M   4    MAX(MPH)
                                 MISC ---->    17   M                 25    M
================================================================================
NOTES:
# LAST OF SEVERAL OCCURRENCES

COLUMN 17 PEAK WIND IN M.P.H.

PRELIMINARY LOCAL CLIMATOLOGICAL DATA (WS FORM: F-6) , PAGE 2

                                          STATION:  Lakeland Linder
                                          MONTH:    JANUARY
                                          YEAR:     2017
                                          LATITUDE:   28  0 N
                                          LONGITUDE:  82  3 W

[TEMPERATURE DATA]      [PRECIPITATION DATA]       SYMBOLS USED IN COLUMN 16

AVERAGE MONTHLY: 65.6   TOTAL FOR MONTH:   1.55    1 = FOG OR MIST
DPTR FM NORMAL:   5.4   DPTR FM NORMAL:    0.19    2 = FOG REDUCING VISIBILITY
HIGHEST:    86 ON  3, 2 GRTST 24HR  1.00 ON  7- 7      TO 1/4 MILE OR LESS
LOWEST:     33 ON  8                               3 = THUNDER
                        SNOW, ICE PELLETS, HAIL    4 = ICE PELLETS
                        TOTAL MONTH:   0.0 INCH    5 = HAIL
                        GRTST 24HR     0.0         6 = FREEZING RAIN OR DRIZZLE
                        GRTST DEPTH:   0           7 = DUSTSTORM OR SANDSTORM:
                                                       VSBY 1/2 MILE OR LESS
                                                   8 = SMOKE OR HAZE
[NO. OF DAYS WITH]      [WEATHER - DAYS WITH]      9 = BLOWING SNOW
                                                   X = TORNADO
MAX 32 OR BELOW:   0    0.01 INCH OR MORE:   4
MAX 90 OR ABOVE:   0    0.10 INCH OR MORE:   3
MIN 32 OR BELOW:   0    0.50 INCH OR MORE:   1
MIN  0 OR BELOW:   0    1.00 INCH OR MORE:   1

[HDD (BASE 65) ]
TOTAL THIS MO.    45    CLEAR  (SCALE 0-3)   5
DPTR FM NORMAL   -51    PTCLDY (SCALE 4-7)  11
TOTAL FM JUL 1    90    CLOUDY (SCALE 8-10)  0
DPTR FM NORMAL  -172

[CDD (BASE 65) ]
TOTAL THIS MO.    58
DPTR FM NORMAL    33    [PRESSURE DATA]
TOTAL FM JAN 1    58    HIGHEST SLP M ON M
DPTR FM NORMAL    33    LOWEST  SLP M ON M

[REMARKS]
