000
CXUS55 KTBW 291000
CF6LAL
PRELIMINARY LOCAL CLIMATOLOGICAL DATA (WS FORM: F-6)

                                          STATION:   Lakeland Linder
                                          MONTH:     AUGUST
                                          YEAR:      2014
                                          LATITUDE:   28  0 N
                                          LONGITUDE:  82  3 W

  TEMPERATURE IN F:       :PCPN:    SNOW:  WIND      :SUNSHINE: SKY     :PK WND
================================================================================
1   2   3   4   5  6A  6B    7    8   9   10  11  12  13   14  15   16   17  18
                                     12Z  AVG MX 2MIN
DY MAX MIN AVG DEP HDD CDD  WTR  SNW DPTH SPD SPD DIR MIN PSBL S-S WX    SPD DR
================================================================================

 1  92  74  83  -1   0  18 0.00  0.0    0  2.1  7 120   M    M   4         M  M
 2  94  75  85   1   0  20 0.00  0.0    0  2.2 16 360   M    M   4 3      23 360
 3  95  75  85   1   0  20 0.03  0.0    0  4.3 12 360   M    M   4        17 360
 4  94  77  86   2   0  21 0.02  0.0    0  2.8  9 190   M    M   5         M  M
 5  91  76  84   0   0  19 0.00  0.0    0  2.2  8 310   M    M   5 3       M  M
 6  93  75  84   0   0  19    T  0.0    0  1.6 10 150   M    M   3         M  M
 7  94  75  85   1   0  20 0.05  0.0    0  2.8 12 120   M    M   4         M  M
 8  93  72  83  -1   0  18 0.03  0.0    0  2.5 15 310   M    M   4         M  M
 9  93  72  83  -1   0  18 0.10  0.0    0  3.1  9 250   M    M   3         M  M
10  95  73  84   0   0  19 0.00  0.0    0  4.7 21 340   M    M   3 3      30 340
11  89  74  82  -2   0  17 0.46  0.0    0  5.2 13 250   M    M   4 3      23 250
12  92  71  82  -2   0  17 1.16  0.0    0  6.0 35 280   M    M   4 13     52 280
13  93  74  84   0   0  19 0.00  0.0    0  4.6 14 260   M    M   4        20 260
14  92  75  84   0   0  19 0.05  0.0    0  2.2  8 220   M    M   3 3       M  M
15  85  73  79  -5   0  14 0.04  0.0    0  2.6 10 280   M    M   4 3       M  M
16  90  71  81  -3   0  16 1.50  0.0    0  2.6  9 190   M    M   4 38      M  M
17  93  73  83  -1   0  18 0.23  0.0    0  1.9  8 250   M    M   4         M  M
18  93  75  84   0   0  19 0.00  0.0    0  3.1 10 320   M    M   3        15 330
19  93  74  84   0   0  19 0.00  0.0    0  3.8 12 270   M    M   2         M  M
20  95  74  85   1   0  20 0.00  0.0    0  3.8  9 300   M    M   3         M  M
21  96  77  87   3   0  22 0.00  0.0    0  2.4  9  30   M    M   3         M  M
22  95  73  84   0   0  19 0.13  0.0    0  1.1  7 230   M    M   3         M  M
23  96  74  85   1   0  20 0.31  0.0    0  2.2 17  30   M    M   3        25  80
24  97  75  86   2   0  21 0.00  0.0    0  3.6 12  30   M    M   3 3      17  30
25  97  76  87   3   0  22 0.00  0.0    0 11.5 23  70   M    M   5 8      28  70
26  91  74  83  -1   0  18 0.00  0.0    0  8.8 18  60   M    M   3        25  60
27  93  73  83  -1   0  18 0.00  0.0    0  6.0 12  50   M    M   5         M  M
28  95  75  85   1   0  20 0.00  0.0    0  4.1 10 110   M    M   4        16 110
================================================================================
SM 2609 2075         0 530  4.11     0.0 103.8          M      103
================================================================================
AV 93.2 74.1                               3.7 FASTST   M    M   4    MAX(MPH)
                                 MISC ---->  # 35 280                 52    M
================================================================================
NOTES:
# LAST OF SEVERAL OCCURRENCES

COLUMN 17 PEAK WIND IN M.P.H.

PRELIMINARY LOCAL CLIMATOLOGICAL DATA (WS FORM: F-6) , PAGE 2

                                          STATION:  Lakeland Linder
                                          MONTH:    AUGUST
                                          YEAR:     2014
                                          LATITUDE:   28  0 N
                                          LONGITUDE:  82  3 W

[TEMPERATURE DATA]      [PRECIPITATION DATA]       SYMBOLS USED IN COLUMN 16

AVERAGE MONTHLY: 83.6   TOTAL FOR MONTH:   4.11    1 = FOG OR MIST
DPTR FM NORMAL:  -0.4   DPTR FM NORMAL:   -2.69    2 = FOG REDUCING VISIBILITY
HIGHEST:    97 ON 25,24 GRTST 24HR  1.50 ON 16-16      TO 1/4 MILE OR LESS
LOWEST:     71 ON 16,12                            3 = THUNDER
                        SNOW, ICE PELLETS, HAIL    4 = ICE PELLETS
                        TOTAL MONTH:   0.0 INCH    5 = HAIL
                        GRTST 24HR     0.0         6 = FREEZING RAIN OR DRIZZLE
                        GRTST DEPTH:   0           7 = DUSTSTORM OR SANDSTORM:
                                                       VSBY 1/2 MILE OR LESS
                                                   8 = SMOKE OR HAZE
[NO. OF DAYS WITH]      [WEATHER - DAYS WITH]      9 = BLOWING SNOW
                                                   X = TORNADO
MAX 32 OR BELOW:   0    0.01 INCH OR MORE:  13
MAX 90 OR ABOVE:  26    0.10 INCH OR MORE:   7
MIN 32 OR BELOW:   0    0.50 INCH OR MORE:   2
MIN  0 OR BELOW:   0    1.00 INCH OR MORE:   2

[HDD (BASE 65) ]
TOTAL THIS MO.     0    CLEAR  (SCALE 0-3)   9
DPTR FM NORMAL     0    PTCLDY (SCALE 4-7)  19
TOTAL FM JUL 1     0    CLOUDY (SCALE 8-10)  0
DPTR FM NORMAL     0

[CDD (BASE 65) ]
TOTAL THIS MO.   530
DPTR FM NORMAL    -2    [PRESSURE DATA]
TOTAL FM JAN 1  2437    HIGHEST SLP M ON M
DPTR FM NORMAL  -131    LOWEST  SLP M ON M

[REMARKS]
