000
CXUS55 KTBW 251000
CF6LAL
PRELIMINARY LOCAL CLIMATOLOGICAL DATA (WS FORM: F-6)

                                          STATION:   Lakeland Linder
                                          MONTH:     NOVEMBER
                                          YEAR:      2014
                                          LATITUDE:   28  0 N
                                          LONGITUDE:  82  3 W

  TEMPERATURE IN F:       :PCPN:    SNOW:  WIND      :SUNSHINE: SKY     :PK WND
================================================================================
1   2   3   4   5  6A  6B    7    8   9   10  11  12  13   14  15   16   17  18
                                     12Z  AVG MX 2MIN
DY MAX MIN AVG DEP HDD CDD  WTR  SNW DPTH SPD SPD DIR MIN PSBL S-S WX    SPD DR
================================================================================

 1  74  55  65  -8   0   0 0.00  0.0    0  8.4 27 300   M    M   3        37 300
 2  66  41  54 -18  11   0 0.00  0.0    0  6.5 12  10   M    M   0         M  M
 3  73  43  58 -14   7   0 0.00  0.0    0  5.6 13  70   M    M   1        17  70
 4  80  51  66  -6   0   1 0.00  0.0    0  6.8 15  80   M    M   2        23  80
 5  82  61  72   0   0   7 0.00  0.0    0  6.0 12  80   M    M   4         M  M
 6  83  62  73   2   0   8 0.00  0.0    0  2.4 10 310   M    M   5 1       M  M
 7  77  55  66  -5   0   1 0.00  0.0    0  3.6 10  30   M    M   3 1      17 250
 8  76  51  64  -7   1   0 0.00  0.0    0  4.5  8 360   M    M   5         M  M
 9  77  51  64  -7   1   0 0.52  0.0    0  5.3  9 350   M    M   8         M  M
10  77  55  66  -4   0   1 0.00  0.0    0  5.9  9  30   M    M   5         M  M
11  75  53  64  -6   1   0 0.00  0.0    0  6.6 14 310   M    M   2        17 300
12  76  51  64  -6   1   0 0.00  0.0    0  4.4 12 350   M    M   3         M  M
13  78  51  65  -5   0   0 0.00  0.0    0  2.0  7 330   M    M   1         M  M
14  77  59  68  -2   0   3 0.00  0.0    0  6.3 10 320   M    M   6 1       M  M
15  75  46  61  -8   4   0 0.00  0.0    0  4.7 13  40   M    M   1         M  M
16  82  56  69   0   0   4 0.00  0.0    0  5.2 12 180   M    M   5 12      M  M
17  83  65  74   5   0   9 0.95  0.0    0  7.4 21 210   M    M   7 1      29 200
18  68  48  58 -11   7   0 0.55  0.0    0  9.7 17  20   M    M   7 1      22  10
19  60  37  49 -19  16   0 0.00  0.0    0  9.1 14  10   M    M   3        20  20
20  64  42  53 -15  12   0 0.00  0.0    0  7.1 13  20   M    M   4         M  M
21  73  52  63  -5   2   0 0.00  0.0    0 10.9 21  50   M    M   6        27  50
22  73  63  68   0   0   3 0.03  0.0    0 12.9 20  80   M    M  10        28  80
23  84  70  77   9   0  12 0.00  0.0    0 10.8 20 180   M    M   9        29 180
24  86  63  75   8   0  10 0.00  0.0    0  7.2 14 210   M    M   6 1      21 210
================================================================================
SM 1819 1281        63  59  2.05     0.0 159.3          M      106
================================================================================
AV 75.8 53.4                               6.6 FASTST   M    M   4    MAX(MPH)
                                 MISC ---->  # 27 300                 37    M
================================================================================
NOTES:
# LAST OF SEVERAL OCCURRENCES

COLUMN 17 PEAK WIND IN M.P.H.

PRELIMINARY LOCAL CLIMATOLOGICAL DATA (WS FORM: F-6) , PAGE 2

                                          STATION:  Lakeland Linder
                                          MONTH:    NOVEMBER
                                          YEAR:     2014
                                          LATITUDE:   28  0 N
                                          LONGITUDE:  82  3 W

[TEMPERATURE DATA]      [PRECIPITATION DATA]       SYMBOLS USED IN COLUMN 16

AVERAGE MONTHLY: 64.6   TOTAL FOR MONTH:   2.05    1 = FOG OR MIST
DPTR FM NORMAL:  -5.3   DPTR FM NORMAL:    0.69    2 = FOG REDUCING VISIBILITY
HIGHEST:    86 ON 24    GRTST 24HR  0.95 ON 17-17      TO 1/4 MILE OR LESS
LOWEST:     37 ON 19                               3 = THUNDER
                        SNOW, ICE PELLETS, HAIL    4 = ICE PELLETS
                        TOTAL MONTH:   0.0 INCH    5 = HAIL
                        GRTST 24HR     0.0         6 = FREEZING RAIN OR DRIZZLE
                        GRTST DEPTH:   0           7 = DUSTSTORM OR SANDSTORM:
                                                       VSBY 1/2 MILE OR LESS
                                                   8 = SMOKE OR HAZE
[NO. OF DAYS WITH]      [WEATHER - DAYS WITH]      9 = BLOWING SNOW
                                                   X = TORNADO
MAX 32 OR BELOW:   0    0.01 INCH OR MORE:   4
MAX 90 OR ABOVE:   0    0.10 INCH OR MORE:   3
MIN 32 OR BELOW:   0    0.50 INCH OR MORE:   3
MIN  0 OR BELOW:   0    1.00 INCH OR MORE:   0

[HDD (BASE 65) ]
TOTAL THIS MO.    63    CLEAR  (SCALE 0-3)   9
DPTR FM NORMAL    37    PTCLDY (SCALE 4-7)  12
TOTAL FM JUL 1    63    CLOUDY (SCALE 8-10)  3
DPTR FM NORMAL    33

[CDD (BASE 65) ]
TOTAL THIS MO.    59
DPTR FM NORMAL   -84    [PRESSURE DATA]
TOTAL FM JAN 1  3299    HIGHEST SLP M ON M
DPTR FM NORMAL  -319    LOWEST  SLP M ON M

[REMARKS]
