000
CXUS55 KVEF 300940
CF6LAS
PRELIMINARY LOCAL CLIMATOLOGICAL DATA (WS FORM: F-6)

                                          STATION:   LAS VEGAS NV
                                          MONTH:     AUGUST
                                          YEAR:      2014
                                          LATITUDE:   36  4 N
                                          LONGITUDE: 115 10 W

  TEMPERATURE IN F:       :PCPN:    SNOW:  WIND      :SUNSHINE: SKY     :PK WND
================================================================================
1   2   3   4   5  6A  6B    7    8   9   10  11  12  13   14  15   16   17  18
                                     12Z  AVG MX 2MIN
DY MAX MIN AVG DEP HDD CDD  WTR  SNW DPTH SPD SPD DIR MIN PSBL S-S WX    SPD DR
================================================================================

 1 107  87  97   5   0  32 0.00  0.0    0  8.3 21 190   M    M   4        26 210
 2  98  83  91  -1   0  26 0.00  0.0    0 10.8 22 170   M    M   8        36 180
 3  86  69  78 -14   0  13 0.28  0.0    0  5.6 16 180   M    M   9 13     19 180
 4  84  69  77 -15   0  12 0.07  0.0    0  5.4 24 260   M    M   7 3      27 250
 5  98  74  86  -6   0  21 0.00  0.0    0  7.3 18 200   M    M   2        24 200
 6 101  77  89  -3   0  24 0.00  0.0    0  7.6 18 190   M    M   1        23 190
 7 101  76  89  -3   0  24 0.00  0.0    0  7.4 20 190   M    M   2        25 190
 8 102  78  90  -2   0  25 0.00  0.0    0  8.1 21 190   M    M   1        27 170
 9 103  80  92   0   0  27 0.00  0.0    0  9.0 18 160   M    M   1        20 190
10 100  84  92   0   0  27 0.00  0.0    0  6.3 14  90   M    M   5        19  80
11  99  82  91  -1   0  26    T  0.0    0 11.5 31 230   M    M   7 3      41 330
12  96  79  88  -3   0  23 0.00  0.0    0  7.2 22 180   M    M   7        29 180
13  96  77  87  -4   0  22 0.00  0.0    0  9.8 21 170   M    M   7 3      27 170
14 101  82  92   1   0  27 0.00  0.0    0 13.8 24 210   M    M   2        29 220
15 102  80  91   0   0  26 0.00  0.0    0 12.9 22 190   M    M   0        29 200
16 104  77  91   0   0  26 0.00  0.0    0  7.5 20 210   M    M   0        25 200
17 107  79  93   2   0  28 0.00  0.0    0 10.0 22 180   M    M   0        30 180
18  99  83  91   0   0  26 0.00  0.0    0 13.8 26 180   M    M   5 3      34 170
19  92  77  85  -5   0  20 0.00  0.0    0  9.5 20  90   M    M   5 3      25 190
20  96  74  85  -5   0  20    T  0.0    0  8.6 23 160   M    M   5 3      33 160
21  92  73  83  -7   0  18 0.00  0.0    0 10.3 28 190   M    M   5        36 190
22  95  70  83  -7   0  18 0.00  0.0    0 11.5 25 190   M    M   1        31 190
23  96  77  87  -3   0  22 0.00  0.0    0 11.8 21 190   M    M   1        27 180
24 100  75  88  -2   0  23 0.00  0.0    0  9.2 22 190   M    M   1        28 200
25  98  78  88  -1   0  23 0.00  0.0    0 15.2 29 190   M    M   4        37 190
26  96  78  87  -2   0  22 0.00  0.0    0 13.5 24 230   M    M   5        33 230
27  96  75  86  -3   0  21 0.00  0.0    0  4.6 12 210   M    M   1        15 180
28 102  76  89   0   0  24 0.00  0.0    0  6.6 15 200   M    M   0        19 190
29 105  78  92   4   0  27 0.00  0.0    0  7.3 16 190   M    M   2        20 180
================================================================================
SM 2852 2247         0 673  0.35     0.0 270.4          M       98
================================================================================
AV 98.3 77.5                               9.3 FASTST   M    M   3    MAX(MPH)
                                 MISC ---->  # 31 230               # 41  330
================================================================================
NOTES:
# LAST OF SEVERAL OCCURRENCES

COLUMN 17 PEAK WIND IN M.P.H.

PRELIMINARY LOCAL CLIMATOLOGICAL DATA (WS FORM: F-6) , PAGE 2

                                          STATION:  LAS VEGAS NV
                                          MONTH:    AUGUST
                                          YEAR:     2014
                                          LATITUDE:   36  4 N
                                          LONGITUDE: 115 10 W

[TEMPERATURE DATA]      [PRECIPITATION DATA]       SYMBOLS USED IN COLUMN 16

AVERAGE MONTHLY: 87.9   TOTAL FOR MONTH:   0.35    1 = FOG OR MIST
DPTR FM NORMAL:  -2.9   DPTR FM NORMAL:    0.04    2 = FOG REDUCING VISIBILITY
HIGHEST:   107 ON 17, 1 GRTST 24HR  0.35 ON  3- 4      TO 1/4 MILE OR LESS
LOWEST:     69 ON  3, 4                            3 = THUNDER
                        SNOW, ICE PELLETS, HAIL    4 = ICE PELLETS
                        TOTAL MONTH:   0.0 INCH    5 = HAIL
                        GRTST 24HR     0.0         6 = FREEZING RAIN OR DRIZZLE
                        GRTST DEPTH:   0           7 = DUSTSTORM OR SANDSTORM:
                                                       VSBY 1/2 MILE OR LESS
                                                   8 = SMOKE OR HAZE
[NO. OF DAYS WITH]      [WEATHER - DAYS WITH]      9 = BLOWING SNOW
                                                   X = TORNADO
MAX 32 OR BELOW:   0    0.01 INCH OR MORE:   2
MAX 90 OR ABOVE:  27    0.10 INCH OR MORE:   1
MIN 32 OR BELOW:   0    0.50 INCH OR MORE:   0
MIN  0 OR BELOW:   0    1.00 INCH OR MORE:   0

[HDD (BASE 65) ]
TOTAL THIS MO.     0    CLEAR  (SCALE 0-3)  15
DPTR FM NORMAL     0    PTCLDY (SCALE 4-7)  12
TOTAL FM JUL 1     0    CLOUDY (SCALE 8-10)  2
DPTR FM NORMAL     0

[CDD (BASE 65) ]
TOTAL THIS MO.   673
DPTR FM NORMAL   -75    [PRESSURE DATA]
TOTAL FM JAN 1  2970    HIGHEST SLP M ON M
DPTR FM NORMAL   168    LOWEST  SLP 29.61 ON M

[REMARKS]
