000
CXUS54 KOUN 260800
CF6LAW
PRELIMINARY LOCAL CLIMATOLOGICAL DATA (WS FORM: F-6)

                                          STATION:   LAWTON MUNICIPAL
                                          MONTH:     JANUARY
                                          YEAR:      2015
                                          LATITUDE:   34 34 N
                                          LONGITUDE:  98 25 W

  TEMPERATURE IN F:       :PCPN:    SNOW:  WIND      :SUNSHINE: SKY     :PK WND
================================================================================
1   2   3   4   5  6A  6B    7    8   9   10  11  12  13   14  15   16   17  18
                                     12Z  AVG MX 2MIN
DY MAX MIN AVG DEP HDD CDD  WTR  SNW DPTH SPD SPD DIR MIN PSBL S-S WX    SPD DR
================================================================================

 1  31  24  28 -12  37   0 0.01    M    0  1.8  7 170   M    M  10 168     9 310
 2  35  30  33  -7  32   0 0.45    M    0  4.2 16  40   M    M  10 16     19  40
 3  44  33  39  -1  26   0 0.01    M    0  5.8 18  60   M    M   9 1      22  50
 4  39  19  29 -11  36   0 0.00  0.0    0 12.7 31 340   M    M   1        43 340
 5  44  17  31  -9  34   0 0.00  0.0    0  8.2 23 170   M    M   0        28 180
 6  49  26  38  -2  27   0 0.00  0.0    0 11.6 24  30   M    M   0        29  40
 7  33  17  25 -15  40   0 0.00  0.0    0 19.4 38  20   M    M   1        48  20
 8  40  13  27 -13  38   0 0.00  0.0    0  8.7 24 190   M    M   0        33 180
 9  37  23  30 -10  35   0 0.00  0.0    0 12.9 25  20   M    M   0        30  20
10  40  22  31  -9  34   0 0.00  0.0    0  8.8 18 180   M    M   8        24 200
11  41  30  36  -4  29   0 0.00  0.0    0  8.4 16 160   M    M  10 1      19 160
12  39  30  35  -5  30   0 0.00  0.0    0 16.3 28 360   M    M  10 18     32 360
13  37  24  31  -9  34   0 0.00  0.0    0  9.6 21  30   M    M   8        26  30
14  40  32  36  -4  29   0 0.00  0.0    0  2.4  8  10   M    M  10         9  30
15  59  26  43   2  22   0 0.00  0.0    0  2.9 12 310   M    M   3        20 310
16  63  21  42   1  23   0 0.00  0.0    0  5.1 17 190   M    M   0        20 190
17  69  24  47   6  18   0 0.00  0.0    0  9.4 35 350   M    M   0        44 350
18  72  24  48   7  17   0 0.00  0.0    0  8.0 23 210   M    M   0        34 210
19  74  28  51  10  14   0 0.00  0.0    0  3.2 12  20   M    M   0        16  20
20  66  32  49   8  16   0 0.00  0.0    0 13.2 29  60   M    M   0        36  50
21  57  32  45   4  20   0 0.03  0.0    0 10.3 23  30   M    M   4 1      29  20
22  43  35  39  -2  26   0 0.22    M    0 14.5 25  40   M    M  10 1      32  40
23  50  32  41  -1  24   0 0.00  0.0    0  7.6 16 280   M    M   4        22 290
24  62  30  46   4  19   0 0.00  0.0    0  6.5 13 200   M    M   0        18 230
25  63  32  48   6  17   0 0.00  0.0    0 11.9 31 340   M    M   0        40 340
================================================================================
SM 1227  656       677   0  0.72     0.0 223.4          M       98
================================================================================
AV 49.1 26.2                               8.9 FASTST   M    M   4    MAX(MPH)
                                 MISC ---->  # 38  20               # 48   20
================================================================================
NOTES:
# LAST OF SEVERAL OCCURRENCES

COLUMN 17 PEAK WIND IN M.P.H.

PRELIMINARY LOCAL CLIMATOLOGICAL DATA (WS FORM: F-6) , PAGE 2

                                          STATION:  LAWTON MUNICIPAL
                                          MONTH:    JANUARY
                                          YEAR:     2015
                                          LATITUDE:   34 34 N
                                          LONGITUDE:  98 25 W

[TEMPERATURE DATA]      [PRECIPITATION DATA]       SYMBOLS USED IN COLUMN 16

AVERAGE MONTHLY: 37.7   TOTAL FOR MONTH:   0.72    1 = FOG OR MIST
DPTR FM NORMAL:  -2.9   DPTR FM NORMAL:   -0.16    2 = FOG REDUCING VISIBILITY
HIGHEST:    74 ON 19    GRTST 24HR  0.46 ON  2- 3      TO 1/4 MILE OR LESS
LOWEST:     13 ON  8                               3 = THUNDER
                        SNOW, ICE PELLETS, HAIL    4 = ICE PELLETS
                        TOTAL MONTH:   0.0 INCH    5 = HAIL
                        GRTST 24HR     0.0         6 = FREEZING RAIN OR DRIZZLE
                        GRTST DEPTH:   0           7 = DUSTSTORM OR SANDSTORM:
                                                       VSBY 1/2 MILE OR LESS
                                                   8 = SMOKE OR HAZE
[NO. OF DAYS WITH]      [WEATHER - DAYS WITH]      9 = BLOWING SNOW
                                                   X = TORNADO
MAX 32 OR BELOW:   1    0.01 INCH OR MORE:   5
MAX 90 OR ABOVE:   0    0.10 INCH OR MORE:   2
MIN 32 OR BELOW:  23    0.50 INCH OR MORE:   0
MIN  0 OR BELOW:   0    1.00 INCH OR MORE:   0

[HDD (BASE 65) ]
TOTAL THIS MO.   677    CLEAR  (SCALE 0-3)  14
DPTR FM NORMAL    66    PTCLDY (SCALE 4-7)   3
TOTAL FM JUL 1  1918    CLOUDY (SCALE 8-10)  8
DPTR FM NORMAL    -4

[CDD (BASE 65) ]
TOTAL THIS MO.     0
DPTR FM NORMAL     0    [PRESSURE DATA]
TOTAL FM JAN 1     0    HIGHEST SLP M ON M
DPTR FM NORMAL     0    LOWEST  SLP 29.79 ON  3

[REMARKS]
