000
CXUS54 KLUB 170812
CF6LBB
PRELIMINARY LOCAL CLIMATOLOGICAL DATA (WS FORM: F-6)

                                          STATION:   LUBBOCK
                                          MONTH:     DECEMBER
                                          YEAR:      2014
                                          LATITUDE:   33 39 N
                                          LONGITUDE: 101 49 W

  TEMPERATURE IN F:       :PCPN:    SNOW:  WIND      :SUNSHINE: SKY     :PK WND
================================================================================
1   2   3   4   5  6A  6B    7    8   9   10  11  12  13   14  15   16   17  18
                                     12Z  AVG MX 2MIN
DY MAX MIN AVG DEP HDD CDD  WTR  SNW DPTH SPD SPD DIR MIN PSBL S-S WX    SPD DR
================================================================================

 1  40  18  29 -15  36   0 0.00  0.0    0 12.5 26  20   M    M   3        33  20
 2  59  24  42  -1  23   0 0.00  0.0    0 10.6 20 220   M    M   9        24 210
 3  68  35  52   9  13   0 0.00  0.0    0  7.7 17  50   M    M   7        22  50
 4  54  34  44   1  21   0    T  0.0    0  7.0 16 190   M    M   9 128    21 190
 5  68  39  54  12  11   0 0.00  0.0    0 12.5 23 340   M    M   5 1      29 350
 6  63  34  49   7  16   0 0.00  0.0    0  7.2 15 140   M    M   7        21 160
 7  59  41  50   8  15   0    T  0.0    0  8.2 16 230   M    M   6 1      23 250
 8  66  32  49   7  16   0 0.00    M    0  7.9 14 260   M    M   7 12     17 260
 9  65  35  50   9  15   0 0.00  0.0    0  5.8 14 180   M    M   8 18     17 210
10  59  45  52  11  13   0 0.00  0.0    0  6.1 14 220   M    M   9 18     16 230
11  60  42  51  10  14   0 0.00  0.0    0  6.9 14 240   M    M   7 18     16 240
12  63  45  54  13  11   0    T  0.0    0  8.9 15 230   M    M   7 18     17 230
13  66  48  57  16   8   0 0.00  0.0    0 14.3 30 170   M    M   8 128    37 160
14  62  45  54  14  11   0 0.01  0.0    0 23.0 37 270   M    M   4        45 250
15  56  32  44   4  21   0 0.00  0.0    0  9.1 16 290   M    M   1        22 280
16  53  27  40   0  25   0 0.00  0.0    0  9.5 18 150   M    M   7        22 150
================================================================================
SM  961  576       269   0  0.01     0.0 157.2          M      104
================================================================================
AV 60.1 36.0                               9.8 FASTST   M    M   7    MAX(MPH)
                                 MISC ---->  # 37 270               # 45  250
================================================================================
NOTES:
# LAST OF SEVERAL OCCURRENCES

COLUMN 17 PEAK WIND IN M.P.H.

PRELIMINARY LOCAL CLIMATOLOGICAL DATA (WS FORM: F-6) , PAGE 2

                                          STATION:  LUBBOCK
                                          MONTH:    DECEMBER
                                          YEAR:     2014
                                          LATITUDE:   33 39 N
                                          LONGITUDE: 101 49 W

[TEMPERATURE DATA]      [PRECIPITATION DATA]       SYMBOLS USED IN COLUMN 16

AVERAGE MONTHLY: 48.0   TOTAL FOR MONTH:   0.01    1 = FOG OR MIST
DPTR FM NORMAL:   6.4   DPTR FM NORMAL:   -0.40    2 = FOG REDUCING VISIBILITY
HIGHEST:    68 ON  5, 3 GRTST 24HR  0.01 ON 14-14      TO 1/4 MILE OR LESS
LOWEST:     18 ON  1                               3 = THUNDER
                        SNOW, ICE PELLETS, HAIL    4 = ICE PELLETS
                        TOTAL MONTH:   0.0 INCH    5 = HAIL
                        GRTST 24HR     0.0         6 = FREEZING RAIN OR DRIZZLE
                        GRTST DEPTH:   0           7 = DUSTSTORM OR SANDSTORM:
                                                       VSBY 1/2 MILE OR LESS
                                                   8 = SMOKE OR HAZE
[NO. OF DAYS WITH]      [WEATHER - DAYS WITH]      9 = BLOWING SNOW
                                                   X = TORNADO
MAX 32 OR BELOW:   0    0.01 INCH OR MORE:   1
MAX 90 OR ABOVE:   0    0.10 INCH OR MORE:   0
MIN 32 OR BELOW:   5    0.50 INCH OR MORE:   0
MIN  0 OR BELOW:   0    1.00 INCH OR MORE:   0

[HDD (BASE 65) ]
TOTAL THIS MO.   269    CLEAR  (SCALE 0-3)   2
DPTR FM NORMAL  -106    PTCLDY (SCALE 4-7)  11
TOTAL FM JUL 1   944    CLOUDY (SCALE 8-10)  3
DPTR FM NORMAL   -73

[CDD (BASE 65) ]
TOTAL THIS MO.     0
DPTR FM NORMAL     0    [PRESSURE DATA]
TOTAL FM JAN 1  1917    HIGHEST SLP M ON M
DPTR FM NORMAL   113    LOWEST  SLP 29.62 ON 14

[REMARKS]
