000
CXUS54 KLUB 230958
CF6LBB
PRELIMINARY LOCAL CLIMATOLOGICAL DATA (WS FORM: F-6)

                                          STATION:   LUBBOCK
                                          MONTH:     JANUARY
                                          YEAR:      2015
                                          LATITUDE:   33 39 N
                                          LONGITUDE: 101 49 W

  TEMPERATURE IN F:       :PCPN:    SNOW:  WIND      :SUNSHINE: SKY     :PK WND
================================================================================
1   2   3   4   5  6A  6B    7    8   9   10  11  12  13   14  15   16   17  18
                                     12Z  AVG MX 2MIN
DY MAX MIN AVG DEP HDD CDD  WTR  SNW DPTH SPD SPD DIR MIN PSBL S-S WX    SPD DR
================================================================================

 1  26  19  23 -16  42   0    T    T    0  5.0 13 320   M    M  10 16     15 300
 2  31  26  29 -10  36   0 0.46  0.1    T  7.2 23  70   M    M  10 146    30  60
 3  40  20  30  -9  35   0 0.02  0.5    1 10.9 21 310   M    M   5 12     26 280
 4  35  17  26 -14  39   0 0.00    T    0  9.6 25  20   M    M   2        32  10
 5  56  22  39  -1  26   0 0.00  0.0    0 13.1 24 230   M    M   2        30 230
 6  53  30  42   2  23   0 0.00  0.0    0  8.6 21  60   M    M   1        26  40
 7  33  22  28 -12  37   0 0.00  0.0    0 13.4 35  30   M    M   6        43  40
 8  50  20  35  -5  30   0 0.00  0.0    0 12.3 26 240   M    M   6        32 240
 9  35  26  31  -9  34   0 0.00  0.0    0 12.5 29  50   M    M   9        37  40
10  38  26  32  -8  33   0 0.00  0.0    0 12.8 22 190   M    M   8        27 190
11  66  28  47   7  18   0 0.00  0.0    0 11.2 25 280   M    M   3 1      32 280
12  38  26  32  -8  33   0 0.01  0.2    0 14.4 28  40   M    M   9 126    33  50
13  34  24  29 -11  36   0    T    T    0  6.6 14  50   M    M  10        17  50
14  39  30  35  -5  30   0    T    T    0  2.4  9 360   M    M  10 68     10 360
15  59  24  42   2  23   0 0.00  0.0    0  8.1 16 320   M    M   1 1      20 330
16  63  22  43   3  22   0 0.00  0.0    0 12.2 24 220   M    M   2        29 210
17  65  29  47   7  18   0 0.00  0.0    0 15.0 37  20   M    M   1        45  20
18  71  26  49   9  16   0 0.00  0.0    0 12.5 30 240   M    M   2        38 240
19  73  30  52  12  13   0 0.00  0.0    0  6.9 14 340   M    M   2        17 340
20  61  37  49   9  16   0 0.00  0.0    0 12.7 23  40   M    M   5        29  40
21  51  31  41   1  24   0 0.44  1.3    1 12.5 21  50   M    M   9 1      26  50
22  33  28  31 -10  34   0 0.10  2.1    2 16.6 26  50   M    M  10 19     35  50
================================================================================
SM 1050  563       618   0  1.03     4.2 236.5          M      123
================================================================================
AV 47.7 25.6                              10.8 FASTST   M    M   6    MAX(MPH)
                                 MISC ---->  # 37  20               # 45   20
================================================================================
NOTES:
# LAST OF SEVERAL OCCURRENCES

COLUMN 17 PEAK WIND IN M.P.H.

PRELIMINARY LOCAL CLIMATOLOGICAL DATA (WS FORM: F-6) , PAGE 2

                                          STATION:  LUBBOCK
                                          MONTH:    JANUARY
                                          YEAR:     2015
                                          LATITUDE:   33 39 N
                                          LONGITUDE: 101 49 W

[TEMPERATURE DATA]      [PRECIPITATION DATA]       SYMBOLS USED IN COLUMN 16

AVERAGE MONTHLY: 36.7   TOTAL FOR MONTH:   1.03    1 = FOG OR MIST
DPTR FM NORMAL:  -3.2   DPTR FM NORMAL:    0.61    2 = FOG REDUCING VISIBILITY
HIGHEST:    73 ON 19    GRTST 24HR  0.53 ON 21-22      TO 1/4 MILE OR LESS
LOWEST:     17 ON  4                               3 = THUNDER
                        SNOW, ICE PELLETS, HAIL    4 = ICE PELLETS
                        TOTAL MONTH:   4.2 INCHES  5 = HAIL
                        GRTST 24HR   2.1 ON   M    6 = FREEZING RAIN OR DRIZZLE
                        GRTST DEPTH:   2 ON 22     7 = DUSTSTORM OR SANDSTORM:
                                                       VSBY 1/2 MILE OR LESS
                                                   8 = SMOKE OR HAZE
[NO. OF DAYS WITH]      [WEATHER - DAYS WITH]      9 = BLOWING SNOW
                                                   X = TORNADO
MAX 32 OR BELOW:   2    0.01 INCH OR MORE:   5
MAX 90 OR ABOVE:   0    0.10 INCH OR MORE:   3
MIN 32 OR BELOW:  21    0.50 INCH OR MORE:   0
MIN  0 OR BELOW:   0    1.00 INCH OR MORE:   0

[HDD (BASE 65) ]
TOTAL THIS MO.   618    CLEAR  (SCALE 0-3)   9
DPTR FM NORMAL    66    PTCLDY (SCALE 4-7)   5
TOTAL FM JUL 1  1952    CLOUDY (SCALE 8-10)  8
DPTR FM NORMAL     2

[CDD (BASE 65) ]
TOTAL THIS MO.     0
DPTR FM NORMAL     0    [PRESSURE DATA]
TOTAL FM JAN 1     0    HIGHEST SLP M ON M
DPTR FM NORMAL     0    LOWEST  SLP 29.78 ON  3

[REMARKS]
