000
CXUS54 KLUB 210755
CF6LBB
PRELIMINARY LOCAL CLIMATOLOGICAL DATA (WS FORM: F-6)

                                          STATION:   LUBBOCK
                                          MONTH:     OCTOBER
                                          YEAR:      2017
                                          LATITUDE:   33 39 N
                                          LONGITUDE: 101 49 W

  TEMPERATURE IN F:       :PCPN:    SNOW:  WIND      :SUNSHINE: SKY     :PK WND
================================================================================
1   2   3   4   5  6A  6B    7    8   9   10  11  12  13   14  15   16   17  18
                                     12Z  AVG MX 2MIN
DY MAX MIN AVG DEP HDD CDD  WTR  SNW DPTH SPD SPD DIR MIN PSBL S-S WX    SPD DR
================================================================================

 1  73  62  68   2   0   3 0.00  0.0    0 14.3 23 200   M    M   8 18     28 190
 2  84  66  75   9   0  10 0.00  0.0    0 18.3 28 160   M    M   4 18     33 170
 3  74  67  71   5   0   6    T  0.0    0 11.3 21 180   M    M   9 18     29 180
 4  78  68  73   8   0   8 0.07  0.0    0  9.9 22 180   M    M   9 1      28 180
 5  79  69  74   9   0   9    T  0.0    0 11.3 22 180   M    M   9 18     26 170
 6  86  64  75  10   0  10 0.35  0.0    0 12.8 25 270   M    M   5 138    34 270
 7  77  50  64   0   1   0 0.00  0.0    0  8.2 26  10   M    M   0 8      35  30
 8  87  52  70   6   0   5 0.00  0.0    0  9.8 18 220   M    M   0        23 220
 9  68  45  57  -7   8   0 0.00  0.0    0 18.2 30 360   M    M   3        39  10
10  63  40  52 -12  13   0 0.00  0.0    0 11.1 25 360   M    M   3        34  10
11  74  43  59  -4   6   0 0.00  0.0    0  8.9 21 180   M    M   4 18     26 170
12  85  56  71   8   0   6 0.00  0.0    0 10.9 23 110   M    M   1        27 270
13  89  59  74  11   0   9 0.00  0.0    0 10.9 18 190   M    M   1 18     25 180
14  91  57  74  12   0   9 0.00  0.0    0 13.7 39  20   M    M   3 178    49  20
15  70  45  58  -4   7   0 0.00  0.0    0 11.7 32  20   M    M   2        43  20
16  71  37  54  -8  11   0 0.00  0.0    0  7.3 14 210   M    M   0 8      17 190
17  82  41  62   1   3   0 0.00  0.0    0 11.3 20 210   M    M   1        25 190
18  84  49  67   6   0   2 0.00  0.0    0  9.9 17 190   M    M   5        21 190
19  78  50  64   3   1   0 0.00  0.0    0 10.3 21 170   M    M   7        25 150
20  81  58  70  10   0   5    T  0.0    0 15.7 26 170   M    M   4        34 170
================================================================================
SM 1574 1078        50  82  0.42     0.0 235.8          M       78
================================================================================
AV 78.7 53.9                              11.8 FASTST   M    M   4    MAX(MPH)
                                 MISC ---->  # 39  20               # 49   20
================================================================================
NOTES:
# LAST OF SEVERAL OCCURRENCES

COLUMN 17 PEAK WIND IN M.P.H.

PRELIMINARY LOCAL CLIMATOLOGICAL DATA (WS FORM: F-6) , PAGE 2

                                          STATION:  LUBBOCK
                                          MONTH:    OCTOBER
                                          YEAR:     2017
                                          LATITUDE:   33 39 N
                                          LONGITUDE: 101 49 W

[TEMPERATURE DATA]      [PRECIPITATION DATA]       SYMBOLS USED IN COLUMN 16

AVERAGE MONTHLY: 66.3   TOTAL FOR MONTH:   0.42    1 = FOG OR MIST
DPTR FM NORMAL:   3.0   DPTR FM NORMAL:   -0.93    2 = FOG REDUCING VISIBILITY
HIGHEST:    91 ON 14    GRTST 24HR  0.35 ON  6- 6      TO 1/4 MILE OR LESS
LOWEST:     37 ON 16                               3 = THUNDER
                        SNOW, ICE PELLETS, HAIL    4 = ICE PELLETS
                        TOTAL MONTH:   0.0 INCH    5 = HAIL
                        GRTST 24HR     0.0         6 = FREEZING RAIN OR DRIZZLE
                        GRTST DEPTH:   0           7 = DUSTSTORM OR SANDSTORM:
                                                       VSBY 1/2 MILE OR LESS
                                                   8 = SMOKE OR HAZE
[NO. OF DAYS WITH]      [WEATHER - DAYS WITH]      9 = BLOWING SNOW
                                                   X = TORNADO
MAX 32 OR BELOW:   0    0.01 INCH OR MORE:   2
MAX 90 OR ABOVE:   1    0.10 INCH OR MORE:   1
MIN 32 OR BELOW:   0    0.50 INCH OR MORE:   0
MIN  0 OR BELOW:   0    1.00 INCH OR MORE:   0

[HDD (BASE 65) ]
TOTAL THIS MO.    50    CLEAR  (SCALE 0-3)  10
DPTR FM NORMAL   -28    PTCLDY (SCALE 4-7)   7
TOTAL FM JUL 1    75    CLOUDY (SCALE 8-10)  3
DPTR FM NORMAL   -26

[CDD (BASE 65) ]
TOTAL THIS MO.    82
DPTR FM NORMAL    37    [PRESSURE DATA]
TOTAL FM JAN 1  1977    HIGHEST SLP M ON M
DPTR FM NORMAL   183    LOWEST  SLP 29.50 ON  8

[REMARKS]
