000
CXUS54 KHGX 251415
CF6LBX
PRELIMINARY LOCAL CLIMATOLOGICAL DATA (WS FORM: F-6)

                                          STATION:   ANGLETON/LAKE_JACKS
                                          MONTH:     OCTOBER
                                          YEAR:      2014
                                          LATITUDE:   29  6 N
                                          LONGITUDE:  95 28 W

  TEMPERATURE IN F:       :PCPN:    SNOW:  WIND      :SUNSHINE: SKY     :PK WND
================================================================================
1   2   3   4   5  6A  6B    7    8   9   10  11  12  13   14  15   16   17  18
                                     12Z  AVG MX 2MIN
DY MAX MIN AVG DEP HDD CDD  WTR  SNW DPTH SPD SPD DIR MIN PSBL S-S WX    SPD DR
================================================================================

 1  89  73  81   6   0  16 0.00  0.0    0  6.2 16 160   M    M   2 18     20 170
 2  89  77  83   9   0  18 0.00  0.0    0 11.8 21 190   M    M   3 1      28 180
 3  83  60  72  -2   0   7 0.86  0.0    0  6.0 24  20   M    M   1 13     28  20
 4  75  52  64 -10   1   0 0.00  0.0    0  6.1 17  40   M    M   0        22  30
 5  84  52  68  -6   0   3 0.00  0.0    0  5.4 17 170   M    M   2        23 180
 6  84  66  75   2   0  10 0.78  0.0    0  4.4 26  50   M    M   2 13     39  50
 7  88  64  76   3   0  11 0.00  0.0    0  4.1 13 160   M    M   3 1      17 180
 8  88  68  78   5   0  13 0.00  0.0    0  6.2 16 140   M    M   2 1      21 130
 9  87  66  77   4   0  12 0.03  0.0    0  6.0 16 180   M    M   1 1      22 160
10  88  74  81   9   0  16 0.00  0.0    0 11.2 23 180   M    M   2        28 180
11  84  66  75   3   0  10 1.19  0.0    0  4.1 20  10   M    M   4 13     27 190
12  86  65  76   4   0  11 0.00  0.0    0 10.2 23 180   M    M   4        27 170
13  86  59  73   1   0   8 0.60  0.0    0 11.2 30 200   M    M   4 13     40 190
14  76  52  64  -7   1   0 0.00  0.0    0  4.4 17 340   M    M   0        26 340
15  82  49  66  -5   0   1 0.00  0.0    0  2.1  9 180   M    M   0        12 280
16  84  56  70  -1   0   5 0.00  0.0    0  4.1 17 180   M    M   0        24 170
17  84  58  71   0   0   6 0.00  0.0    0  4.2 16 180   M    M   2 1      20 180
18  84  62  73   3   0   8 0.00  0.0    0  4.2 14  70   M    M   3        18  60
19  79  61  70   0   0   5 0.00  0.0    0  7.1 14  80   M    M   3 1      19  40
20  82  61  72   2   0   7 0.00  0.0    0  6.0 14  60   M    M   2 1      19  70
21  81  57  69  -1   0   4 0.00  0.0    0  6.6 14  80   M    M   0 1      19  80
22  81  58  70   1   0   5 0.00  0.0    0  5.8 14  80   M    M   1 1      19  70
23  79  55  67  -2   0   2 0.00  0.0    0  4.9 13  10   M    M   0 1      15  10
24  81  54  68  -1   0   3 0.00  0.0    0  4.0 12  40   M    M   0 1      16  30
================================================================================
SM 2004 1465         2 181  3.46     0.0 146.3          M       41
================================================================================
AV 83.5 61.0                               6.1 FASTST   M    M   2    MAX(MPH)
                                 MISC ---->  # 30 200               # 40  190
================================================================================
NOTES:
# LAST OF SEVERAL OCCURRENCES

COLUMN 17 PEAK WIND IN M.P.H.

PRELIMINARY LOCAL CLIMATOLOGICAL DATA (WS FORM: F-6) , PAGE 2

                                          STATION:  ANGLETON/LAKE_JACKS
                                          MONTH:    OCTOBER
                                          YEAR:     2014
                                          LATITUDE:   29  6 N
                                          LONGITUDE:  95 28 W

[TEMPERATURE DATA]      [PRECIPITATION DATA]       SYMBOLS USED IN COLUMN 16

AVERAGE MONTHLY: 72.3   TOTAL FOR MONTH:   3.46    1 = FOG OR MIST
DPTR FM NORMAL:   0.5   DPTR FM NORMAL:   -0.73    2 = FOG REDUCING VISIBILITY
HIGHEST:    89 ON  2, 1 GRTST 24HR  1.19 ON 11-11      TO 1/4 MILE OR LESS
LOWEST:     49 ON 15                               3 = THUNDER
                        SNOW, ICE PELLETS, HAIL    4 = ICE PELLETS
                        TOTAL MONTH:   0.0 INCH    5 = HAIL
                        GRTST 24HR     0.0         6 = FREEZING RAIN OR DRIZZLE
                        GRTST DEPTH:   0           7 = DUSTSTORM OR SANDSTORM:
                                                       VSBY 1/2 MILE OR LESS
                                                   8 = SMOKE OR HAZE
[NO. OF DAYS WITH]      [WEATHER - DAYS WITH]      9 = BLOWING SNOW
                                                   X = TORNADO
MAX 32 OR BELOW:   0    0.01 INCH OR MORE:   5
MAX 90 OR ABOVE:   0    0.10 INCH OR MORE:   4
MIN 32 OR BELOW:   0    0.50 INCH OR MORE:   4
MIN  0 OR BELOW:   0    1.00 INCH OR MORE:   1

[HDD (BASE 65) ]
TOTAL THIS MO.     2    CLEAR  (SCALE 0-3)  20
DPTR FM NORMAL   -12    PTCLDY (SCALE 4-7)   4
TOTAL FM JUL 1     2    CLOUDY (SCALE 8-10)  0
DPTR FM NORMAL   -13

[CDD (BASE 65) ]
TOTAL THIS MO.   181
DPTR FM NORMAL     3    [PRESSURE DATA]
TOTAL FM JAN 1  2672    HIGHEST SLP M ON M
DPTR FM NORMAL   -47    LOWEST  SLP 29.67 ON 13

[REMARKS]
