000
CXUS54 KHGX 261415
CF6LBX
PRELIMINARY LOCAL CLIMATOLOGICAL DATA (WS FORM: F-6)

                                          STATION:   ANGLETON/LAKE_JACKS
                                          MONTH:     NOVEMBER
                                          YEAR:      2014
                                          LATITUDE:   29  6 N
                                          LONGITUDE:  95 28 W

  TEMPERATURE IN F:       :PCPN:    SNOW:  WIND      :SUNSHINE: SKY     :PK WND
================================================================================
1   2   3   4   5  6A  6B    7    8   9   10  11  12  13   14  15   16   17  18
                                     12Z  AVG MX 2MIN
DY MAX MIN AVG DEP HDD CDD  WTR  SNW DPTH SPD SPD DIR MIN PSBL S-S WX    SPD DR
================================================================================

 1  65  40  53 -13  12   0 0.00  0.0    0  7.1 17  60   M    M   0        23  30
 2  74  40  57  -9   8   0 0.00  0.0    0  7.9 16 130   M    M   2        22 140
 3  82  60  71   5   0   6 0.00  0.0    0  9.8 22 170   M    M   6        30 150
 4  80  70  75   9   0  10 0.21  0.0    0 11.4 23 180   M    M   5 1      30 170
 5  80  67  74   9   0   9 0.08  0.0    0  9.3 21 170   M    M   6 1      24 180
 6  67  58  63  -2   2   0 0.38  0.0    0  9.6 18  20   M    M   8 1      23  30
 7  65  51  58  -7   7   0 0.00  0.0    0  6.4 15  40   M    M   0        19  40
 8  72  52  62  -2   3   0    T  0.0    0  3.1  9 340   M    M   5        13 330
 9  72  43  58  -6   7   0 0.00  0.0    0  3.8 14 170   M    M   0        15 170
10  78  44  61  -3   4   0 0.00    M    0  9.9 25 180   M    M   1 1      34 210
11  76  51  64   0   1   0 0.25  0.0    0  8.2 20  10   M    M   6 1      25 330
12  53  43  48 -15  17   0 0.11    M    0 12.7 18  10   M    M  10 1      26 350
13  45  35  40 -23  25   0 0.47  0.0    0 11.3 21 360   M    M  10 1      27 340
14  47  37  42 -21  23   0 0.00  0.0    0  7.6 20 360   M    M  10        23  10
15  61  44  53  -9  12   0 0.37  0.0    0  9.1 16  60   M    M  10 18     22  70
16  62  43  53  -9  12   0 0.45    M    0  7.1 24 340   M    M  10 1      34 350
17  50  31  41 -21  24   0 0.00  0.0    0 13.5 28 350   M    M   4        39 360
18  53  30  42 -20  23   0 0.00  0.0    0  5.1 18  40   M    M   0        24  40
19  69  32  51 -10  14   0 0.00    M    0  6.1 18 170   M    M   2 1      23 160
20  73  47  60  -1   5   0 0.11  0.0    0  7.1 21 150   M    M   8 1      27 140
21  70  62  66   5   0   1 0.53  0.0    0  6.6 17 160   M    M   9 1      23 160
22  73  61  67   7   0   2 1.54  0.0    0 10.0 28 150   M    M   7 13     37 160
23  78  58  68   8   0   3 0.09  0.0    0  7.0 21  60   M    M   0 3      22  60
24  65  44  55  -5  10   0 0.00  0.0    0  9.9 24  10   M    M   1        31  10
25  65  41  53  -7  12   0 0.00  0.0    0  5.5 14  30   M    M   0        20 230
================================================================================
SM 1675 1184       221  31  4.59     0.0 205.1          M      120
================================================================================
AV 67.0 47.4                               8.2 FASTST   M    M   5    MAX(MPH)
                                 MISC ---->  # 28 350               # 39  360
================================================================================
NOTES:
# LAST OF SEVERAL OCCURRENCES

COLUMN 17 PEAK WIND IN M.P.H.

PRELIMINARY LOCAL CLIMATOLOGICAL DATA (WS FORM: F-6) , PAGE 2

                                          STATION:  ANGLETON/LAKE_JACKS
                                          MONTH:    NOVEMBER
                                          YEAR:     2014
                                          LATITUDE:   29  6 N
                                          LONGITUDE:  95 28 W

[TEMPERATURE DATA]      [PRECIPITATION DATA]       SYMBOLS USED IN COLUMN 16

AVERAGE MONTHLY: 57.2   TOTAL FOR MONTH:   4.59    1 = FOG OR MIST
DPTR FM NORMAL:  -5.8   DPTR FM NORMAL:    0.88    2 = FOG REDUCING VISIBILITY
HIGHEST:    82 ON  3    GRTST 24HR  1.63 ON 22-23      TO 1/4 MILE OR LESS
LOWEST:     30 ON 18                               3 = THUNDER
                        SNOW, ICE PELLETS, HAIL    4 = ICE PELLETS
                        TOTAL MONTH:   0.0 INCH    5 = HAIL
                        GRTST 24HR     0.0         6 = FREEZING RAIN OR DRIZZLE
                        GRTST DEPTH:   0           7 = DUSTSTORM OR SANDSTORM:
                                                       VSBY 1/2 MILE OR LESS
                                                   8 = SMOKE OR HAZE
[NO. OF DAYS WITH]      [WEATHER - DAYS WITH]      9 = BLOWING SNOW
                                                   X = TORNADO
MAX 32 OR BELOW:   0    0.01 INCH OR MORE:  12
MAX 90 OR ABOVE:   0    0.10 INCH OR MORE:  10
MIN 32 OR BELOW:   3    0.50 INCH OR MORE:   2
MIN  0 OR BELOW:   0    1.00 INCH OR MORE:   1

[HDD (BASE 65) ]
TOTAL THIS MO.   221    CLEAR  (SCALE 0-3)  10
DPTR FM NORMAL   112    PTCLDY (SCALE 4-7)   9
TOTAL FM JUL 1   224    CLOUDY (SCALE 8-10)  6
DPTR FM NORMAL    85

[CDD (BASE 65) ]
TOTAL THIS MO.    31
DPTR FM NORMAL   -28    [PRESSURE DATA]
TOTAL FM JAN 1  2734    HIGHEST SLP M ON M
DPTR FM NORMAL   -75    LOWEST  SLP 29.47 ON 23

[REMARKS]
