276
CXUS54 KLCH 280854
CF6LCH
PRELIMINARY LOCAL CLIMATOLOGICAL DATA (WS FORM: F-6)

                                          STATION:   LAKE CHARLES
                                          MONTH:     MAY
                                          YEAR:      2017
                                          LATITUDE:   30  7 N
                                          LONGITUDE:  93 13 W

  TEMPERATURE IN F:       :PCPN:    SNOW:  WIND      :SUNSHINE: SKY     :PK WND
================================================================================
1   2   3   4   5  6A  6B    7    8   9   10  11  12  13   14  15   16   17  18
                                     12Z  AVG MX 2MIN
DY MAX MIN AVG DEP HDD CDD  WTR  SNW DPTH SPD SPD DIR MIN PSBL S-S WX    SPD DR
================================================================================

 1  81  51  66  -6   0   1    T  0.0    0  4.0 14 180   M    M   0        19 180
 2  86  55  71  -1   0   6    T  0.0    0  6.4 18 140   M    M   M        22 160
 3  73  63  68  -4   0   3 5.49  0.0    0 11.9 29 130   M    M  10 13     47 290
 4  71  56  64  -9   1   0 0.00  0.0    0 13.6 26 310   M    M   M        37 340
 5  78  55  67  -6   0   2 0.00  0.0    0  8.7 21 310   M    M   0        27 320
 6  80  52  66  -7   0   1 0.00  0.0    0  3.0 13 230   M    M   0        17 220
 7  80  57  69  -5   0   4 0.00  0.0    0  3.5 10 210   M    M   1 1      14 210
 8  82  59  71  -3   0   6 0.00  0.0    0  5.6 16 150   M    M   1        21 140
 9  84  63  74   0   0   9 0.00  0.0    0  6.6 16 130   M    M   1 1      20 130
10  82  64  73  -1   0   8 0.00  0.0    0  6.9 17 150   M    M   5        23 150
11  83  68  76   2   0  11 0.00  0.0    0  7.1 16 160   M    M   4 1      22 140
12  85  69  77   2   0  12 0.18  0.0    0  9.9 22 320   M    M   5 13     28 320
13  83  64  74  -1   0   9 0.00  0.0    0  8.6 15  20   M    M   4        19  20
14  86  59  73  -2   0   8 0.00  0.0    0  2.7 13  60   M    M   1 1      15  70
15  85  63  74  -2   0   9 0.00  0.0    0  4.4 14 120   M    M   1 1      19 210
16  85  64  75  -1   0  10 0.00  0.0    0  9.2 23 150   M    M   1 1      27 150
17  85  73  79   3   0  14 0.00  0.0    0 11.9 20 150   M    M   6        28 150
18  88  75  82   6   0  17 0.00  0.0    0 13.1 24 130   M    M   5        29 140
19  88  76  82   6   0  17 0.00  0.0    0 12.2 24 150   M    M   5 1      30 150
20  89  76  83   6   0  18 0.00  0.0    0  7.7 15 150   M    M   5 1      21 150
21  84  69  77   0   0  12 1.37  0.0    0  6.7 20 340   M    M   7 13     24 340
22  77  71  74  -3   0   9 2.39  0.0    0  7.6 22 320   M    M   8 123    27 310
23  82  67  75  -2   0  10 0.05  0.0    0  7.8 15 310   M    M   7 13     21 310
24  80  60  70  -8   0   5    T  0.0    0 11.1 29 310   M    M   2        38 320
25  83  59  71  -7   0   6 0.00  0.0    0  7.6 16 220   M    M   0        24 220
26  86  73  80   2   0  15 0.00  0.0    0  9.9 16 180   M    M   6        24 180
27  87  79  83   5   0  18    T  0.0    0  9.4 15 200   M    M   8 1      23 200
================================================================================
SM 2233 1740         1 240  9.48     0.0 217.1          M       93
================================================================================
AV 82.7 64.4                               8.0 FASTST   M    M   4    MAX(MPH)
                                 MISC ---->  # 29 130               # 47  290
================================================================================
NOTES:
# LAST OF SEVERAL OCCURRENCES

COLUMN 17 PEAK WIND IN M.P.H.

PRELIMINARY LOCAL CLIMATOLOGICAL DATA (WS FORM: F-6) , PAGE 2

                                          STATION:  LAKE CHARLES
                                          MONTH:    MAY
                                          YEAR:     2017
                                          LATITUDE:   30  7 N
                                          LONGITUDE:  93 13 W

[TEMPERATURE DATA]      [PRECIPITATION DATA]       SYMBOLS USED IN COLUMN 16

AVERAGE MONTHLY: 73.6   TOTAL FOR MONTH:   9.48    1 = FOG OR MIST
DPTR FM NORMAL:  -1.6   DPTR FM NORMAL:    5.05    2 = FOG REDUCING VISIBILITY
HIGHEST:    89 ON 20    GRTST 24HR  5.49 ON  3- 3      TO 1/4 MILE OR LESS
LOWEST:     51 ON  1                               3 = THUNDER
                        SNOW, ICE PELLETS, HAIL    4 = ICE PELLETS
                        TOTAL MONTH:   0.0 INCH    5 = HAIL
                        GRTST 24HR     0.0         6 = FREEZING RAIN OR DRIZZLE
                        GRTST DEPTH:   0           7 = DUSTSTORM OR SANDSTORM:
                                                       VSBY 1/2 MILE OR LESS
                                                   8 = SMOKE OR HAZE
[NO. OF DAYS WITH]      [WEATHER - DAYS WITH]      9 = BLOWING SNOW
                                                   X = TORNADO
MAX 32 OR BELOW:   0    0.01 INCH OR MORE:   5
MAX 90 OR ABOVE:   0    0.10 INCH OR MORE:   4
MIN 32 OR BELOW:   0    0.50 INCH OR MORE:   3
MIN  0 OR BELOW:   0    1.00 INCH OR MORE:   3

[HDD (BASE 65) ]
TOTAL THIS MO.     1    CLEAR  (SCALE 0-3)  11
DPTR FM NORMAL     1    PTCLDY (SCALE 4-7)  13
TOTAL FM JUL 1   743    CLOUDY (SCALE 8-10)  1
DPTR FM NORMAL  -746

[CDD (BASE 65) ]
TOTAL THIS MO.   240
DPTR FM NORMAL   -36    [PRESSURE DATA]
TOTAL FM JAN 1   655    HIGHEST SLP M ON M
DPTR FM NORMAL   171    LOWEST  SLP 29.74 ON M

[REMARKS]
