919
CXUS55 KBOU 310757
CF6LIC
PRELIMINARY LOCAL CLIMATOLOGICAL DATA (WS FORM: F-6)

                                          STATION:   LIMON CO
                                          MONTH:     AUGUST
                                          YEAR:      2016
                                          LATITUDE:   39 10 N
                                          LONGITUDE: 103 42 W

  TEMPERATURE IN F:       :PCPN:    SNOW:  WIND      :SUNSHINE: SKY     :PK WND
================================================================================
1   2   3   4   5  6A  6B    7    8   9   10  11  12  13   14  15   16   17  18
                                     12Z  AVG MX 2MIN
DY MAX MIN AVG DEP HDD CDD  WTR  SNW DPTH SPD SPD DIR MIN PSBL S-S WX    SPD DR
================================================================================

 1  94  55  75   M   0  10    T    M    M  8.8 22 350   M    M   0        29 340
 2  92  53  73   M   0   8    T    M    M 10.4 28  10   M    M   0 3      33  20
 3  92  54  73   M   0   8    T    M    M  8.6 31  40   M    M   0 3      38  50
 4  79  59  69   M   0   4    T    M    M 13.7 28 350   M    M   2        39 360
 5  79  58  69   M   0   4 0.00    M    M 10.6 24 110   M    M   7        28 110
 6  82  58  70   M   0   5 0.01    M    M  8.7 20 140   M    M   7 3      26 130
 7  85  55  70   M   0   5 0.05    M    M  9.0 24 150   M    M   4 123    29 150
 8  87  57  72   M   0   7 0.00    M    M  8.7 18 160   M    M   4 3      25 220
 9  93  49  71   M   0   6 0.00    M    M  8.9 22 150   M    M   1        36 120
10  96  54  75   M   0  10    T    M    M  6.1 21 230   M    M   2 1      27 290
11  90  57  74   M   0   9 0.15    M    M  9.9 31 350   M    M   1 13     41 350
12  82  53  68   M   0   3 0.00    M    M  7.5 18 360   M    M   0        22 330
13  88  46  67   M   0   2 0.02    M    M  9.6 23 360   M    M   2 3      28 130
14  85  55  70   M   0   5 0.17    M    M  9.1 24  30   M    M   1 13     34  10
15  91  44  68   M   0   3 0.04    M    M  8.8 30 350   M    M   0 38     37 350
16  88  50  69   M   0   4    T    M    M  7.7 20 180   M    M   1 3      24  50
17  87  47  67   M   0   2 0.00    M    M  7.8 29 180   M    M   0 3      40 180
18  90  47  69   M   0   4    T    M    M  9.7 32 320   M    M   3 3      47 310
19  81  48  65   M   0   0 0.02    M    M 14.9 46 330   M    M   6 13     54 350
20  76  43  60   M   5   0 0.00    M    M  5.5 15 110   M    M   3        21  60
21  86  42  64   M   1   0 0.00    M    M  6.6 16 170   M    M   0        23 200
22  86  43  65   M   0   0 0.00    M    M  6.6 18 140   M    M   0        25 150
23  90  49  70   M   0   5 0.00    M    M  9.6 23 340   M    M   0        29 340
24  77  42  60   M   5   0    T    M    M  7.9 21  70   M    M   6        27  80
25  76  36  56   M   9   0    T    M    M  6.7 28 280   M    M   2        37 300
26  74  46  60   M   5   0    T    M    M  8.5 21  40   M    M   5 13     26  40
27  81  42  62   M   3   0 0.19    M    M  7.5 25 120   M    M   1 13     34 240
28  87  48  68   M   0   3 0.16    M    M  7.1 20  10   M    M   3 13     34 150
29  75  52  64   M   1   0 0.00    M    M  7.4 17 130   M    M   1 3      22 110
30  79  47  63   M   2   0    T    M    M  5.0 23 120   M    M   3        31 120
================================================================================
SM 2548 1489        31 107  0.81    M    256.9          M       65
================================================================================
AV 84.9 49.6                               8.6 FASTST   M    M   2    MAX(MPH)
                                 MISC ---->  # 46 330               # 54  350
================================================================================
NOTES:
# LAST OF SEVERAL OCCURRENCES

COLUMN 17 PEAK WIND IN M.P.H.

PRELIMINARY LOCAL CLIMATOLOGICAL DATA (WS FORM: F-6) , PAGE 2

                                          STATION:  LIMON CO
                                          MONTH:    AUGUST
                                          YEAR:     2016
                                          LATITUDE:   39 10 N
                                          LONGITUDE: 103 42 W

[TEMPERATURE DATA]      [PRECIPITATION DATA]       SYMBOLS USED IN COLUMN 16

AVERAGE MONTHLY: 67.3   TOTAL FOR MONTH:   0.81    1 = FOG OR MIST
DPTR FM NORMAL:     M   DPTR FM NORMAL:       M    2 = FOG REDUCING VISIBILITY
HIGHEST:    96 ON 10    GRTST 24HR  0.19 ON 27-27      TO 1/4 MILE OR LESS
LOWEST:     36 ON 25                               3 = THUNDER
                        SNOW, ICE PELLETS, HAIL    4 = ICE PELLETS
                        TOTAL MONTH:    M          5 = HAIL
                        GRTST 24HR    M  ON   M    6 = FREEZING RAIN OR DRIZZLE
                        GRTST DEPTH:  M  ON   M    7 = DUSTSTORM OR SANDSTORM:
                                                       VSBY 1/2 MILE OR LESS
                                                   8 = SMOKE OR HAZE
[NO. OF DAYS WITH]      [WEATHER - DAYS WITH]      9 = BLOWING SNOW
                                                   X = TORNADO
MAX 32 OR BELOW:   0    0.01 INCH OR MORE:   9
MAX 90 OR ABOVE:   9    0.10 INCH OR MORE:   4
MIN 32 OR BELOW:   0    0.50 INCH OR MORE:   0
MIN  0 OR BELOW:   0    1.00 INCH OR MORE:   0

[HDD (BASE 65) ]
TOTAL THIS MO.    31    CLEAR  (SCALE 0-3)  22
DPTR FM NORMAL     M    PTCLDY (SCALE 4-7)   8
TOTAL FM JUL 1    31    CLOUDY (SCALE 8-10)  0
DPTR FM NORMAL     M

[CDD (BASE 65) ]
TOTAL THIS MO.   107
DPTR FM NORMAL     M    [PRESSURE DATA]
TOTAL FM JAN 1   433    HIGHEST SLP M ON M
DPTR FM NORMAL     M    LOWEST  SLP 29.71 ON 10

[REMARKS]
