000
CXUS55 KBOU 170900
CF6LIC
PRELIMINARY LOCAL CLIMATOLOGICAL DATA (WS FORM: F-6)

                                          STATION:   LIMON CO
                                          MONTH:     DECEMBER
                                          YEAR:      2017
                                          LATITUDE:   39 10 N
                                          LONGITUDE: 103 42 W

  TEMPERATURE IN F:       :PCPN:    SNOW:  WIND      :SUNSHINE: SKY     :PK WND
================================================================================
1   2   3   4   5  6A  6B    7    8   9   10  11  12  13   14  15   16   17  18
                                     12Z  AVG MX 2MIN
DY MAX MIN AVG DEP HDD CDD  WTR  SNW DPTH SPD SPD DIR MIN PSBL S-S WX    SPD DR
================================================================================

 1  65  15  40   M  25   0 0.00    M    M  7.9 20  60   M    M   1        25  40
 2  66  17  42   M  23   0 0.00    M    M  4.3 18 200   M    M   0        24 230
 3  65  22  44   M  21   0 0.00    M    M  5.5 18 200   M    M   0        24 210
 4  45   1  23   M  42   0 0.00    M    M 19.0 44 340   M    M   0        53 340
 5  48   2  25   M  40   0 0.00    M    M  5.4 13 360   M    M   0 8      14 120
 6  36   8  22   M  43   0 0.00    M    M 16.3 33 340   M    M   1        42 320
 7  35   2  19   M  46   0    T    M    M 16.4 36 330   M    M   4        43 330
 8  51  28  40   M  25   0 0.00    M    M 24.9 45 330   M    M   2        57 350
 9  57  16  37   M  28   0 0.00    M    M 11.5 28 340   M    M   0        32 320
10  61  11  36   M  29   0 0.00    M    M  5.2 12 200   M    M   0        13 200
11  55  13  34   M  31   0 0.00    M    M  7.5 29 360   M    M   0        37  10
12  66  14  40   M  25   0 0.00    M    M  6.4 14 290   M    M   0        18 340
13  51  19  35   M  30   0 0.00    M    M 11.2 26 350   M    M   3        36 360
14  37  11  24   M  41   0    T    M    M 12.9 29 340   M    M   6 1      36 340
15  59   2  31   M  34   0 0.00    M    M  6.2 15 210   M    M   0        19 220
16  51  16  34   M  31   0 0.00    M    M 11.0 22  20   M    M   1        28  50
================================================================================
SM  848  197       514   0    T     M    171.6          M       18
================================================================================
AV 53.0 12.3                              10.7 FASTST   M    M   1    MAX(MPH)
                                 MISC ---->  # 45 330               # 57  350
================================================================================
NOTES:
# LAST OF SEVERAL OCCURRENCES

COLUMN 17 PEAK WIND IN M.P.H.

PRELIMINARY LOCAL CLIMATOLOGICAL DATA (WS FORM: F-6) , PAGE 2

                                          STATION:  LIMON CO
                                          MONTH:    DECEMBER
                                          YEAR:     2017
                                          LATITUDE:   39 10 N
                                          LONGITUDE: 103 42 W

[TEMPERATURE DATA]      [PRECIPITATION DATA]       SYMBOLS USED IN COLUMN 16

AVERAGE MONTHLY: 32.7   TOTAL FOR MONTH:      T    1 = FOG OR MIST
DPTR FM NORMAL:     M   DPTR FM NORMAL:       M    2 = FOG REDUCING VISIBILITY
HIGHEST:    66 ON 12, 2 GRTST 24HR    T  ON 14-14      TO 1/4 MILE OR LESS
LOWEST:      1 ON  4                               3 = THUNDER
                        SNOW, ICE PELLETS, HAIL    4 = ICE PELLETS
                        TOTAL MONTH:    M          5 = HAIL
                        GRTST 24HR    M  ON   M    6 = FREEZING RAIN OR DRIZZLE
                        GRTST DEPTH:  M  ON   M    7 = DUSTSTORM OR SANDSTORM:
                                                       VSBY 1/2 MILE OR LESS
                                                   8 = SMOKE OR HAZE
[NO. OF DAYS WITH]      [WEATHER - DAYS WITH]      9 = BLOWING SNOW
                                                   X = TORNADO
MAX 32 OR BELOW:   0    0.01 INCH OR MORE:   0
MAX 90 OR ABOVE:   0    0.10 INCH OR MORE:   0
MIN 32 OR BELOW:  16    0.50 INCH OR MORE:   0
MIN  0 OR BELOW:   0    1.00 INCH OR MORE:   0

[HDD (BASE 65) ]
TOTAL THIS MO.   514    CLEAR  (SCALE 0-3)  14
DPTR FM NORMAL     M    PTCLDY (SCALE 4-7)   2
TOTAL FM JUL 1  1964    CLOUDY (SCALE 8-10)  0
DPTR FM NORMAL     M

[CDD (BASE 65) ]
TOTAL THIS MO.     0
DPTR FM NORMAL     M    [PRESSURE DATA]
TOTAL FM JAN 1   411    HIGHEST SLP M ON M
DPTR FM NORMAL   268    LOWEST  SLP 29.45 ON  4

[REMARKS]
