000
CXUS54 KLZK 011130
CF6LIT
PRELIMINARY LOCAL CLIMATOLOGICAL DATA (WS FORM: F-6)

                                          STATION:   Little Rock Adams Field
                                          MONTH:     APRIL
                                          YEAR:      2016
                                          LATITUDE:   34 43 N
                                          LONGITUDE:  92 14 W

  TEMPERATURE IN F:       :PCPN:    SNOW:  WIND      :SUNSHINE: SKY     :PK WND
================================================================================
1   2   3   4   5  6A  6B    7    8   9   10  11  12  13   14  15   16   17  18
                                     12Z  AVG MX 2MIN
DY MAX MIN AVG DEP HDD CDD  WTR  SNW DPTH SPD SPD DIR MIN PSBL S-S WX    SPD DR
================================================================================

 1  61  47  54  -4  11   0 0.00  0.0    0  8.1 22 320   M    M   6        28 330
 2  69  43  56  -2   9   0 0.00  0.0    0  9.2 20 280   M    M   0        25 310
 3  77  44  61   3   4   0 0.00  0.0    0  7.0 20 210   M    M   0        33 250
 4  83  50  67   8   0   2 0.00  0.0    0  6.3 17 230   M    M   1        22 220
 5  70  53  62   3   3   0 0.00  0.0    0  9.7 20  80   M    M   2        31  90
 6  74  54  64   5   1   0    T  0.0    0 13.3 31 240   M    M   7        37 240
 7  81  49  65   5   0   0 0.00  0.0    0 11.7 25 280   M    M   2        33 320
 8  72  49  61   1   4   0 0.00  0.0    0 10.0 24 280   M    M   4        31 280
 9  67  44  56  -4   9   0 0.06  0.0    0  7.5 16  70   M    M   5        22 120
10  82  56  69   9   0   4    T  0.0    0 13.3 28 220   M    M   5        37 200
11  70  54  62   1   3   0 0.94  0.0    0  8.0 21  20   M    M   9 13     30  10
12  65  50  58  -3   7   0 0.00  0.0    0 10.4 22  50   M    M   6        27  50
13  64  49  57  -4   8   0 0.03    M    0  5.9 16  40   M    M   9        18  40
14  68  51  60  -2   5   0 0.11  0.0    0  6.8 14  80   M    M   8 1      19  90
15  66  59  63   1   2   0 0.03  0.0    0  9.3 17 100   M    M   9 1      23 120
16  68  60  64   2   1   0 0.02  0.0    0 10.4 20 120   M    M  10 1      23 130
17  78  59  69   7   0   4 0.00  0.0    0 10.2 22 130   M    M   8        26 130
18  76  63  70   7   0   5 0.06  0.0    0  5.1 14 150   M    M   9        17 130
19  64  59  62  -1   3   0 0.43  0.0    0  7.2 20 120   M    M  10 1      25 100
20  72  61  67   4   0   2 0.27  0.0    0  4.3 14 150   M    M   9 1      19 150
21  79  55  67   3   0   2    T  0.0    0  4.4 16 320   M    M   6 12     19 330
22  80  53  67   3   0   2 0.00  0.0    0  5.1 13 320   M    M   2        18 360
23  81  53  67   3   0   2 0.00  0.0    0  4.5 13 120   M    M   1        18 110
24  82  55  69   5   0   4 0.00  0.0    0  6.2 20 140   M    M   5        24 150
25  82  59  71   6   0   6 0.00  0.0    0  7.7 15 190   M    M   5        21 170
26  83  68  76  11   0  11 0.00  0.0    0  8.4 17 200   M    M   7        22 190
27  83  64  74   9   0   9 0.19  0.0    0  8.8 21 190   M    M   6 13     29 300
28  84  57  71   5   0   6 0.00  0.0    0  4.6 13 310   M    M   2        16 320
29  70  62  66   0   0   1 4.25  0.0    0  8.5 36 280   M    M   8 13     50 270
30  81  64  73   7   0   8 1.34  0.0    0  7.4 25 200   M    M   7 13     33 200
================================================================================
SM 2232 1644        70  68  7.73     0.0 239.3          M      168
================================================================================
AV 74.4 54.8                               8.0 FASTST   M    M   6    MAX(MPH)
                                 MISC ---->  # 36 280               # 50  270
================================================================================
NOTES:
# LAST OF SEVERAL OCCURRENCES

COLUMN 17 PEAK WIND IN M.P.H.

PRELIMINARY LOCAL CLIMATOLOGICAL DATA (WS FORM: F-6) , PAGE 2

                                          STATION:  Little Rock Adams Field
                                          MONTH:    APRIL
                                          YEAR:     2016
                                          LATITUDE:   34 43 N
                                          LONGITUDE:  92 14 W

[TEMPERATURE DATA]      [PRECIPITATION DATA]       SYMBOLS USED IN COLUMN 16

AVERAGE MONTHLY: 64.6   TOTAL FOR MONTH:   7.73    1 = FOG OR MIST
DPTR FM NORMAL:   2.5   DPTR FM NORMAL:    2.59    2 = FOG REDUCING VISIBILITY
HIGHEST:    84 ON 28    GRTST 24HR  5.59 ON 29-30      TO 1/4 MILE OR LESS
LOWEST:     43 ON  2                               3 = THUNDER
                        SNOW, ICE PELLETS, HAIL    4 = ICE PELLETS
                        TOTAL MONTH:   0.0 INCH    5 = HAIL
                        GRTST 24HR     0.0         6 = FREEZING RAIN OR DRIZZLE
                        GRTST DEPTH:   0           7 = DUSTSTORM OR SANDSTORM:
                                                       VSBY 1/2 MILE OR LESS
                                                   8 = SMOKE OR HAZE
[NO. OF DAYS WITH]      [WEATHER - DAYS WITH]      9 = BLOWING SNOW
                                                   X = TORNADO
MAX 32 OR BELOW:   0    0.01 INCH OR MORE:  12
MAX 90 OR ABOVE:   0    0.10 INCH OR MORE:   7
MIN 32 OR BELOW:   0    0.50 INCH OR MORE:   3
MIN  0 OR BELOW:   0    1.00 INCH OR MORE:   2

[HDD (BASE 65) ]
TOTAL THIS MO.    70    CLEAR  (SCALE 0-3)   8
DPTR FM NORMAL   -74    PTCLDY (SCALE 4-7)  13
TOTAL FM JUL 1  2183    CLOUDY (SCALE 8-10)  9
DPTR FM NORMAL  -849

[CDD (BASE 65) ]
TOTAL THIS MO.    68
DPTR FM NORMAL    12    [PRESSURE DATA]
TOTAL FM JAN 1    95    HIGHEST SLP 30.33 ON  5
DPTR FM NORMAL    23    LOWEST  SLP 29.58 ON 27

[REMARKS]
#FINAL-04-16#
