000
CXUS55 KPIH 271200
CF6LLJ

PRELIMINARY LOCAL CLIMATOLOGICAL DATA (WS FORM: F-6)

                                          STATION:   CHALLIS ID
                                          MONTH:     MARCH
                                          YEAR:      2015
                                          LATITUDE:   44 31 N
                                          LONGITUDE: 114 13 W

  TEMPERATURE IN F:       :PCPN:    SNOW:  WIND      :SUNSHINE: SKY     :PK WND
================================================================================
1   2   3   4   5  6A  6B    7    8   9   10  11  12  13   14  15   16   17  18
                                     12Z  AVG MX 2MIN
DY MAX MIN AVG DEP HDD CDD  WTR  SNW DPTH SPD SPD DIR MIN PSBL S-S WX    SPD DR
================================================================================

 1  40  11  26  -4  39   0 0.00    M    M  3.5 10 320   M    M   0        11 320
 2  44  12  28  -3  37   0    T    M    M  2.5 15  20   M    M   2 1      19  20
 3  37  19  28  -3  37   0 0.01    M    M  9.1 20  10   M    M   3 1      24  10
 4  39  11  25  -7  40   0 0.00    M    M  3.0 13  10   M    M   0        15  10
 5  54  16  35   3  30   0 0.00    M    M  2.1 13 270   M    M   0        17 250
 6  59  20  40   8  25   0 0.00    M    M  1.7  8 260   M    M   0         9 260
 7  59  23  41   8  24   0 0.00    M    M  2.8 13  10   M    M   0        15  10
 8  57  20  39   6  26   0 0.00    M    M  2.8 17 310   M    M   0        21 330
 9  60  20  40   6  25   0 0.00    M    M  1.9  8 140   M    M   0        12  80
10  65  22  44  10  21   0 0.00    M    M  1.5  9 340   M    M   0        10 330
11  60  32  46  11  19   0 0.00    M    M  4.9 21 260   M    M   4        24 270
12  60  34  47  12  18   0 0.00    M    M  4.6 14 330   M    M   5        21 340
13  63  24  44   8  21   0 0.00    M    M  2.4  8 350   M    M   0        11  10
14  66  35  51  15  14   0 0.00    M    M  5.8 22 230   M    M   3        30 240
15  67  45  56  20   9   0    T    M    M  7.4 23 230   M    M   7        32 230
16  58  44  51  14  14   0    T    M    M  4.2 14 140   M    M   7        19 140
17  55  38  47  10  18   0 0.01    M    M  3.4 17 250   M    M   7        22 260
18  55  31  43   6  22   0 0.00    M    M  6.5 21 280   M    M   3        29 350
19  61  22  42   4  23   0 0.00    M    M  1.8  9 240   M    M   0        11 280
20  68  24  46   8  19   0 0.00    M    M  3.8 17 280   M    M   0        21 270
21  60  33  47   9  18   0 0.00    M    M  5.2 18 280   M    M   2 8      26 230
22  60  23  42   4  23   0 0.00    M    M  5.2 21 180   M    M   3        29 190
23  50  28  39   0  26   0 0.05    M    M  8.2 25 280   M    M   5 1      32 300
24  46  27  37  -2  28   0 0.11    M    M  7.2 26 310   M    M   5 1      37 310
25  53  27  40   1  25   0 0.00    M    M  4.3 15 290   M    M   6        21 270
26  65  32  49  10  16   0 0.00    M    M  4.8 13  30   M    M   3        18  20
================================================================================
SM 1461  673       617   0  0.18    M    110.6          M       65
================================================================================
AV 56.2 25.9                               4.3 FASTST   M    M   3    MAX(MPH)
                                 MISC ---->  # 26 310               # 37  310
================================================================================
NOTES:
# LAST OF SEVERAL OCCURRENCES

COLUMN 17 PEAK WIND IN M.P.H.

PRELIMINARY LOCAL CLIMATOLOGICAL DATA (WS FORM: F-6) , PAGE 2

                                          STATION:  CHALLIS ID
                                          MONTH:    MARCH
                                          YEAR:     2015
                                          LATITUDE:   44 31 N
                                          LONGITUDE: 114 13 W

[TEMPERATURE DATA]      [PRECIPITATION DATA]       SYMBOLS USED IN COLUMN 16

AVERAGE MONTHLY: 41.0   TOTAL FOR MONTH:   0.18    1 = FOG OR MIST
DPTR FM NORMAL:   5.7   DPTR FM NORMAL:   -0.40    2 = FOG REDUCING VISIBILITY
HIGHEST:    68 ON 20    GRTST 24HR  0.11 ON 24-24      TO 1/4 MILE OR LESS
LOWEST:     11 ON  4, 1                            3 = THUNDER
                        SNOW, ICE PELLETS, HAIL    4 = ICE PELLETS
                        TOTAL MONTH:    M          5 = HAIL
                        GRTST 24HR    M  ON   M    6 = FREEZING RAIN OR DRIZZLE
                        GRTST DEPTH:  M  ON   M    7 = DUSTSTORM OR SANDSTORM:
                                                       VSBY 1/2 MILE OR LESS
                                                   8 = SMOKE OR HAZE
[NO. OF DAYS WITH]      [WEATHER - DAYS WITH]      9 = BLOWING SNOW
                                                   X = TORNADO
MAX 32 OR BELOW:   0    0.01 INCH OR MORE:   4
MAX 90 OR ABOVE:   0    0.10 INCH OR MORE:   1
MIN 32 OR BELOW:  20    0.50 INCH OR MORE:   0
MIN  0 OR BELOW:   0    1.00 INCH OR MORE:   0

[HDD (BASE 65) ]
TOTAL THIS MO.   617    CLEAR  (SCALE 0-3)  16
DPTR FM NORMAL  -154    PTCLDY (SCALE 4-7)  10
TOTAL FM JUL 1  5755    CLOUDY (SCALE 8-10)  0
DPTR FM NORMAL -1065

[CDD (BASE 65) ]
TOTAL THIS MO.     0
DPTR FM NORMAL     0    [PRESSURE DATA]
TOTAL FM JAN 1     0    HIGHEST SLP M ON M
DPTR FM NORMAL     0    LOWEST  SLP 29.68 ON  2

[REMARKS]
