000
CXUS55 KPIH 201200
CF6LLJ

PRELIMINARY LOCAL CLIMATOLOGICAL DATA (WS FORM: F-6)

                                          STATION:   CHALLIS ID
                                          MONTH:     APRIL
                                          YEAR:      2014
                                          LATITUDE:   44 31 N
                                          LONGITUDE: 114 13 W

  TEMPERATURE IN F:       :PCPN:    SNOW:  WIND      :SUNSHINE: SKY     :PK WND
================================================================================
1   2   3   4   5  6A  6B    7    8   9   10  11  12  13   14  15   16   17  18
                                     12Z  AVG MX 2MIN
DY MAX MIN AVG DEP HDD CDD  WTR  SNW DPTH SPD SPD DIR MIN PSBL S-S WX    SPD DR
================================================================================

 1  48  23  36  -5  29   0 0.20    M    M  4.5 16  40   M    M   8 18     21  40
 2  40  27  34  -7  31   0 0.38    M    M  3.0 15 150   M    M   7 1      18 140
 3  49  22  36  -5  29   0 0.00    M    M  2.8 10 180   M    M   0        12 180
 4  49  28  39  -2  26   0    T    M    M  5.1 21 230   M    M   6        25 190
 5  51  28  40  -1  25   0    T    M    M  6.8 21 310   M    M   6        25 300
 6  55  36  46   4  19   0 0.00    M    M  8.6 24 270   M    M   7        31 300
 7  64  33  49   7  16   0 0.00    M    M  5.8 17 330   M    M   3        21 330
 8  69  31  50   8  15   0 0.00    M    M  3.7 21 270   M    M   0        24 270
 9  66  36  51   9  14   0    T    M    M  8.1 28 280   M    M   2        37 250
10  64  31  48   6  17   0 0.00    M    M  5.8 18 350   M    M   0        24 330
11  69  30  50   8  15   0 0.00    M    M  5.0 22 290   M    M   0        34 290
12  60  32  46   4  19   0    T    M    M  8.6 23 350   M    M   3        31 350
13  50  30  40  -3  25   0    T    M    M 12.3 22  30   M    M   2        29  20
14  62  18  40  -3  25   0 0.00    M    M  3.5 14 260   M    M   0        21 250
15  55  32  44   1  21   0    T    M    M 10.6 32 320   M    M   3        41 300
16  56  22  39  -4  26   0 0.00    M    M  4.4 16 310   M    M   1        25 330
17  67  27  47   3  18   0 0.00    M    M  6.6 24 270   M    M   5        29 270
18  58  34  46   2  19   0    T    M    M  7.5 26 280   M    M   3        37 240
19  68  27  48   4  17   0 0.00    M    M  3.9 23 210   M    M   1        30 180
================================================================================
SM 1100  547       406   0  0.58    M    116.6          M       57
================================================================================
AV 57.9 28.8                               6.1 FASTST   M    M   3    MAX(MPH)
                                 MISC ---->  # 32 320               # 41  300
================================================================================
NOTES:
# LAST OF SEVERAL OCCURRENCES

COLUMN 17 PEAK WIND IN M.P.H.

PRELIMINARY LOCAL CLIMATOLOGICAL DATA (WS FORM: F-6) , PAGE 2

                                          STATION:  CHALLIS ID
                                          MONTH:    APRIL
                                          YEAR:     2014
                                          LATITUDE:   44 31 N
                                          LONGITUDE: 114 13 W

[TEMPERATURE DATA]      [PRECIPITATION DATA]       SYMBOLS USED IN COLUMN 16

AVERAGE MONTHLY: 43.3   TOTAL FOR MONTH:   0.58    1 = FOG OR MIST
DPTR FM NORMAL:   1.1   DPTR FM NORMAL:    0.12    2 = FOG REDUCING VISIBILITY
HIGHEST:    69 ON 11, 8 GRTST 24HR  0.58 ON  1- 2      TO 1/4 MILE OR LESS
LOWEST:     18 ON 14                               3 = THUNDER
                        SNOW, ICE PELLETS, HAIL    4 = ICE PELLETS
                        TOTAL MONTH:    M          5 = HAIL
                        GRTST 24HR    M  ON   M    6 = FREEZING RAIN OR DRIZZLE
                        GRTST DEPTH:  M  ON   M    7 = DUSTSTORM OR SANDSTORM:
                                                       VSBY 1/2 MILE OR LESS
                                                   8 = SMOKE OR HAZE
[NO. OF DAYS WITH]      [WEATHER - DAYS WITH]      9 = BLOWING SNOW
                                                   X = TORNADO
MAX 32 OR BELOW:   0    0.01 INCH OR MORE:   2
MAX 90 OR ABOVE:   0    0.10 INCH OR MORE:   2
MIN 32 OR BELOW:  15    0.50 INCH OR MORE:   0
MIN  0 OR BELOW:   0    1.00 INCH OR MORE:   0

[HDD (BASE 65) ]
TOTAL THIS MO.   406    CLEAR  (SCALE 0-3)  11
DPTR FM NORMAL   -26    PTCLDY (SCALE 4-7)   8
TOTAL FM JUL 1  7008    CLOUDY (SCALE 8-10)  0
DPTR FM NORMAL  -369

[CDD (BASE 65) ]
TOTAL THIS MO.     0
DPTR FM NORMAL     0    [PRESSURE DATA]
TOTAL FM JAN 1     0    HIGHEST SLP M ON M
DPTR FM NORMAL     0    LOWEST  SLP 29.62 ON M

[REMARKS]
