000
CXUS55 KPIH 211200
CF6LLJ

PRELIMINARY LOCAL CLIMATOLOGICAL DATA (WS FORM: F-6)

                                          STATION:   CHALLIS ID
                                          MONTH:     DECEMBER
                                          YEAR:      2014
                                          LATITUDE:   44 31 N
                                          LONGITUDE: 114 13 W

  TEMPERATURE IN F:       :PCPN:    SNOW:  WIND      :SUNSHINE: SKY     :PK WND
================================================================================
1   2   3   4   5  6A  6B    7    8   9   10  11  12  13   14  15   16   17  18
                                     12Z  AVG MX 2MIN
DY MAX MIN AVG DEP HDD CDD  WTR  SNW DPTH SPD SPD DIR MIN PSBL S-S WX    SPD DR
================================================================================

 1  28  10  19  -3  46   0    T    M    M  1.2  7  10   M    M   7 1       9 360
 2  29  14  22   0  43   0 0.00    M    M  1.4  8  10   M    M   4 12      9  20
 3  35  20  28   7  37   0 0.02    M    M  0.7  6 320   M    M   7 1       7 220
 4  43  27  35  14  30   0 0.03    M    M  1.3  6 330   M    M   9 1       7 230
 5  48  28  38  18  27   0 0.00    M    M  1.2  7 330   M    M   4         8 340
 6  45  24  35  15  30   0 0.01    M    M  2.6 12 260   M    M   4        16 280
 7  42  21  32  12  33   0 0.00    M    M  0.6  7 220   M    M   0         8 150
 8  35  21  28   9  37   0 0.00    M    M  1.7  7 200   M    M   4         8 200
 9  38  21  30  11  35   0 0.00    M    M  1.6  7 170   M    M   3         8 180
10  37  22  30  11  35   0 0.00    M    M  1.6  7 170   M    M   1 1       9 160
11  51  25  38  20  27   0 0.00    M    M  4.0 21 160   M    M   2 1      27 150
12  52  30  41  23  24   0 0.00    M    M  6.3 25 160   M    M   2        35 170
13  40  30  35  17  30   0 0.13    M    M  3.6 16 330   M    M  10 1      20 320
14  32  23  28  10  37   0 0.00    M    M  2.7  7 160   M    M  10         8 170
15  32  21  27  10  38   0 0.00    M    M  1.4  7 130   M    M   8         9 130
16  29  24  27  10  38   0 0.08    M    M  0.3  6  70   M    M  10 18      6  60
17  30  14  22   5  43   0 0.00    M    M  0.6  7 150   M    M   8 1      10 140
18  28  12  20   3  45   0    T    M    M  0.7  6 170   M    M   9         7  50
19  33  24  29  12  36   0 0.01    M    M  1.4  6 190   M    M   9 1       7  50
20  34  21  28  11  37   0 0.01    M    M  1.2  6 310   M    M   8 1       7 300
================================================================================
SM  741  432       708   0  0.29    M     36.1          M      119
================================================================================
AV 37.0 21.6                               1.8 FASTST   M    M   6    MAX(MPH)
                                 MISC ---->  # 25 160               # 35  170
================================================================================
NOTES:
# LAST OF SEVERAL OCCURRENCES

COLUMN 17 PEAK WIND IN M.P.H.

PRELIMINARY LOCAL CLIMATOLOGICAL DATA (WS FORM: F-6) , PAGE 2

                                          STATION:  CHALLIS ID
                                          MONTH:    DECEMBER
                                          YEAR:     2014
                                          LATITUDE:   44 31 N
                                          LONGITUDE: 114 13 W

[TEMPERATURE DATA]      [PRECIPITATION DATA]       SYMBOLS USED IN COLUMN 16

AVERAGE MONTHLY: 29.3   TOTAL FOR MONTH:   0.29    1 = FOG OR MIST
DPTR FM NORMAL:  10.5   DPTR FM NORMAL:   -0.20    2 = FOG REDUCING VISIBILITY
HIGHEST:    52 ON 12    GRTST 24HR  0.13 ON 13-13      TO 1/4 MILE OR LESS
LOWEST:     10 ON  1                               3 = THUNDER
                        SNOW, ICE PELLETS, HAIL    4 = ICE PELLETS
                        TOTAL MONTH:    M          5 = HAIL
                        GRTST 24HR    M  ON   M    6 = FREEZING RAIN OR DRIZZLE
                        GRTST DEPTH:  M  ON   M    7 = DUSTSTORM OR SANDSTORM:
                                                       VSBY 1/2 MILE OR LESS
                                                   8 = SMOKE OR HAZE
[NO. OF DAYS WITH]      [WEATHER - DAYS WITH]      9 = BLOWING SNOW
                                                   X = TORNADO
MAX 32 OR BELOW:   7    0.01 INCH OR MORE:   7
MAX 90 OR ABOVE:   0    0.10 INCH OR MORE:   1
MIN 32 OR BELOW:  20    0.50 INCH OR MORE:   0
MIN  0 OR BELOW:   0    1.00 INCH OR MORE:   0

[HDD (BASE 65) ]
TOTAL THIS MO.   708    CLEAR  (SCALE 0-3)   4
DPTR FM NORMAL  -215    PTCLDY (SCALE 4-7)  10
TOTAL FM JUL 1  2542    CLOUDY (SCALE 8-10)  6
DPTR FM NORMAL  -424

[CDD (BASE 65) ]
TOTAL THIS MO.     0
DPTR FM NORMAL     0    [PRESSURE DATA]
TOTAL FM JAN 1   310    HIGHEST SLP M ON M
DPTR FM NORMAL    62    LOWEST  SLP 29.71 ON 12

[REMARKS]
