000
CXUS54 KLZK 231130
CF6LLQ
PRELIMINARY LOCAL CLIMATOLOGICAL DATA (WS FORM: F-6)

                                          STATION:   Monticello
                                          MONTH:     JUNE
                                          YEAR:      2017
                                          LATITUDE:   33 37 N
                                          LONGITUDE:  91 45 W

  TEMPERATURE IN F:       :PCPN:    SNOW:  WIND      :SUNSHINE: SKY     :PK WND
================================================================================
1   2   3   4   5  6A  6B    7    8   9   10  11  12  13   14  15   16   17  18
                                     12Z  AVG MX 2MIN
DY MAX MIN AVG DEP HDD CDD  WTR  SNW DPTH SPD SPD DIR MIN PSBL S-S WX    SPD DR
================================================================================

 1  76  67  72  -4   0   7 0.60  0.0    0  2.4 13 160   M    M   4 13     18 160
 2  84  69  77   1   0  12 0.00  0.0    0  2.3  9  60   M    M   7 1      11 140
 3  88  68  78   2   0  13 0.00  0.0    0  4.8 10 100   M    M   5 12     14 120
 4  83  73  78   2   0  13 0.49  0.0    0  6.0 16 200   M    M   6 13     20 200
 5  83  70  77   0   0  12    T  0.0    0  4.3 10 200   M    M   6 1      13 240
 6  88  72  80   3   0  15 0.24  0.0    0  6.1 17  50   M    M   6 1      23  50
 7  83  62  73  -4   0   8 0.00  0.0    0  5.8 18  50   M    M   0        24  60
 8  82  58  70  -7   0   5 0.00  0.0    0  3.5 13  70   M    M   0        17  50
 9  84  58  71  -7   0   6 0.00  0.0    0  0.5  8 130   M    M   1        11 100
10  88  63  76  -2   0  11 0.00  0.0    0  1.0  6 190   M    M   0         M  M
11  89  67  78   0   0  13 0.00  0.0    0  5.9 14 220   M    M   1        21 200
12  92  71  82   4   0  17 0.10  0.0    0  4.7 14 200   M    M   6 3      19 190
13  90  70  80   1   0  15 0.06  0.0    0  5.7 14 150   M    M   3 13     19 170
14  91  73  82   3   0  17 0.00  0.0    0  6.5 13 200   M    M   2        17 200
15  91  73  82   3   0  17    T  0.0    0  5.0 14 180   M    M   3 3      20 180
16  93  71  82   3   0  17 0.00  0.0    0  5.5 24  90   M    M   1 13     31  80
17  90  69  80   1   0  15 0.00  0.0    0  6.5 17 200   M    M   2        23 190
18  90  72  81   1   0  16 0.00  0.0    0  5.9 16  40   M    M   5 3      21  50
19  86  69  78  -2   0  13 0.18  0.0    0  3.2 13  50   M    M   4 1      17  60
20  90  67  79  -1   0  14 0.00  0.0    0  5.1 15  70   M    M   0        19  40
21  82  68  75  -5   0  10 0.13  0.0    0  8.6 21  70   M    M   6 18     26  70
22  85  75  80   0   0  15 0.85  0.0    0 10.0 21 140   M    M   9 1      31 190
================================================================================
SM 1908 1505         0 281  2.65     0.0 109.3          M       77
================================================================================
AV 86.7 68.4                               5.0 FASTST   M    M   4    MAX(MPH)
                                 MISC ---->  # 24  90               # 31   80
================================================================================
NOTES:
# LAST OF SEVERAL OCCURRENCES

COLUMN 17 PEAK WIND IN M.P.H.

PRELIMINARY LOCAL CLIMATOLOGICAL DATA (WS FORM: F-6) , PAGE 2

                                          STATION:  Monticello
                                          MONTH:    JUNE
                                          YEAR:     2017
                                          LATITUDE:   33 37 N
                                          LONGITUDE:  91 45 W

[TEMPERATURE DATA]      [PRECIPITATION DATA]       SYMBOLS USED IN COLUMN 16

AVERAGE MONTHLY: 77.6   TOTAL FOR MONTH:   2.65    1 = FOG OR MIST
DPTR FM NORMAL:  -0.6   DPTR FM NORMAL:   -0.39    2 = FOG REDUCING VISIBILITY
HIGHEST:    93 ON 16    GRTST 24HR  0.85 ON 22-22      TO 1/4 MILE OR LESS
LOWEST:     58 ON  9, 8                            3 = THUNDER
                        SNOW, ICE PELLETS, HAIL    4 = ICE PELLETS
                        TOTAL MONTH:   0.0 INCH    5 = HAIL
                        GRTST 24HR     0.0         6 = FREEZING RAIN OR DRIZZLE
                        GRTST DEPTH:   0           7 = DUSTSTORM OR SANDSTORM:
                                                       VSBY 1/2 MILE OR LESS
                                                   8 = SMOKE OR HAZE
[NO. OF DAYS WITH]      [WEATHER - DAYS WITH]      9 = BLOWING SNOW
                                                   X = TORNADO
MAX 32 OR BELOW:   0    0.01 INCH OR MORE:   8
MAX 90 OR ABOVE:   8    0.10 INCH OR MORE:   7
MIN 32 OR BELOW:   0    0.50 INCH OR MORE:   2
MIN  0 OR BELOW:   0    1.00 INCH OR MORE:   0

[HDD (BASE 65) ]
TOTAL THIS MO.     0    CLEAR  (SCALE 0-3)  10
DPTR FM NORMAL     0    PTCLDY (SCALE 4-7)  11
TOTAL FM JUL 1  1772    CLOUDY (SCALE 8-10)  1
DPTR FM NORMAL  -929

[CDD (BASE 65) ]
TOTAL THIS MO.   281
DPTR FM NORMAL    -9    [PRESSURE DATA]
TOTAL FM JAN 1   706    HIGHEST SLP M ON M
DPTR FM NORMAL    89    LOWEST  SLP 29.67 ON 17

[REMARKS]
ALL SNOWFALL DATA IS FROM THE UNIVERSITY OF ARKANSAS AT MONTICELLO COOPERATIVE OBSERVER SITE
