000
CXUS54 KLZK 011330
CF6LLQ
PRELIMINARY LOCAL CLIMATOLOGICAL DATA (WS FORM: F-6)

                                          STATION:   Monticello
                                          MONTH:     JUNE
                                          YEAR:      2015
                                          LATITUDE:   33 37 N
                                          LONGITUDE:  91 45 W

  TEMPERATURE IN F:       :PCPN:    SNOW:  WIND      :SUNSHINE: SKY     :PK WND
================================================================================
1   2   3   4   5  6A  6B    7    8   9   10  11  12  13   14  15   16   17  18
                                     12Z  AVG MX 2MIN
DY MAX MIN AVG DEP HDD CDD  WTR  SNW DPTH SPD SPD DIR MIN PSBL S-S WX    SPD DR
================================================================================

 1  79  64  72  -4   0   7 0.00  0.0    0  3.7 10  60   M    M   6 1      13  50
 2  82  61  72  -4   0   7 0.00  0.0    0  2.7 10  50   M    M   2        13  50
 3  82  62  72  -4   0   7 0.00  0.0    0  2.7 13  50   M    M   5        16  50
 4  86  62  74  -2   0   9 0.00  0.0    0  2.2 12  70   M    M   1 1      17  50
 5  89  63  76  -1   0  11 0.00  0.0    0  1.0  8  80   M    M   0        12 130
 6  90  68  79   2   0  14 0.00  0.0    0  1.3  8  60   M    M   2 1      10  40
 7  93  71  82   5   0  17 0.00  0.0    0  3.7 12 210   M    M   3 13     17 210
 8  93  76  85   8   0  20 0.00  0.0    0  5.9 13 260   M    M   1        17 220
 9  92  69  81   3   0  16 1.14  0.0    0  3.8 22 210   M    M   1 138    29 220
10  92  69  81   3   0  16 0.00  0.0    0  3.7 10 260   M    M   1 1      12 260
11  92  70  81   3   0  16 0.00  0.0    0  5.4 10 190   M    M   1        16 200
12  91  72  82   4   0  17 0.00  0.0    0  7.8 21 150   M    M   1        29 160
13  87  72  80   1   0  15 0.51  0.0    0  5.8 23 190   M    M   2 138    35 190
14  90  73  82   3   0  17 0.03  0.0    0  5.8 16 160   M    M   5 3      25 140
15  91  73  82   3   0  17 0.00  0.0    0  4.8 16 170   M    M   2        22 150
16  92  71  82   3   0  17 0.06  0.0    0  5.0 13 230   M    M   2 13     22 230
17  92  71  82   3   0  17 0.01  0.0    0  5.3 22 260   M    M   1 3      28 260
18  87  74  81   1   0  16 0.00  0.0    0  8.1 18 180   M    M   4        27 200
19  91  75  83   3   0  18    T  0.0    0 11.1 20 230   M    M   5        28 220
20  92  74  83   3   0  18    T  0.0    0  7.9 15 220   M    M   1        22 210
21  91  76  84   4   0  19 0.00  0.0    0  4.8 14 200   M    M   1 3      17 200
22  93  77  85   5   0  20 0.00  0.0    0  6.2 13 220   M    M   1        17 210
23  95  75  85   5   0  20 0.00  0.0    0  5.3 13 260   M    M   0        17 270
24  96  73  85   4   0  20 0.00  0.0    0  5.3 21  80   M    M   1 3      27  70
25  94  71  83   2   0  18 0.00  0.0    0  4.7 10 210   M    M   1        14 250
26  94  72  83   2   0  18 0.15  0.0    0  5.9 17 320   M    M   2 13     26 320
27  85  68  77  -4   0  12 0.45  0.0    0  4.1 15 310   M    M   5 13     23 310
28  87  65  76  -5   0  11 0.00  0.0    0  2.1 10 230   M    M   2        13 240
29  91  72  82   1   0  17 0.00  0.0    0  6.9 14 250   M    M   1        18 210
30  91  71  81   0   0  16 0.46  0.0    0  6.7 21 220   M    M   4 13     30 230
================================================================================
SM 2700 2110         0 463  2.81     0.0 149.7          M       64
================================================================================
AV 90.0 70.3                               5.0 FASTST   M    M   2    MAX(MPH)
                                 MISC ---->  # 23 190               # 35  190
================================================================================
NOTES:
# LAST OF SEVERAL OCCURRENCES

COLUMN 17 PEAK WIND IN M.P.H.

PRELIMINARY LOCAL CLIMATOLOGICAL DATA (WS FORM: F-6) , PAGE 2

                                          STATION:  Monticello
                                          MONTH:    JUNE
                                          YEAR:     2015
                                          LATITUDE:   33 37 N
                                          LONGITUDE:  91 45 W

[TEMPERATURE DATA]      [PRECIPITATION DATA]       SYMBOLS USED IN COLUMN 16

AVERAGE MONTHLY: 80.2   TOTAL FOR MONTH:   2.81    1 = FOG OR MIST
DPTR FM NORMAL:   1.3   DPTR FM NORMAL:   -1.27    2 = FOG REDUCING VISIBILITY
HIGHEST:    96 ON 24    GRTST 24HR  1.14 ON  9- 9      TO 1/4 MILE OR LESS
LOWEST:     61 ON  2                               3 = THUNDER
                        SNOW, ICE PELLETS, HAIL    4 = ICE PELLETS
                        TOTAL MONTH:   0.0 INCH    5 = HAIL
                        GRTST 24HR     0.0         6 = FREEZING RAIN OR DRIZZLE
                        GRTST DEPTH:   0           7 = DUSTSTORM OR SANDSTORM:
                                                       VSBY 1/2 MILE OR LESS
                                                   8 = SMOKE OR HAZE
[NO. OF DAYS WITH]      [WEATHER - DAYS WITH]      9 = BLOWING SNOW
                                                   X = TORNADO
MAX 32 OR BELOW:   0    0.01 INCH OR MORE:   8
MAX 90 OR ABOVE:  21    0.10 INCH OR MORE:   5
MIN 32 OR BELOW:   0    0.50 INCH OR MORE:   2
MIN  0 OR BELOW:   0    1.00 INCH OR MORE:   1

[HDD (BASE 65) ]
TOTAL THIS MO.     0    CLEAR  (SCALE 0-3)  23
DPTR FM NORMAL    -1    PTCLDY (SCALE 4-7)   7
TOTAL FM JUL 1  2948    CLOUDY (SCALE 8-10)  0
DPTR FM NORMAL   246

[CDD (BASE 65) ]
TOTAL THIS MO.   463
DPTR FM NORMAL    45    [PRESSURE DATA]
TOTAL FM JAN 1   823    HIGHEST SLP 30.18 ON 24
DPTR FM NORMAL    78    LOWEST  SLP 29.78 ON 10

[REMARKS]
ALL SNOWFALL DATA IS FROM THE UNIVERSITY OF ARKANSAS AT MONTICELLO COOPERATIVE OBSERVER SITE
#FINAL-06-15#
