000
CXUS54 KLZK 281130
CF6LLQ
PRELIMINARY LOCAL CLIMATOLOGICAL DATA (WS FORM: F-6)

                                          STATION:   Monticello
                                          MONTH:     APRIL
                                          YEAR:      2017
                                          LATITUDE:   33 37 N
                                          LONGITUDE:  91 45 W

  TEMPERATURE IN F:       :PCPN:    SNOW:  WIND      :SUNSHINE: SKY     :PK WND
================================================================================
1   2   3   4   5  6A  6B    7    8   9   10  11  12  13   14  15   16   17  18
                                     12Z  AVG MX 2MIN
DY MAX MIN AVG DEP HDD CDD  WTR  SNW DPTH SPD SPD DIR MIN PSBL S-S WX    SPD DR
================================================================================

 1  81  53  67   8   0   2 0.00  0.0    0  6.6 15  80   M    M   0        21  50
 2  74  57  66   6   0   1 1.26  0.0    0  7.9 21 120   M    M   5 13     32 120
 3  77  60  69   9   0   4 0.12  0.0    0  9.0 18 250   M    M   4 1      30 240
 4  84  53  69   9   0   4 0.00  0.0    0  5.9 15 160   M    M   0        22 160
 5  70  51  61   1   4   0 0.00  0.0    0 11.9 25 260   M    M   4        37 270
 6  70  44  57  -4   8   0 0.00  0.0    0  6.9 17 310   M    M   1        26 300
 7  71  39  55  -6  10   0 0.00  0.0    0  3.9 12 290   M    M   0        16 290
 8  80  47  64   3   1   0 0.00  0.0    0  6.8 16 170   M    M   0        21 200
 9  81  56  69   8   0   4 0.00  0.0    0  9.9 20 160   M    M   0        28 170
10  82  57  70   8   0   5 0.05  0.0    0  7.5 15 170   M    M   4 13     22 170
11  71  62  67   5   0   2 0.60  0.0    0  5.1 13  50   M    M   8 13     16 230
12  77  59  68   6   0   3 0.00  0.0    0  4.1 10  50   M    M   5 12     15  50
13  84  57  71   9   0   6 0.00  0.0    0  1.1 10 130   M    M   3 1      14 130
14  84  59  72   9   0   7 0.00  0.0    0  3.7 14 170   M    M   1        19 160
15  83  56  70   7   0   5 0.04  0.0    0  6.5 16 140   M    M   2        25 150
16  82  65  74  11   0   9 0.00  0.0    0  5.1 14 190   M    M   3        19 180
17  80  64  72   8   0   7 0.01  0.0    0  5.1 15 280   M    M   4 13     20 300
18  83  63  73   9   0   8 0.55  0.0    0  2.9 13  50   M    M   6 123    17  60
19  85  66  76  12   0  11 0.00  0.0    0  5.4 15 200   M    M   2        20 190
20  84  67  76  12   0  11 0.00  0.0    0  6.5 15 200   M    M   3        20 190
21  85  70  78  13   0  13 0.00  0.0    0  6.6 15 190   M    M   6        20 200
22  74  53  64  -1   1   0 1.02  0.0    0  6.7 15 210   M    M   9 13     23 180
23  70  48  59  -6   6   0 0.00  0.0    0  5.1 17 320   M    M   5 1      23 310
24  78  46  62  -4   3   0 0.00  0.0    0  4.6 12 270   M    M   0        16 280
25  83  51  67   1   0   2 0.00  0.0    0  7.8 20 190   M    M   1        28 160
26  81  55  68   2   0   3 1.29  0.0    0 10.0 22 310   M    M   9 13     32 310
27  72  48  60  -6   5   0 0.00  0.0    0  5.1 15 300   M    M   2        22 310
================================================================================
SM 2126 1506        38 107  4.94     0.0 167.7          M       87
================================================================================
AV 78.7 55.8                               6.2 FASTST   M    M   3    MAX(MPH)
                                 MISC ---->  # 25 260               # 37  270
================================================================================
NOTES:
# LAST OF SEVERAL OCCURRENCES

COLUMN 17 PEAK WIND IN M.P.H.

PRELIMINARY LOCAL CLIMATOLOGICAL DATA (WS FORM: F-6) , PAGE 2

                                          STATION:  Monticello
                                          MONTH:    APRIL
                                          YEAR:     2017
                                          LATITUDE:   33 37 N
                                          LONGITUDE:  91 45 W

[TEMPERATURE DATA]      [PRECIPITATION DATA]       SYMBOLS USED IN COLUMN 16

AVERAGE MONTHLY: 67.3   TOTAL FOR MONTH:   4.94    1 = FOG OR MIST
DPTR FM NORMAL:   4.5   DPTR FM NORMAL:    0.62    2 = FOG REDUCING VISIBILITY
HIGHEST:    85 ON 21,19 GRTST 24HR  1.29 ON 26-26      TO 1/4 MILE OR LESS
LOWEST:     39 ON  7                               3 = THUNDER
                        SNOW, ICE PELLETS, HAIL    4 = ICE PELLETS
                        TOTAL MONTH:   0.0 INCH    5 = HAIL
                        GRTST 24HR     0.0         6 = FREEZING RAIN OR DRIZZLE
                        GRTST DEPTH:   0           7 = DUSTSTORM OR SANDSTORM:
                                                       VSBY 1/2 MILE OR LESS
                                                   8 = SMOKE OR HAZE
[NO. OF DAYS WITH]      [WEATHER - DAYS WITH]      9 = BLOWING SNOW
                                                   X = TORNADO
MAX 32 OR BELOW:   0    0.01 INCH OR MORE:   9
MAX 90 OR ABOVE:   0    0.10 INCH OR MORE:   6
MIN 32 OR BELOW:   0    0.50 INCH OR MORE:   5
MIN  0 OR BELOW:   0    1.00 INCH OR MORE:   3

[HDD (BASE 65) ]
TOTAL THIS MO.    38    CLEAR  (SCALE 0-3)  14
DPTR FM NORMAL   -88    PTCLDY (SCALE 4-7)  10
TOTAL FM JUL 1  1750    CLOUDY (SCALE 8-10)  3
DPTR FM NORMAL  -924

[CDD (BASE 65) ]
TOTAL THIS MO.   107
DPTR FM NORMAL    39    [PRESSURE DATA]
TOTAL FM JAN 1   202    HIGHEST SLP M ON M
DPTR FM NORMAL   106    LOWEST  SLP 29.41 ON 26

[REMARKS]
ALL SNOWFALL DATA IS FROM THE UNIVERSITY OF ARKANSAS AT MONTICELLO COOPERATIVE OBSERVER SITE
