000
CXUS56 KMFR 231000
CF6LMT
PRELIMINARY LOCAL CLIMATOLOGICAL DATA (WS FORM: F-6)

                                          STATION:   KLAMATH FALLS OR
                                          MONTH:     MAY
                                          YEAR:      2017
                                          LATITUDE:   42  9 N
                                          LONGITUDE: 121 44 W

  TEMPERATURE IN F:       :PCPN:    SNOW:  WIND      :SUNSHINE: SKY     :PK WND
================================================================================
1   2   3   4   5  6A  6B    7    8   9   10  11  12  13   14  15   16   17  18
                                     12Z  AVG MX 2MIN
DY MAX MIN AVG DEP HDD CDD  WTR  SNW DPTH SPD SPD DIR MIN PSBL S-S WX    SPD DR
================================================================================

 1  68  28  48   1  17   0 0.00    M    M  6.9 23 310   M    M   2        29 310
 2  70  44  57   9   8   0 0.00    M    M  7.9 17 340   M    M   4        24 310
 3  79  40  60  12   5   0 0.00    M    M  4.4 16 160   M    M   0 8      21 170
 4  80  44  62  14   3   0 0.00    M    M 10.8 28 190   M    M   1        34 170
 5  65  37  51   3  14   0    T    M    M 10.3 26 280   M    M   5        31 290
 6  53  36  45  -4  20   0 0.00    M    M 14.0 25 310   M    M   7        30 300
 7  64  26  45  -4  20   0 0.00    M    M  8.0 18  10   M    M   0        25 360
 8  71  29  50   1  15   0 0.00    M    M  6.0 15 320   M    M   0        19 330
 9  75  35  55   5  10   0 0.00    M    M  4.6 14 330   M    M   0        18 330
10  77  33  55   5  10   0 0.00    M    M  7.1 21 230   M    M   0        24 230
11  60  39  50   0  15   0 0.02    M    M 18.0 35 180   M    M   5 7      43 160
12  52  33  43  -7  22   0 0.00    M    M 11.0 24 280   M    M   6 7      29 280
13  52  31  42  -8  23   0    T    M    M  8.3 28 300   M    M   8 1      34 300
14  57  22  40 -11  25   0 0.00    M    M  6.5 20 320   M    M   3 12     23 320
15  62  30  46  -5  19   0 0.00    M    M  6.7 20 280   M    M   3        27 260
16  53  32  43  -8  22   0 0.08    M    M 15.0 33 290   M    M   8        43 280
17  58  28  43  -8  22   0 0.00    M    M  8.4 17 320   M    M   3        23 320
18  69  27  48  -4  17   0 0.00    M    M  3.9 15 320   M    M   0        18 330
19  75  32  54   2  11   0 0.00    M    M  5.3 18 340   M    M   0        23 340
20  75  34  55   3  10   0 0.00    M    M  6.0 18 330   M    M   0 1      24 320
21  78  39  59   7   6   0 0.00    M    M  4.3 13 150   M    M   0        27 150
22  83  51  67  15   0   2 0.00    M    M  4.1 12 170   M    M   0        15 330
================================================================================
SM 1476  750       314   2  0.10    M    177.5          M       55
================================================================================
AV 67.1 34.1                               8.1 FASTST   M    M   3    MAX(MPH)
                                 MISC ---->  # 35 180               # 43  160
================================================================================
NOTES:
# LAST OF SEVERAL OCCURRENCES

COLUMN 17 PEAK WIND IN M.P.H.

PRELIMINARY LOCAL CLIMATOLOGICAL DATA (WS FORM: F-6) , PAGE 2

                                          STATION:  KLAMATH FALLS OR
                                          MONTH:    MAY
                                          YEAR:     2017
                                          LATITUDE:   42  9 N
                                          LONGITUDE: 121 44 W

[TEMPERATURE DATA]      [PRECIPITATION DATA]       SYMBOLS USED IN COLUMN 16

AVERAGE MONTHLY: 50.6   TOTAL FOR MONTH:   0.10    1 = FOG OR MIST
DPTR FM NORMAL:   0.6   DPTR FM NORMAL:   -1.11    2 = FOG REDUCING VISIBILITY
HIGHEST:    83 ON 22    GRTST 24HR  0.08 ON 16-16      TO 1/4 MILE OR LESS
LOWEST:     22 ON 14                               3 = THUNDER
                        SNOW, ICE PELLETS, HAIL    4 = ICE PELLETS
                        TOTAL MONTH:    M          5 = HAIL
                        GRTST 24HR    M  ON   M    6 = FREEZING RAIN OR DRIZZLE
                        GRTST DEPTH:  M  ON   M    7 = DUSTSTORM OR SANDSTORM:
                                                       VSBY 1/2 MILE OR LESS
                                                   8 = SMOKE OR HAZE
[NO. OF DAYS WITH]      [WEATHER - DAYS WITH]      9 = BLOWING SNOW
                                                   X = TORNADO
MAX 32 OR BELOW:   0    0.01 INCH OR MORE:   2
MAX 90 OR ABOVE:   0    0.10 INCH OR MORE:   0
MIN 32 OR BELOW:  10    0.50 INCH OR MORE:   0
MIN  0 OR BELOW:   0    1.00 INCH OR MORE:   0

[HDD (BASE 65) ]
TOTAL THIS MO.   314    CLEAR  (SCALE 0-3)  15
DPTR FM NORMAL   -18    PTCLDY (SCALE 4-7)   7
TOTAL FM JUL 1  6533    CLOUDY (SCALE 8-10)  0
DPTR FM NORMAL  -118

[CDD (BASE 65) ]
TOTAL THIS MO.     2
DPTR FM NORMAL     2    [PRESSURE DATA]
TOTAL FM JAN 1     2    HIGHEST SLP M ON M
DPTR FM NORMAL     2    LOWEST  SLP  0.00 ON 15

[REMARKS]
