000
CXUS56 KMFR 261000
CF6LMT
PRELIMINARY LOCAL CLIMATOLOGICAL DATA (WS FORM: F-6)

                                          STATION:   KLAMATH FALLS OR
                                          MONTH:     JUNE
                                          YEAR:      2017
                                          LATITUDE:   42  9 N
                                          LONGITUDE: 121 44 W

  TEMPERATURE IN F:       :PCPN:    SNOW:  WIND      :SUNSHINE: SKY     :PK WND
================================================================================
1   2   3   4   5  6A  6B    7    8   9   10  11  12  13   14  15   16   17  18
                                     12Z  AVG MX 2MIN
DY MAX MIN AVG DEP HDD CDD  WTR  SNW DPTH SPD SPD DIR MIN PSBL S-S WX    SPD DR
================================================================================

 1  71  49  60   6   5   0 0.03    M    M  4.8 16 270   M    M   4        22 270
 2  78  40  59   5   6   0 0.00    M    M  3.8 13  80   M    M   1 1      15 150
 3  81  46  64   9   1   0    T    M    M  5.4 20 330   M    M   1        28 330
 4  72  38  55   0  10   0 0.00    M    M  8.6 23 320   M    M   1        28 280
 5  77  36  57   2   8   0 0.00    M    M  3.7 12 260   M    M   0        15 250
 6  83  42  63   8   2   0 0.00    M    M  4.1 14 330   M    M   0        21 320
 7  76  46  61   5   4   0    T    M    M 13.6 26 190   M    M   3        36 170
 8  68  45  57   1   8   0 0.04    M    M 14.2 35 190   M    M   7 13     44 180
 9  61  33  47  -9  18   0    T    M    M  9.3 28 280   M    M   5 12     32 290
10  60  34  47  -9  18   0 0.02    M    M  7.7 26 260   M    M   8        35 260
11  55  37  46 -11  19   0 0.13    M    M 10.7 26  30   M    M   9 13     36  40
12  55  38  47 -10  18   0 0.00    M    M 12.2 25 310   M    M   8        33 320
13  68  30  49  -8  16   0 0.00    M    M  6.5 18 280   M    M   1 1      26 330
14  72  30  51  -7  14   0 0.00    M    M  6.2 15 260   M    M   0 1      15 260
15  73  45  59   1   6   0 0.00    M    M   M   M   M   M    M   M         M  M
16  76  46  61   3   4   0 0.00    M    M  9.5 23 270   M    M   3 8      27 280
17  79  41  60   2   5   0 0.00    M    M  6.6 20 330   M    M   0        24 330
18  90  47  69  10   0   4 0.00    M    M  4.7 14 340   M    M   0        17 340
19  96  58  77  18   0  12    T    M    M  9.3 24 330   M    M   0 3      28 330
20  91  53  72  13   0   7 0.00    M    M  8.9 24 340   M    M   0        29 330
21  87  54  71  11   0   6 0.00    M    M 11.5 23 320   M    M   0 8      26 320
22  85  53  69   9   0   4 0.00    M    M 15.0 21 310   M    M   0 8     140 310
23  90  49  70  10   0   5 0.00    M    M  7.7 15 330   M    M   0        17 330
24  94  56  75  14   0  10 0.00    M    M  6.8 15 340   M    M   0        18 340
25  94  57  76  15   0  11 0.00    M    M  5.8 26 260   M    M   0 3      32 260
================================================================================
SM 1932 1103       162  59  0.22    M    196.6          M       51
================================================================================
AV 77.3 44.1                               8.2 FASTST   M    M   2    MAX(MPH)
                                 MISC ---->  # 35 190               #140  310
================================================================================
NOTES:
# LAST OF SEVERAL OCCURRENCES

COLUMN 17 PEAK WIND IN M.P.H.

PRELIMINARY LOCAL CLIMATOLOGICAL DATA (WS FORM: F-6) , PAGE 2

                                          STATION:  KLAMATH FALLS OR
                                          MONTH:    JUNE
                                          YEAR:     2017
                                          LATITUDE:   42  9 N
                                          LONGITUDE: 121 44 W

[TEMPERATURE DATA]      [PRECIPITATION DATA]       SYMBOLS USED IN COLUMN 16

AVERAGE MONTHLY: 60.7   TOTAL FOR MONTH:   0.22    1 = FOG OR MIST
DPTR FM NORMAL:   3.3   DPTR FM NORMAL:   -0.58    2 = FOG REDUCING VISIBILITY
HIGHEST:    96 ON 19    GRTST 24HR  0.19 ON 31- 1      TO 1/4 MILE OR LESS
LOWEST:     30 ON 14,13                            3 = THUNDER
                        SNOW, ICE PELLETS, HAIL    4 = ICE PELLETS
                        TOTAL MONTH:    M          5 = HAIL
                        GRTST 24HR    M  ON   M    6 = FREEZING RAIN OR DRIZZLE
                        GRTST DEPTH:  M  ON   M    7 = DUSTSTORM OR SANDSTORM:
                                                       VSBY 1/2 MILE OR LESS
                                                   8 = SMOKE OR HAZE
[NO. OF DAYS WITH]      [WEATHER - DAYS WITH]      9 = BLOWING SNOW
                                                   X = TORNADO
MAX 32 OR BELOW:   0    0.01 INCH OR MORE:   4
MAX 90 OR ABOVE:   6    0.10 INCH OR MORE:   1
MIN 32 OR BELOW:   2    0.50 INCH OR MORE:   0
MIN  0 OR BELOW:   0    1.00 INCH OR MORE:   0

[HDD (BASE 65) ]
TOTAL THIS MO.   162    CLEAR  (SCALE 0-3)  17
DPTR FM NORMAL   -34    PTCLDY (SCALE 4-7)   5
TOTAL FM JUL 1  6739    CLOUDY (SCALE 8-10)  2
DPTR FM NORMAL  -213

[CDD (BASE 65) ]
TOTAL THIS MO.    59
DPTR FM NORMAL    56    [PRESSURE DATA]
TOTAL FM JAN 1    62    HIGHEST SLP M ON M
DPTR FM NORMAL    58    LOWEST  SLP  0.00 ON 17

[REMARKS]
