000
CXUS53 KMKX 270700
CF6LNR
PRELIMINARY LOCAL CLIMATOLOGICAL DATA (WS FORM: F-6)

                                          STATION:   LONE ROCK WI
                                          MONTH:     DECEMBER
                                          YEAR:      2016
                                          LATITUDE:   43 12 N
                                          LONGITUDE:  90 11 W

  TEMPERATURE IN F:       :PCPN:    SNOW:  WIND      :SUNSHINE: SKY     :PK WND
================================================================================
1   2   3   4   5  6A  6B    7    8   9   10  11  12  13   14  15   16   17  18
                                     12Z  AVG MX 2MIN
DY MAX MIN AVG DEP HDD CDD  WTR  SNW DPTH SPD SPD DIR MIN PSBL S-S WX    SPD DR
================================================================================

 1  40  36  38  10  27   0 0.01    M    0  9.5 18 280   M    M  10 1      23 280
 2  37  32  35   8  30   0    T    M    0  7.0 14 320   M    M  10 1      16 300
 3  34  30  32   5  33   0 0.00  0.0    0  4.3 14 280   M    M  10        17 270
 4  34  31  33   7  32   0 0.34    M    0  6.4 15 130   M    M  10 12     19 250
 5  36  32  34   8  31   0 0.00  0.0    0  7.2 14 110   M    M  10 1      17 130
 6  34  24  29   3  36   0    T    M    M 10.5 28 270   M    M   9 1      35 270
 7  24  18  21  -4  44   0    T    M    M 14.5 23 270   M    M   8        30 280
 8  24  15  20  -5  45   0    T    M    M 13.0 22 280   M    M  10 8      28 280
 9  26  18  22  -2  43   0    T    M    M  8.7 16 290   M    M   6        20 290
10  21  15  18  -6  47   0 0.08    M    M  6.2 12 280   M    M   8 18     13 280
11  28  20  24   0  41   0 0.08    M    M  7.1 17 300   M    M  10 18     22 300
12  25   3  14  -9  51   0    T    M    M  8.1 22 290   M    M   6 8      27 290
13  14 -10   2 -21  63   0 0.00  0.0    0  8.1 20 280   M    M   1        23 280
14  14  -9   3 -19  62   0 0.00  0.0    0 13.3 30 280   M    M   2        37 290
15  11  -4   4 -18  61   0 0.00  0.0    0  7.1 16 280   M    M   1        19 280
16  16   7  12 -10  53   0 0.15    M    M  7.5 13  90   M    M  10 18     15  80
17  18   4  11 -11  54   0 0.03    M    M  9.6 18 320   M    M   9 18     27 330
18   7 -23  -8 -29  73   0 0.00    M    M  7.1 23 300   M    M   1        28 300
19  16 -24  -4 -25  69   0 0.00    M    M  6.8 16 210   M    M   0        22 190
20  34  13  24   3  41   0 0.00    M    M  9.0 18 250   M    M   1        26 250
21  39  11  25   5  40   0 0.00    M    M  6.4 18 300   M    M   6 18     26 300
22  39  10  25   5  40   0 0.00    M    M  6.8 20 320   M    M   1 1      25 310
23  36  19  28   8  37   0 0.10    M    M  3.4 12 190   M    M   7 12     15 200
24  37  33  35  15  30   0 0.00    M    M  4.3 14 110   M    M  10 18     20 110
25  39  33  36  16  29   0 0.34    M    M 14.9 29 100   M    M  10 138    32 100
26  44  22  33  14  32   0 0.07    M    M 18.5 35 280   M    M   4 1      44 270
================================================================================
SM  727  356      1144   0  1.20     0.0 225.3          M      170
================================================================================
AV 28.0 13.7                               8.7 FASTST   M    M   7    MAX(MPH)
                                 MISC ---->  # 35 280               # 44  270
================================================================================
NOTES:
# LAST OF SEVERAL OCCURRENCES

COLUMN 17 PEAK WIND IN M.P.H.

PRELIMINARY LOCAL CLIMATOLOGICAL DATA (WS FORM: F-6) , PAGE 2

                                          STATION:  LONE ROCK WI
                                          MONTH:    DECEMBER
                                          YEAR:     2016
                                          LATITUDE:   43 12 N
                                          LONGITUDE:  90 11 W

[TEMPERATURE DATA]      [PRECIPITATION DATA]       SYMBOLS USED IN COLUMN 16

AVERAGE MONTHLY: 20.8   TOTAL FOR MONTH:   1.20    1 = FOG OR MIST
DPTR FM NORMAL:  -2.2   DPTR FM NORMAL:    0.09    2 = FOG REDUCING VISIBILITY
HIGHEST:    44 ON 26    GRTST 24HR  0.41 ON 25-26      TO 1/4 MILE OR LESS
LOWEST:    -24 ON 19                               3 = THUNDER
                        SNOW, ICE PELLETS, HAIL    4 = ICE PELLETS
                        TOTAL MONTH:   0.0 INCH    5 = HAIL
                        GRTST 24HR     0.0         6 = FREEZING RAIN OR DRIZZLE
                        GRTST DEPTH:   0           7 = DUSTSTORM OR SANDSTORM:
                                                       VSBY 1/2 MILE OR LESS
                                                   8 = SMOKE OR HAZE
[NO. OF DAYS WITH]      [WEATHER - DAYS WITH]      9 = BLOWING SNOW
                                                   X = TORNADO
MAX 32 OR BELOW:  13    0.01 INCH OR MORE:   9
MAX 90 OR ABOVE:   0    0.10 INCH OR MORE:   4
MIN 32 OR BELOW:  23    0.50 INCH OR MORE:   0
MIN  0 OR BELOW:   5    1.00 INCH OR MORE:   0

[HDD (BASE 65) ]
TOTAL THIS MO.  1144    CLEAR  (SCALE 0-3)   7
DPTR FM NORMAL    50    PTCLDY (SCALE 4-7)   6
TOTAL FM JUL 1  2195    CLOUDY (SCALE 8-10) 13
DPTR FM NORMAL  -461

[CDD (BASE 65) ]
TOTAL THIS MO.     0
DPTR FM NORMAL     0    [PRESSURE DATA]
TOTAL FM JAN 1   751    HIGHEST SLP M ON M
DPTR FM NORMAL   180    LOWEST  SLP 29.61 ON  1

[REMARKS]
