000
CXUS53 KMKX 290650
CF6LNR
PRELIMINARY LOCAL CLIMATOLOGICAL DATA (WS FORM: F-6)

                                          STATION:   LONE ROCK WI
                                          MONTH:     JUNE
                                          YEAR:      2015
                                          LATITUDE:   43 12 N
                                          LONGITUDE:  90 11 W

  TEMPERATURE IN F:       :PCPN:    SNOW:  WIND      :SUNSHINE: SKY     :PK WND
================================================================================
1   2   3   4   5  6A  6B    7    8   9   10  11  12  13   14  15   16   17  18
                                     12Z  AVG MX 2MIN
DY MAX MIN AVG DEP HDD CDD  WTR  SNW DPTH SPD SPD DIR MIN PSBL S-S WX    SPD DR
================================================================================

 1  70  39  55  -9  10   0 0.00  0.0    0  6.5 20  90   M    M   0        24  80
 2  75  41  58  -6   7   0 0.00  0.0    0  4.2 13 180   M    M   0 8      17 120
 3  79  52  66   2   0   1 0.00  0.0    0  8.3 18 160   M    M   4 8      25 140
 4  82  63  73   9   0   8 0.00  0.0    0  7.1 16 280   M    M   4        22 260
 5  74  55  65   0   0   0 0.00  0.0    0  6.4 16  70   M    M   4        20  70
 6  77  50  64  -1   1   0 0.00  0.0    0  7.3 14 150   M    M   2        20 180
 7  84  65  75  10   0  10 0.14  0.0    0  9.9 20 290   M    M   6 13     30 200
 8  82  57  70   4   0   5 0.00  0.0    0  7.2 22 300   M    M   2        27 300
 9  92  54  73   7   0   8 0.00  0.0    0  3.9 15 270   M    M   1 1      22 250
10  85  62  74   8   0   9 0.00  0.0    0  6.7 14 290   M    M   0        18 330
11  66  59  63  -4   2   0 1.01  0.0    0  9.6 20  80   M    M   8 13     25  80
12  69  58  64  -3   1   0 0.23  0.0    0  8.8 18  70   M    M  10 1      23  70
13  73  61  67   0   0   2 0.04  0.0    0  4.1 10  90   M    M   9 1      14  80
14  83  64  74   7   0   9 0.00  0.0    0  2.8 10 280   M    M   5 1      14 240
15  79  61  70   2   0   5 0.12    M    M  4.9 21 320   M    M   5 1      29 330
16  79  54  67  -1   0   2 0.00    M    M  3.2 15  10   M    M   2 1      20  50
17  79  56  68   0   0   3 0.00    M    M  4.6 15 120   M    M   5        19 110
18  80  63  72   4   0   7 0.00  0.0    0  7.3 17 360   M    M   5        22  10
19  78  53  66  -3   0   1 0.00  0.0    0  6.3 13  90   M    M   0        16  90
20  72  52  62  -7   3   0 0.09  0.0    0  3.3 18 130   M    M   2 138    25 130
21  85  59  72   3   0   7 0.00  0.0    0  4.6 14 300   M    M   5 12     20 290
22  82  62  72   2   0   7 1.04  0.0    0  9.0 23 230   M    M   4 13     34 220
23  79  56  68  -2   0   3 0.00  0.0    0  5.7 21 320   M    M   1        31 320
24  80  53  67  -3   0   2 0.00  0.0    0  3.0 15 180   M    M   2 12     19 180
25  81  64  73   3   0   8 0.49  0.0    0  4.4 23  10   M    M   7 138    32  20
26  75  60  68  -2   0   3    T    M    M  4.6 13  70   M    M   5 1      18  80
27  80  57  69  -1   0   4 0.00    M    M  4.6 13 360   M    M   2 12     17  50
28  74  55  65  -6   0   0 0.05    M    M  3.7 12 170   M    M   6 1      14 160
================================================================================
SM 2194 1585        24 104  3.21     0.0 162.0          M      106
================================================================================
AV 78.4 56.6                               5.8 FASTST   M    M   4    MAX(MPH)
                                 MISC ---->  # 23 230               # 34  220
================================================================================
NOTES:
# LAST OF SEVERAL OCCURRENCES

COLUMN 17 PEAK WIND IN M.P.H.

PRELIMINARY LOCAL CLIMATOLOGICAL DATA (WS FORM: F-6) , PAGE 2

                                          STATION:  LONE ROCK WI
                                          MONTH:    JUNE
                                          YEAR:     2015
                                          LATITUDE:   43 12 N
                                          LONGITUDE:  90 11 W

[TEMPERATURE DATA]      [PRECIPITATION DATA]       SYMBOLS USED IN COLUMN 16

AVERAGE MONTHLY: 67.5   TOTAL FOR MONTH:   3.21    1 = FOG OR MIST
DPTR FM NORMAL:   0.1   DPTR FM NORMAL:   -1.20    2 = FOG REDUCING VISIBILITY
HIGHEST:    92 ON  9    GRTST 24HR  1.24 ON 11-12      TO 1/4 MILE OR LESS
LOWEST:     39 ON  1                               3 = THUNDER
                        SNOW, ICE PELLETS, HAIL    4 = ICE PELLETS
                        TOTAL MONTH:   0.0 INCH    5 = HAIL
                        GRTST 24HR     0.0         6 = FREEZING RAIN OR DRIZZLE
                        GRTST DEPTH:   0           7 = DUSTSTORM OR SANDSTORM:
                                                       VSBY 1/2 MILE OR LESS
                                                   8 = SMOKE OR HAZE
[NO. OF DAYS WITH]      [WEATHER - DAYS WITH]      9 = BLOWING SNOW
                                                   X = TORNADO
MAX 32 OR BELOW:   0    0.01 INCH OR MORE:   9
MAX 90 OR ABOVE:   1    0.10 INCH OR MORE:   6
MIN 32 OR BELOW:   0    0.50 INCH OR MORE:   2
MIN  0 OR BELOW:   0    1.00 INCH OR MORE:   2

[HDD (BASE 65) ]
TOTAL THIS MO.    24    CLEAR  (SCALE 0-3)  12
DPTR FM NORMAL   -23    PTCLDY (SCALE 4-7)  14
TOTAL FM JUL 1  7109    CLOUDY (SCALE 8-10)  2
DPTR FM NORMAL  -190

[CDD (BASE 65) ]
TOTAL THIS MO.   104
DPTR FM NORMAL    -7    [PRESSURE DATA]
TOTAL FM JAN 1   153    HIGHEST SLP M ON M
DPTR FM NORMAL     8    LOWEST  SLP 29.59 ON M

[REMARKS]
