000
CXUS53 KMKX 220654
CF6LNR
PRELIMINARY LOCAL CLIMATOLOGICAL DATA (WS FORM: F-6)

                                          STATION:   LONE ROCK WI
                                          MONTH:     AUGUST
                                          YEAR:      2014
                                          LATITUDE:   43 12 N
                                          LONGITUDE:  90 11 W

  TEMPERATURE IN F:       :PCPN:    SNOW:  WIND      :SUNSHINE: SKY     :PK WND
================================================================================
1   2   3   4   5  6A  6B    7    8   9   10  11  12  13   14  15   16   17  18
                                     12Z  AVG MX 2MIN
DY MAX MIN AVG DEP HDD CDD  WTR  SNW DPTH SPD SPD DIR MIN PSBL S-S WX    SPD DR
================================================================================

 1  87  57  72   1   0   7 0.00    M    M  3.6 23  60   M    M   3 1238   31  60
 2  89  57  73   2   0   8 0.00    M    M  1.4  7 200   M    M   1 8       M  M
 3  90  60  75   4   0  10 0.00    M    M  3.5 14 240   M    M   3 128    17 260
 4  89  63  76   5   0  11 0.25  0.0    0  2.8 22  10   M    M   4 138    28  10
 5  79  64  72   2   0   7 0.00  0.0    0  2.1  8  20   M    M   7 128    11  30
 6  84  62  73   3   0   8 0.00  0.0    0  1.2  7 170   M    M   4 128    10  40
 7  85  57  71   1   0   6 0.00  0.0    0  6.0 16 100   M    M   3 128    20 100
 8  87  58  73   3   0   8 0.00  0.0    0  4.5 16  90   M    M   1 18     22  90
 9  86  59  73   3   0   8 0.00  0.0    0  4.5 13  70   M    M   1 18     16  90
10  87  57  72   2   0   7 0.00  0.0    0  2.0 12 110   M    M   3 18     14 100
11  85  63  74   4   0   9 0.02    M    M  7.2 22 280   M    M   7 128    28 340
12  81  57  69  -1   0   4 0.00    M    M  9.9 23 330   M    M   3        33 320
13  88  54  71   1   0   6 0.00    M    M  5.0 15 340   M    M   2        19 300
14  81  52  67  -3   0   2 0.00  0.0    0  3.5 12  30   M    M   0        14  40
15  85  52  69  -1   0   4 0.00  0.0    0  4.2 14 190   M    M   2 18     20 190
16  89  60  75   5   0  10 0.00  0.0    0  2.4 10 320   M    M   5 18     12 310
17  83  68  76   6   0  11    T  0.0    0  6.0 15  90   M    M   7 8      19  90
18  90  66  78   8   0  13 0.08    M    M  7.8 25 270   M    M   6 38     35 260
19  86  66  76   7   0  11 0.05    M    M  5.6 17 290   M    M   3 138    24 300
20  90  63  77   8   0  12 0.00  0.0    0  2.1 14 260   M    M   4 128    17 260
21  85  70  78   9   0  13 0.43    M    M  4.9 16 110   M    M   6 138    21 100
================================================================================
SM 1806 1265         0 175  0.83     0.0  90.2          M       75
================================================================================
AV 86.0 60.2                               4.3 FASTST   M    M   4    MAX(MPH)
                                 MISC ---->  # 25 270               # 35  260
================================================================================
NOTES:
# LAST OF SEVERAL OCCURRENCES

COLUMN 17 PEAK WIND IN M.P.H.

PRELIMINARY LOCAL CLIMATOLOGICAL DATA (WS FORM: F-6) , PAGE 2

                                          STATION:  LONE ROCK WI
                                          MONTH:    AUGUST
                                          YEAR:     2014
                                          LATITUDE:   43 12 N
                                          LONGITUDE:  90 11 W

[TEMPERATURE DATA]      [PRECIPITATION DATA]       SYMBOLS USED IN COLUMN 16

AVERAGE MONTHLY: 73.1   TOTAL FOR MONTH:   0.83    1 = FOG OR MIST
DPTR FM NORMAL:   3.1   DPTR FM NORMAL:   -2.44    2 = FOG REDUCING VISIBILITY
HIGHEST:    90 ON 20,18 GRTST 24HR  0.43 ON 21-21      TO 1/4 MILE OR LESS
LOWEST:     52 ON 15,14                            3 = THUNDER
                        SNOW, ICE PELLETS, HAIL    4 = ICE PELLETS
                        TOTAL MONTH:   0.0 INCH    5 = HAIL
                        GRTST 24HR     0.0         6 = FREEZING RAIN OR DRIZZLE
                        GRTST DEPTH:   0           7 = DUSTSTORM OR SANDSTORM:
                                                       VSBY 1/2 MILE OR LESS
                                                   8 = SMOKE OR HAZE
[NO. OF DAYS WITH]      [WEATHER - DAYS WITH]      9 = BLOWING SNOW
                                                   X = TORNADO
MAX 32 OR BELOW:   0    0.01 INCH OR MORE:   5
MAX 90 OR ABOVE:   3    0.10 INCH OR MORE:   2
MIN 32 OR BELOW:   0    0.50 INCH OR MORE:   0
MIN  0 OR BELOW:   0    1.00 INCH OR MORE:   0

[HDD (BASE 65) ]
TOTAL THIS MO.     0    CLEAR  (SCALE 0-3)  10
DPTR FM NORMAL   -12    PTCLDY (SCALE 4-7)  11
TOTAL FM JUL 1     1    CLOUDY (SCALE 8-10)  0
DPTR FM NORMAL   -20

[CDD (BASE 65) ]
TOTAL THIS MO.   175
DPTR FM NORMAL    55    [PRESSURE DATA]
TOTAL FM JAN 1   656    HIGHEST SLP M ON M
DPTR FM NORMAL   175    LOWEST  SLP 29.63 ON 19

[REMARKS]
