000
CXUS53 KLMK 260800
CF6LOU
PRELIMINARY LOCAL CLIMATOLOGICAL DATA (WS FORM: F-6)

                                          STATION:   LOUISVILLE BOWMAN KY
                                          MONTH:     FEBRUARY
                                          YEAR:      2015
                                          LATITUDE:   38 13 N
                                          LONGITUDE:  85 40 W

  TEMPERATURE IN F:       :PCPN:    SNOW:  WIND      :SUNSHINE: SKY     :PK WND
================================================================================
1   2   3   4   5  6A  6B    7    8   9   10  11  12  13   14  15   16   17  18
                                     12Z  AVG MX 2MIN
DY MAX MIN AVG DEP HDD CDD  WTR  SNW DPTH SPD SPD DIR MIN PSBL S-S WX    SPD DR
================================================================================

 1  50  38  44   9  21   0 0.43    M    M  8.9 20 270   M    M  10 1      27 270
 2  43  23  33  -2  32   0    T    M    M 13.2 29 300   M    M  10        36 290
 3  40  22  31  -5  34   0 0.00    M    M  7.3 14 200   M    M   3        19 210
 4  53  27  40   4  25   0 0.01    M    M  9.2 22 350   M    M   3 1      33 350
 5  30  16  23 -13  42   0    T    M    M  7.1 20 360   M    M   3 1      28  10
 6  44  16  30  -6  35   0 0.00    M    M  3.5 13 230   M    M   0        16 240
 7  62  32  47  11  18   0 0.00    M    M  8.8 21 200   M    M   0        29 210
 8  59  50  55  19  10   0 0.01    M    M  9.0 20 200   M    M   6 18     28 200
 9  53  30  42   5  23   0 0.00    M    M 10.3 17 350   M    M  10 18     24 350
10  42  28  35  -2  30   0 0.00    M    M  6.6 16 350   M    M   6        20 360
11  49  23  36  -1  29   0 0.00    M    M  7.9 22 280   M    M   4 18     28 280
12  34  20  27 -10  38   0    T    M    M 12.2 23 310   M    M   9        32 310
13  34  15  25 -13  40   0 0.00    M    M  5.5 15 230   M    M   3        22 230
14  37  12  25 -13  40   0    T    M    M 14.8 32 310   M    M   6 1      44 310
15  24   8  16 -22  49   0    T    M    M  7.1 14 320   M    M   3        18 320
16  20  12  16 -22  49   0 0.46    M    M  7.7 14  60   M    M  10 12     18  70
17  26   0  13 -26  52   0    T    M    M  3.7 13 230   M    M   2 1      18 230
18  24   4  14 -25  51   0 0.04    M    M 15.5 26 290   M    M   7 189    34 280
19  11  -1   5 -34  60   0 0.00    M    M  9.4 20 290   M    M   1        25 290
20  25  -5  10 -29  55   0 0.03    M    M  5.0 13 130   M    M   6        18 150
21  37  25  31  -9  34   0 0.89    M    M  4.8 12 350   M    M  10 16     15 350
22  35  23  29 -11  36   0 0.00    M    M  6.5 16 360   M    M   6 18     25 340
23  24  13  19 -21  46   0 0.00    M    M  7.9 16  30   M    M   4        23 360
24  31  10  21 -20  44   0 0.00    M    M  7.1 17 230   M    M   1        22 200
25  38  20  29 -12  36   0 0.00    M    M  3.3 10 210   M    M   2        14 230
================================================================================
SM  925  461       929   0  1.87    M    202.3          M      125
================================================================================
AV 37.0 18.4                               8.1 FASTST   M    M   5    MAX(MPH)
                                 MISC ---->  # 32 310               # 44  310
================================================================================
NOTES:
# LAST OF SEVERAL OCCURRENCES

COLUMN 17 PEAK WIND IN M.P.H.

PRELIMINARY LOCAL CLIMATOLOGICAL DATA (WS FORM: F-6) , PAGE 2

                                          STATION:  LOUISVILLE BOWMAN KY
                                          MONTH:    FEBRUARY
                                          YEAR:     2015
                                          LATITUDE:   38 13 N
                                          LONGITUDE:  85 40 W

[TEMPERATURE DATA]      [PRECIPITATION DATA]       SYMBOLS USED IN COLUMN 16

AVERAGE MONTHLY: 27.7   TOTAL FOR MONTH:   1.87    1 = FOG OR MIST
DPTR FM NORMAL: -10.0   DPTR FM NORMAL:   -0.98    2 = FOG REDUCING VISIBILITY
HIGHEST:    62 ON  7    GRTST 24HR  0.92 ON 20-21      TO 1/4 MILE OR LESS
LOWEST:     -5 ON 20                               3 = THUNDER
                        SNOW, ICE PELLETS, HAIL    4 = ICE PELLETS
                        TOTAL MONTH:    M          5 = HAIL
                        GRTST 24HR    M  ON   M    6 = FREEZING RAIN OR DRIZZLE
                        GRTST DEPTH:  M  ON   M    7 = DUSTSTORM OR SANDSTORM:
                                                       VSBY 1/2 MILE OR LESS
                                                   8 = SMOKE OR HAZE
[NO. OF DAYS WITH]      [WEATHER - DAYS WITH]      9 = BLOWING SNOW
                                                   X = TORNADO
MAX 32 OR BELOW:   9    0.01 INCH OR MORE:   7
MAX 90 OR ABOVE:   0    0.10 INCH OR MORE:   3
MIN 32 OR BELOW:  23    0.50 INCH OR MORE:   1
MIN  0 OR BELOW:   3    1.00 INCH OR MORE:   0

[HDD (BASE 65) ]
TOTAL THIS MO.   929    CLEAR  (SCALE 0-3)  11
DPTR FM NORMAL   248    PTCLDY (SCALE 4-7)   8
TOTAL FM JUL 1  3660    CLOUDY (SCALE 8-10)  6
DPTR FM NORMAL   370

[CDD (BASE 65) ]
TOTAL THIS MO.     0
DPTR FM NORMAL     0    [PRESSURE DATA]
TOTAL FM JAN 1     0    HIGHEST SLP M ON M
DPTR FM NORMAL     0    LOWEST  SLP 29.55 ON  1

[REMARKS]
