000
CXUS53 KLMK 200800
CF6LOU
PRELIMINARY LOCAL CLIMATOLOGICAL DATA (WS FORM: F-6)

                                          STATION:   LOUISVILLE BOWMAN KY
                                          MONTH:     SEPTEMBER
                                          YEAR:      2017
                                          LATITUDE:   38 13 N
                                          LONGITUDE:  85 40 W

  TEMPERATURE IN F:       :PCPN:    SNOW:  WIND      :SUNSHINE: SKY     :PK WND
================================================================================
1   2   3   4   5  6A  6B    7    8   9   10  11  12  13   14  15   16   17  18
                                     12Z  AVG MX 2MIN
DY MAX MIN AVG DEP HDD CDD  WTR  SNW DPTH SPD SPD DIR MIN PSBL S-S WX    SPD DR
================================================================================

 1  73  55  64 -11   1   0 3.23    M    M 14.1 21  10   M    M   9 1      31 360
 2  66  55  61 -14   4   0 0.39    M    M  5.5 13 350   M    M   8 1      20 360
 3  82  53  68  -7   0   3 0.00    M    M  4.3 14 240   M    M   3 12     17 240
 4  87  66  77   3   0  12 0.00    M    M 11.7 21 230   M    M   1 1      28 230
 5  77  56  67  -7   0   2 0.08    M    M  7.0 17 200   M    M   3 13     23 200
 6  71  49  60 -14   5   0 0.00    M    M  3.5 15 280   M    M   3        18 270
 7  71  48  60 -13   5   0 0.00    M    M  4.2 14 290   M    M   2 8      18 290
 8  78  50  64  -9   1   0 0.00    M    M  2.3  8 120   M    M   1        13 280
 9  77  52  65  -7   0   0 0.00    M    M  4.9 15  40   M    M   1 1      19  40
10  77  53  65  -7   0   0 0.00    M    M  8.8 16  60   M    M   0        21  70
11  71  52  62 -10   3   0 0.00    M    M  7.9 16  50   M    M   0        22  30
12  76  59  68  -3   0   3 0.41    M    M 10.0 22 170   M    M   8 1      29 180
13  65  61  63  -8   2   0 0.29    M    M  6.8 14 160   M    M  10 1      18 170
14  76  62  69  -1   0   4 0.02    M    M  1.3  6 240   M    M   7 1       7 260
15  84  59  72   2   0   7 0.00    M    M  2.0  7 130   M    M   4 12     10  80
16  87  61  74   4   0   9 0.00    M    M  1.2  7  90   M    M   0 1       9 120
17  87  61  74   5   0   9 0.00    M    M  1.3  9 160   M    M   1 1      12 200
18  85  64  75   6   0  10    T    M    M  1.2 12 290   M    M   3 1      14 240
19  76  67  72   4   0   7 0.68    M    M  2.8  9 300   M    M   6 13     13 290
================================================================================
SM 1466 1083        21  66  5.10    M    100.8          M       70
================================================================================
AV 77.2 57.0                               5.3 FASTST   M    M   4    MAX(MPH)
                                 MISC ---->  # 22 170               # 31  360
================================================================================
NOTES:
# LAST OF SEVERAL OCCURRENCES

COLUMN 17 PEAK WIND IN M.P.H.

PRELIMINARY LOCAL CLIMATOLOGICAL DATA (WS FORM: F-6) , PAGE 2

                                          STATION:  LOUISVILLE BOWMAN KY
                                          MONTH:    SEPTEMBER
                                          YEAR:     2017
                                          LATITUDE:   38 13 N
                                          LONGITUDE:  85 40 W

[TEMPERATURE DATA]      [PRECIPITATION DATA]       SYMBOLS USED IN COLUMN 16

AVERAGE MONTHLY: 67.1   TOTAL FOR MONTH:   5.10    1 = FOG OR MIST
DPTR FM NORMAL:  -4.9   DPTR FM NORMAL:    3.22    2 = FOG REDUCING VISIBILITY
HIGHEST:    87 ON 17,16 GRTST 24HR  3.23 ON  1- 1      TO 1/4 MILE OR LESS
LOWEST:     48 ON  7                               3 = THUNDER
                        SNOW, ICE PELLETS, HAIL    4 = ICE PELLETS
                        TOTAL MONTH:    M          5 = HAIL
                        GRTST 24HR    M  ON   M    6 = FREEZING RAIN OR DRIZZLE
                        GRTST DEPTH:  M  ON   M    7 = DUSTSTORM OR SANDSTORM:
                                                       VSBY 1/2 MILE OR LESS
                                                   8 = SMOKE OR HAZE
[NO. OF DAYS WITH]      [WEATHER - DAYS WITH]      9 = BLOWING SNOW
                                                   X = TORNADO
MAX 32 OR BELOW:   0    0.01 INCH OR MORE:   7
MAX 90 OR ABOVE:   0    0.10 INCH OR MORE:   5
MIN 32 OR BELOW:   0    0.50 INCH OR MORE:   2
MIN  0 OR BELOW:   0    1.00 INCH OR MORE:   1

[HDD (BASE 65) ]
TOTAL THIS MO.    21    CLEAR  (SCALE 0-3)  11
DPTR FM NORMAL    15    PTCLDY (SCALE 4-7)   5
TOTAL FM JUL 1    21    CLOUDY (SCALE 8-10)  3
DPTR FM NORMAL    15

[CDD (BASE 65) ]
TOTAL THIS MO.    66
DPTR FM NORMAL   -73    [PRESSURE DATA]
TOTAL FM JAN 1  1400    HIGHEST SLP M ON M
DPTR FM NORMAL    22    LOWEST  SLP 29.72 ON 12

[REMARKS]
