000
CXUS55 KJKL 211000
CF6LOZ
PRELIMINARY LOCAL CLIMATOLOGICAL DATA (WS FORM: F-6)

                                          STATION:   LONDON KY
                                          MONTH:     JULY
                                          YEAR:      2017
                                          LATITUDE:   37  4 N
                                          LONGITUDE:  84  5 W

  TEMPERATURE IN F:       :PCPN:    SNOW:  WIND      :SUNSHINE: SKY     :PK WND
================================================================================
1   2   3   4   5  6A  6B    7    8   9   10  11  12  13   14  15   16   17  18
                                     12Z  AVG MX 2MIN
DY MAX MIN AVG DEP HDD CDD  WTR  SNW DPTH SPD SPD DIR MIN PSBL S-S WX    SPD DR
================================================================================

 1  86  69  78   2   0  13 0.05    M    M  5.8 22 250   M    M   5 3      28 260
 2  86  66  76   0   0  11 0.00    M    M  2.1  9 240   M    M   5 1      11 250
 3  84  68  76   0   0  11 1.35    M    M  3.2 33 190   M    M   4 13     45 200
 4  81  69  75  -1   0  10 0.39    M    M  2.6 13 230   M    M   7 1      17 200
 5  84  69  77   1   0  12 0.38    M    M  4.0 20 260   M    M   6 123    27 250
 6  84  69  77   1   0  12 1.01    M    M  6.3 35 260   M    M   6 138    43 250
 7  85  68  77   1   0  12 0.00    M    M  5.6 18  20   M    M   6 3      25  20
 8  84  68  76   0   0  11 0.20    M    M  5.0 16 170   M    M   6 13     21 200
 9  85  62  74  -2   0   9 0.00    M    M  2.9 12 260   M    M   1 1      14 250
10  87  61  74  -2   0   9 0.00    M    M  4.8 13 210   M    M   0        18 200
11  87  65  76   0   0  11 0.00    M    M  4.6 15 270   M    M   0        21 280
12  90  66  78   2   0  13 0.00    M    M  4.4 14 210   M    M   2        19 220
13  88  72  80   4   0  15 0.02    M    M  5.8 20 270   M    M   1 3      26 260
14  90  72  81   5   0  16    T    M    M  6.5 15 250   M    M   4 3      19 240
15  86  65  76   0   0  11 0.00    M    M  3.6 12 310   M    M   4 1      16 290
16  86  59  73  -3   0   8 0.00    M    M  2.3 10 250   M    M   0        13 270
17  87  61  74  -2   0   9 0.00    M    M  1.3  8  60   M    M   1        11 160
18  89  64  77   1   0  12 0.00    M    M  2.3  9 270   M    M   1        13 200
19  91  66  79   3   0  14 0.00    M    M  3.1 13 250   M    M   1        15 290
20  91  66  79   3   0  14 0.00    M    M  2.5 10  10   M    M   1 18     14 360
================================================================================
SM 1731 1325         0 233  3.40    M     78.7          M       61
================================================================================
AV 86.6 66.3                               3.9 FASTST   M    M   3    MAX(MPH)
                                 MISC ---->  # 35 260               # 45  200
================================================================================
NOTES:
# LAST OF SEVERAL OCCURRENCES

COLUMN 17 PEAK WIND IN M.P.H.

PRELIMINARY LOCAL CLIMATOLOGICAL DATA (WS FORM: F-6) , PAGE 2

                                          STATION:  LONDON KY
                                          MONTH:    JULY
                                          YEAR:     2017
                                          LATITUDE:   37  4 N
                                          LONGITUDE:  84  5 W

[TEMPERATURE DATA]      [PRECIPITATION DATA]       SYMBOLS USED IN COLUMN 16

AVERAGE MONTHLY: 76.4   TOTAL FOR MONTH:   3.40    1 = FOG OR MIST
DPTR FM NORMAL:   0.4   DPTR FM NORMAL:    0.77    2 = FOG REDUCING VISIBILITY
HIGHEST:    91 ON 20,19 GRTST 24HR  1.35 ON  3- 3      TO 1/4 MILE OR LESS
LOWEST:     59 ON 16                               3 = THUNDER
                        SNOW, ICE PELLETS, HAIL    4 = ICE PELLETS
                        TOTAL MONTH:    M          5 = HAIL
                        GRTST 24HR    M  ON   M    6 = FREEZING RAIN OR DRIZZLE
                        GRTST DEPTH:  M  ON   M    7 = DUSTSTORM OR SANDSTORM:
                                                       VSBY 1/2 MILE OR LESS
                                                   8 = SMOKE OR HAZE
[NO. OF DAYS WITH]      [WEATHER - DAYS WITH]      9 = BLOWING SNOW
                                                   X = TORNADO
MAX 32 OR BELOW:   0    0.01 INCH OR MORE:   7
MAX 90 OR ABOVE:   4    0.10 INCH OR MORE:   5
MIN 32 OR BELOW:   0    0.50 INCH OR MORE:   2
MIN  0 OR BELOW:   0    1.00 INCH OR MORE:   2

[HDD (BASE 65) ]
TOTAL THIS MO.     0    CLEAR  (SCALE 0-3)  10
DPTR FM NORMAL     0    PTCLDY (SCALE 4-7)  10
TOTAL FM JUL 1     0    CLOUDY (SCALE 8-10)  0
DPTR FM NORMAL     0

[CDD (BASE 65) ]
TOTAL THIS MO.   233
DPTR FM NORMAL    13    [PRESSURE DATA]
TOTAL FM JAN 1   571    HIGHEST SLP M ON M
DPTR FM NORMAL    -6    LOWEST  SLP 29.89 ON  8

[REMARKS]
