000
CXUS55 KJKL 032012
CF6LOZ
PRELIMINARY LOCAL CLIMATOLOGICAL DATA (WS FORM: F-6)

                                          STATION:   LONDON KY
                                          MONTH:     DECEMBER
                                          YEAR:      2001
                                          LATITUDE:   37  4 N
                                          LONGITUDE:  84  5 W

  TEMPERATURE IN F:       :PCPN:    SNOW:  WIND      :SUNSHINE: SKY     :PK WND
================================================================================
1   2   3   4   5  6A  6B    7    8   9   10  11  12  13   14  15   16   17  18
                                     12Z  AVG MX 2MIN
DY MAX MIN AVG DEP HDD CDD  WTR  SNW DPTH SPD SPD DIR MIN PSBL S-S WX    SPD DR
================================================================================

 1  56  35  46   4  19   0 0.00    M    M  1.6 10 260   M    M   2 1      12 260
 2  60  34  47   5  18   0 0.00    M    M  4.2 10  10   M    M   2 18     13  10
 3  65  29  47   5  18   0 0.00    M    M  1.1 13 240   M    M   0 8      15 240
 4  70  35  53  12  12   0 0.00    M    M  2.2 10 230   M    M   2        13 230
 5  72  39  56  15   9   0 0.00    M    M  3.5 12 150   M    M   0 1      14 180
 6  67  43  55  14  10   0 0.04    M    M  5.3 16 280   M    M   7 1      22 210
 7  59  53  56  16   9   0    T    M    M  3.0  9 240   M    M   9 1      12 250
 8  60  46  53  13  12   0 0.77    M    M  6.2 15 300   M    M  10 1      18 290
 9  46  37  42   2  23   0 0.00    M    M  6.9 13 320   M    M   6 1      16 330
10  51  36  44   4  21   0 0.45    M    M  1.4  6 290   M    M   7 1       7 290
11  60  45  53  14  12   0 0.01    M    M  3.7  8  30   M    M  10 8      10  20
12  60  45  53  14  12   0    T    M    M  4.9 16 180   M    M   5 18     20 180
13  63  53  58  19   7   0 1.25    M    M  7.0 18 230   M    M   8 1      24 220
14  67  46  57  18   8   0 0.46    M    M 10.6 36 240   M    M   7 1      49 260
15  51  40  46   8  19   0 0.00    M    M  5.2 12  80   M    M   5        15  40
16  64  39  52  14  13   0    T    M    M  5.5 17 190   M    M   2        23 180
17  61  47  54  16  11   0 0.42    M    M 11.3 28 270   M    M   6 1      36 280
18  51  33  42   4  23   0 0.02    M    M  4.7 18 300   M    M   5 1      25 310
19  54  29  42   4  23   0    T    M    M  8.4 25 270   M    M   4 1      30 260
20  44  23  34  -3  31   0 0.00    M    M  5.2 17 330   M    M   1        22 330
21  49  22  36  -1  29   0 0.00    M    M  1.7 10 290   M    M   0        12 260
22  57  24  41   4  24   0 0.00    M    M  6.0 16 180   M    M   2        23 180
23  53  32  43   6  22   0 0.51    M    M  8.4 18 170   M    M   6 1      25 280
24  36  23  30  -7  35   0 0.00    M    M  7.5 15 250   M    M   2        18 250
25  29  17  23 -14  42   0 0.00    M    M  3.0 10 270   M    M   1        12 270
26  31  12  22 -14  43   0    T    M    M  6.0 22 260   M    M   4        28 250
27  35  21  28  -8  37   0    T    M    M  7.8 20 250   M    M   6        24 240
28  44  26  35  -1  30   0 0.00    M    M  8.8 21 260   M    M   4        24 280
29  39  16  28  -8  37   0 0.02    M    M  7.2 15 290   M    M   8 1      18 290
30  27  10  19 -17  46   0 0.00    M    M  3.7 10 240   M    M   1        15 270
31  27  12  20 -16  45   0 0.00    M    M  2.8 12 300   M    M   0        14 300
================================================================================
SM 1608 1002       700   0  3.95    M    164.8          M      132
================================================================================
AV 51.9 32.3                               5.3 FASTST   M    M   4    MAX(MPH)
                                 MISC ---->  # 36 240               # 49  260
================================================================================
NOTES:
# LAST OF SEVERAL OCCURRENCES

COLUMN 17 PEAK WIND IN M.P.H.

PRELIMINARY LOCAL CLIMATOLOGICAL DATA (WS FORM: F-6) , PAGE 2

                                          STATION:  LONDON KY
                                          MONTH:    DECEMBER
                                          YEAR:     2001
                                          LATITUDE:   37  4 N
                                          LONGITUDE:  84  5 W

[TEMPERATURE DATA]      [PRECIPITATION DATA]       SYMBOLS USED IN COLUMN 16

AVERAGE MONTHLY: 42.1   TOTAL FOR MONTH:   3.95    1 = FOG OR MIST
DPTR FM NORMAL:   3.6   DPTR FM NORMAL:   -0.29    2 = FOG REDUCING VISIBILITY
HIGHEST:    72 ON  5    GRTST 24HR  1.25 ON 13-13      TO 1/4 MILE OR LESS
LOWEST:     10 ON 30                               3 = THUNDER
                        SNOW, ICE PELLETS, HAIL    4 = ICE PELLETS
                        TOTAL MONTH:    M          5 = HAIL
                        GRTST 24HR    M  ON   M    6 = FREEZING RAIN OR DRIZZLE
                        GRTST DEPTH:  M  ON   M    7 = DUSTSTORM OR SANDSTORM:
                                                       VSBY 1/2 MILE OR LESS
                                                   8 = SMOKE OR HAZE
[NO. OF DAYS WITH]      [WEATHER - DAYS WITH]      9 = BLOWING SNOW
                                                   X = TORNADO
MAX 32 OR BELOW:   4    0.01 INCH OR MORE:  10
MAX 90 OR ABOVE:   0    0.10 INCH OR MORE:   6
MIN 32 OR BELOW:  14    0.50 INCH OR MORE:   3
MIN  0 OR BELOW:   0    1.00 INCH OR MORE:   1

[HDD (BASE 65) ]
TOTAL THIS MO.   700    CLEAR  (SCALE 0-3)  13
DPTR FM NORMAL  -122    PTCLDY (SCALE 4-7)  14
TOTAL FM JUL 1  1526    CLOUDY (SCALE 8-10)  4
DPTR FM NORMAL  -126

[CDD (BASE 65) ]
TOTAL THIS MO.     0
DPTR FM NORMAL    -1    [PRESSURE DATA]
TOTAL FM JAN 1  1047    HIGHEST SLP M ON M
DPTR FM NORMAL  -144    LOWEST  SLP M ON M

[REMARKS]
#FINAL-12-01#
