000
CXUS55 KJKL 260800
CF6LOZ
PRELIMINARY LOCAL CLIMATOLOGICAL DATA (WS FORM: F-6)

                                          STATION:   LONDON KY
                                          MONTH:     MAY
                                          YEAR:      2016
                                          LATITUDE:   37  4 N
                                          LONGITUDE:  84  5 W

  TEMPERATURE IN F:       :PCPN:    SNOW:  WIND      :SUNSHINE: SKY     :PK WND
================================================================================
1   2   3   4   5  6A  6B    7    8   9   10  11  12  13   14  15   16   17  18
                                     12Z  AVG MX 2MIN
DY MAX MIN AVG DEP HDD CDD  WTR  SNW DPTH SPD SPD DIR MIN PSBL S-S WX    SPD DR
================================================================================

 1  82  60  71  10   0   6    M    M    M  5.8 16 300   M    M   7 13     19 300
 2  70  58  64   3   1   0    M    M    M  4.8 15 340   M    M   9 13     22 290
 3  65  54  60  -2   5   0 0.00    M    M  7.4 16 290   M    M   9 1      20 240
 4  65  45  55  -7  10   0 0.40    M    M  6.3 28 290   M    M   7 138    32 290
 5  54  41  48 -14  17   0 0.09    M    M  6.1 17 330   M    M   8 1      24 350
 6  69  41  55  -7  10   0 0.00    M    M  5.7 18 350   M    M   2 1      26 320
 7  80  44  62   0   3   0    M    M    M  6.2 31 320   M    M   3 13     47 300
 8  73  58  66   3   0   1 0.02    M    M  4.1 14  40   M    M   6 1      17  40
 9  78  56  67   4   0   2    T    M    M  3.1 14 230   M    M   2        20 230
10  80  61  71   8   0   6    M    M    M  5.7 22 190   M    M   4 13     31 200
11  79  61  70   6   0   5 1.94    M    M  5.3 23 310   M    M   4 13     37 340
12  80  59  70   6   0   5 0.23    M    M  5.5 21 180   M    M   5 13     26 180
13  72  52  62  -2   3   0 0.01    M    M  6.6 16 260   M    M   3 1      21 290
14  59  44  52 -12  13   0 0.02    M    M  8.0 21 290   M    M   7 1      28 300
15  62  38  50 -14  15   0 0.00    M    M  5.9 17 270   M    M   4        23 270
16  63  40  52 -13  13   0 0.02    M    M  3.6  9  20   M    M   7        12 100
17  67  49  58  -7   7   0 0.39    M    M  4.3 12  20   M    M   9 1      15 360
18  56  49  53 -12  12   0 0.50    M    M  6.4 13  20   M    M  10 1      16  20
19  70  46  58  -8   7   0 0.00    M    M  6.3 15  30   M    M   0 1      22  30
20  70  51  61  -5   4   0 1.02    M    M  3.5 12 120   M    M   5 1      16 140
21  68  56  62  -4   3   0 0.02    M    M  7.0 20 280   M    M  10 18     26 270
22  76  49  63  -3   2   0 0.00    M    M  5.3 16 350   M    M   3 12     23  10
23  76  47  62  -4   3   0 0.00    M    M  2.3 13  30   M    M   1 1      17 100
24  80  49  65  -2   0   0 0.00    M    M  2.6 10 250   M    M   0        14 230
25  83  54  69   2   0   4 0.14    M    M  4.4 18 240   M    M   4        23 250
================================================================================
SM 1777 1262       128  29  4.80    M    132.2          M      129
================================================================================
AV 71.1 50.5                               5.3 FASTST   M    M   5    MAX(MPH)
                                 MISC ---->  # 31 320               # 47  300
================================================================================
NOTES:
# LAST OF SEVERAL OCCURRENCES

COLUMN 17 PEAK WIND IN M.P.H.

PRELIMINARY LOCAL CLIMATOLOGICAL DATA (WS FORM: F-6) , PAGE 2

                                          STATION:  LONDON KY
                                          MONTH:    MAY
                                          YEAR:     2016
                                          LATITUDE:   37  4 N
                                          LONGITUDE:  84  5 W

[TEMPERATURE DATA]      [PRECIPITATION DATA]       SYMBOLS USED IN COLUMN 16

AVERAGE MONTHLY: 60.8   TOTAL FOR MONTH:   4.80    1 = FOG OR MIST
DPTR FM NORMAL:  -3.2   DPTR FM NORMAL:    0.65    2 = FOG REDUCING VISIBILITY
HIGHEST:    83 ON 25    GRTST 24HR  1.97 ON 10-11      TO 1/4 MILE OR LESS
LOWEST:     38 ON 15                               3 = THUNDER
                        SNOW, ICE PELLETS, HAIL    4 = ICE PELLETS
                        TOTAL MONTH:    M          5 = HAIL
                        GRTST 24HR    M  ON   M    6 = FREEZING RAIN OR DRIZZLE
                        GRTST DEPTH:  M  ON   M    7 = DUSTSTORM OR SANDSTORM:
                                                       VSBY 1/2 MILE OR LESS
                                                   8 = SMOKE OR HAZE
[NO. OF DAYS WITH]      [WEATHER - DAYS WITH]      9 = BLOWING SNOW
                                                   X = TORNADO
MAX 32 OR BELOW:   0    0.01 INCH OR MORE:  13
MAX 90 OR ABOVE:   0    0.10 INCH OR MORE:   7
MIN 32 OR BELOW:   0    0.50 INCH OR MORE:   3
MIN  0 OR BELOW:   0    1.00 INCH OR MORE:   2

[HDD (BASE 65) ]
TOTAL THIS MO.   128    CLEAR  (SCALE 0-3)   8
DPTR FM NORMAL    42    PTCLDY (SCALE 4-7)  11
TOTAL FM JUL 1  3674    CLOUDY (SCALE 8-10)  6
DPTR FM NORMAL  -513

[CDD (BASE 65) ]
TOTAL THIS MO.    29
DPTR FM NORMAL   -32    [PRESSURE DATA]
TOTAL FM JAN 1    51    HIGHEST SLP M ON M
DPTR FM NORMAL   -36    LOWEST  SLP 29.65 ON  4

[REMARKS]
