000
CXUS54 KLZK 301330
CF6LRF
PRELIMINARY LOCAL CLIMATOLOGICAL DATA (WS FORM: F-6)

                                          STATION:   Jacksonville/Little Rock AFB
                                          MONTH:     JULY
                                          YEAR:      2014
                                          LATITUDE:   34 55 N
                                          LONGITUDE:  92  9 W

  TEMPERATURE IN F:       :PCPN:    SNOW:  WIND      :SUNSHINE: SKY     :PK WND
================================================================================
1   2   3   4   5  6A  6B    7    8   9   10  11  12  13   14  15   16   17  18
                                     12Z  AVG MX 2MIN
DY MAX MIN AVG DEP HDD CDD  WTR  SNW DPTH SPD SPD DIR MIN PSBL S-S WX    SPD DR
================================================================================

 1  92  70  81   0   0  16    T  0.0    0 10.5 21 320   M    M   1 3      44 250
 2  89  69  79  -2   0  14 0.21  0.0    0  4.6 13 300   M    M   2 13     35 330
 3  83  64  74  -7   0   9 0.00  0.0    0  3.6  9  10   M    M   1         M  M
 4  83  61  72  -9   0   7 0.00  0.0    0  3.1  9  60   M    M   0         M  M
 5  86  60  73  -8   0   8 0.00  0.0    0  2.3  6 100   M    M   1 1       M  M
 6  88  63  76  -5   0  11 0.00  0.0    0  3.5 10 200   M    M   2         M  M
 7  92  72  82   0   0  17 0.00  0.0    0  7.8 17 230   M    M   2        21 230
 8  94  71  83   1   0  18 0.53  0.0    0  8.3 22 300   M    M   4 13     35 310
 9  87  71  79  -3   0  14 0.15  0.0    0  4.9 14 240   M    M   4 3       M  M
10  88  69  79  -3   0  14 0.11  0.0    0  3.1 12 230   M    M   3 13     20 230
11  87  71  79  -3   0  14 0.10  0.0    0  3.9  9 120   M    M   3 1       M  M
12  87  71  79  -3   0  14 0.00  0.0    0  1.2  4  40   M    M   1 1       M  M
13  96  71  84   2   0  19 0.00  0.0    0  5.0 10 240   M    M   0 1       M  M
14  95  73  84   2   0  19 0.16  0.0    0  6.4 16 240   M    M   3 3      30 260
15  82  63  73  -9   0   8 0.00  0.0    0  5.0 13 360   M    M   2        17 360
16  82  58  70 -12   0   5    T  0.0    0  3.4  6 340   M    M   3         M  M
17  71  63  67 -15   0   2 0.45  0.0    0  2.9  6  20   M    M   7 1       M  M
18  73  61  67 -15   0   2 0.12  0.0    0  7.6 17  80   M    M   8 1      21  80
19  80  62  71 -12   0   6    T  0.0    0  2.9  7 340   M    M   6         M  M
20  84  60  72 -11   0   7 0.00  0.0    0  1.1  6 180   M    M   3 8       M  M
21  87  61  74  -9   0   9 0.00  0.0    0  1.2  7 110   M    M   1         M  M
22  87  64  76  -7   0  11 0.00  0.0    0  1.7  5  99   M    M   2         M  M
23  92  66  79  -4   0  14 1.25  0.0    0  3.3  9 170   M    M   2 123     M  M
24  85  66  76  -7   0  11    T  0.0    0  3.2  8  30   M    M   4 1       M  M
25  88  61  75  -8   0  10 0.00  0.0    0  3.2  8 150   M    M   0         M  M
26  94  70  82  -1   0  17    T  0.0    0  6.5 14 240   M    M   0         M  M
27  96  73  85   2   0  20    T  0.0    0  5.4 12 250   M    M   2         M  M
28  87  69  78  -5   0  13 0.00  0.0    0  4.2 12 320   M    M   1         M  M
29  84  67  76  -7   0  11 0.00  0.0    0  4.7  8  10   M    M   0         M  M
================================================================================
SM 2519 1920         0 340  3.08     0.0 124.5          M       68
================================================================================
AV 86.9 66.2                               4.3 FASTST   M    M   2    MAX(MPH)
                                 MISC ---->    22   M                 44    M
================================================================================
NOTES:
# LAST OF SEVERAL OCCURRENCES

COLUMN 17 PEAK WIND IN M.P.H.

PRELIMINARY LOCAL CLIMATOLOGICAL DATA (WS FORM: F-6) , PAGE 2

                                          STATION:  Jacksonville/Little Rock AFB
                                          MONTH:    JULY
                                          YEAR:     2014
                                          LATITUDE:   34 55 N
                                          LONGITUDE:  92  9 W

[TEMPERATURE DATA]      [PRECIPITATION DATA]       SYMBOLS USED IN COLUMN 16

AVERAGE MONTHLY: 76.5   TOTAL FOR MONTH:   3.08    1 = FOG OR MIST
DPTR FM NORMAL:  -5.6   DPTR FM NORMAL:    0.08    2 = FOG REDUCING VISIBILITY
HIGHEST:    96 ON 27,13 GRTST 24HR  1.25 ON 23-23      TO 1/4 MILE OR LESS
LOWEST:     58 ON 16                               3 = THUNDER
                        SNOW, ICE PELLETS, HAIL    4 = ICE PELLETS
                        TOTAL MONTH:   0.0 INCH    5 = HAIL
                        GRTST 24HR     0.0         6 = FREEZING RAIN OR DRIZZLE
                        GRTST DEPTH:   0           7 = DUSTSTORM OR SANDSTORM:
                                                       VSBY 1/2 MILE OR LESS
                                                   8 = SMOKE OR HAZE
[NO. OF DAYS WITH]      [WEATHER - DAYS WITH]      9 = BLOWING SNOW
                                                   X = TORNADO
MAX 32 OR BELOW:   0    0.01 INCH OR MORE:   9
MAX 90 OR ABOVE:   8    0.10 INCH OR MORE:   9
MIN 32 OR BELOW:   0    0.50 INCH OR MORE:   2
MIN  0 OR BELOW:   0    1.00 INCH OR MORE:   1

[HDD (BASE 65) ]
TOTAL THIS MO.     0    CLEAR  (SCALE 0-3)  22
DPTR FM NORMAL    -6    PTCLDY (SCALE 4-7)   7
TOTAL FM JUL 1     0    CLOUDY (SCALE 8-10)  0
DPTR FM NORMAL    -6

[CDD (BASE 65) ]
TOTAL THIS MO.   340
DPTR FM NORMAL  -158    [PRESSURE DATA]
TOTAL FM JAN 1   951    HIGHEST SLP M ON M
DPTR FM NORMAL  -191    LOWEST  SLP M ON M

[REMARKS]
