000
CXUS54 KEPZ 221200
CF6LRU
PRELIMINARY LOCAL CLIMATOLOGICAL DATA (WS FORM: F-6)

                                          STATION:   LAS CRUCES
                                          MONTH:     OCTOBER
                                          YEAR:      2014
                                          LATITUDE:   32 17 N
                                          LONGITUDE: 106 46 W

  TEMPERATURE IN F:       :PCPN:    SNOW:  WIND      :SUNSHINE: SKY     :PK WND
================================================================================
1   2   3   4   5  6A  6B    7    8   9   10  11  12  13   14  15   16   17  18
                                     12Z  AVG MX 2MIN
DY MAX MIN AVG DEP HDD CDD  WTR  SNW DPTH SPD SPD DIR MIN PSBL S-S WX    SPD DR
================================================================================

 1  82  53  68   M   0   3 0.00  0.0    0 10.2 18 260   M    M   0        27 250
 2  79  50  65   M   0   0 0.00  0.0    0  7.7 15 350   M    M   0        16  10
 3  81  48  65   M   0   0 0.00  0.0    0  3.7  9 350   M    M   0         M  M
 4  85  47  66   M   0   1 0.00  0.0    0  4.7 12 260   M    M   0         M  M
 5  85  53  69   M   0   4 0.00  0.0    0  6.5 10 260   M    M   0        18 340
 6  83  52  68   M   0   3 0.00  0.0    0  6.7 14 340   M    M   0         M  M
 7  84  51  68   M   0   3 0.00  0.0    0  5.2 10 250   M    M   0         M  M
 8  85  58  72   M   0   7 0.00  0.0    0  5.8 13 290   M    M   3         M  M
 9  82  59  71   M   0   6 0.00  0.0    0  9.4 20 240   M    M   3        25 250
10  78  52  65   M   0   0 0.00  0.0    0  7.3 15 280   M    M   2         M  M
11  76  50  63   M   2   0 0.00  0.0    0  3.7  8 360   M    M   1         M  M
12  80  49  65   M   0   0 0.00  0.0    0 15.3 32 270   M    M   1        43 270
13  71  48  60   M   5   0 0.00  0.0    0  6.8 17 350   M    M   0        25 350
14  75  40  58   M   7   0 0.00  0.0    0  3.5  6 150   M    M   0         M  M
15  80  42  61   M   4   0 0.00  0.0    0  2.8  7 170   M    M   0         M  M
16  85  47  66   M   0   1 0.00  0.0    0  5.9 13 240   M    M   0        25 240
17  83  55  69   M   0   4 0.00  0.0    0  5.6 12 260   M    M   1        17 230
18  78  56  67   M   0   2 0.03  0.0    0  8.7 16 110   M    M   4 3      25 110
19  76  55  66   M   0   1 0.24  0.0    0  9.9 24 260   M    M   5 3      37 260
20  71  52  62   M   3   0 0.11  0.0    0  4.6 12 170   M    M   4 3       M  M
21  71  52  62   M   3   0 0.00  0.0    0  3.4  9 140   M    M   4         M  M
================================================================================
SM 1670 1069        24  35  0.38     0.0 137.4          M       28
================================================================================
AV 79.5 50.9                               6.5 FASTST   M    M   1    MAX(MPH)
                                 MISC ---->    32   M                 43    M
================================================================================
NOTES:
# LAST OF SEVERAL OCCURRENCES

COLUMN 17 PEAK WIND IN M.P.H.

PRELIMINARY LOCAL CLIMATOLOGICAL DATA (WS FORM: F-6) , PAGE 2

                                          STATION:  LAS CRUCES
                                          MONTH:    OCTOBER
                                          YEAR:     2014
                                          LATITUDE:   32 17 N
                                          LONGITUDE: 106 46 W

[TEMPERATURE DATA]      [PRECIPITATION DATA]       SYMBOLS USED IN COLUMN 16

AVERAGE MONTHLY: 65.2   TOTAL FOR MONTH:   0.38    1 = FOG OR MIST
DPTR FM NORMAL:     M   DPTR FM NORMAL:       M    2 = FOG REDUCING VISIBILITY
HIGHEST:    85 ON 16, 8 GRTST 24HR  0.24 ON 19-19      TO 1/4 MILE OR LESS
LOWEST:     40 ON 14                               3 = THUNDER
                        SNOW, ICE PELLETS, HAIL    4 = ICE PELLETS
                        TOTAL MONTH:   0.0 INCH    5 = HAIL
                        GRTST 24HR     0.0         6 = FREEZING RAIN OR DRIZZLE
                        GRTST DEPTH:   0           7 = DUSTSTORM OR SANDSTORM:
                                                       VSBY 1/2 MILE OR LESS
                                                   8 = SMOKE OR HAZE
[NO. OF DAYS WITH]      [WEATHER - DAYS WITH]      9 = BLOWING SNOW
                                                   X = TORNADO
MAX 32 OR BELOW:   0    0.01 INCH OR MORE:   3
MAX 90 OR ABOVE:   0    0.10 INCH OR MORE:   2
MIN 32 OR BELOW:   0    0.50 INCH OR MORE:   0
MIN  0 OR BELOW:   0    1.00 INCH OR MORE:   0

[HDD (BASE 65) ]
TOTAL THIS MO.    24    CLEAR  (SCALE 0-3)  16
DPTR FM NORMAL     M    PTCLDY (SCALE 4-7)   5
TOTAL FM JUL 1    24    CLOUDY (SCALE 8-10)  0
DPTR FM NORMAL     M

[CDD (BASE 65) ]
TOTAL THIS MO.    35
DPTR FM NORMAL     M    [PRESSURE DATA]
TOTAL FM JAN 1  1957    HIGHEST SLP M ON M
DPTR FM NORMAL     M    LOWEST  SLP M ON M

[REMARKS]
