000
CXUS54 KHGX 241415
CF6LVJ
PRELIMINARY LOCAL CLIMATOLOGICAL DATA (WS FORM: F-6)

                                          STATION:   HOUSTON/CLOVER_FIELD
                                          MONTH:     OCTOBER
                                          YEAR:      2014
                                          LATITUDE:   29 31 N
                                          LONGITUDE:  95 14 W

  TEMPERATURE IN F:       :PCPN:    SNOW:  WIND      :SUNSHINE: SKY     :PK WND
================================================================================
1   2   3   4   5  6A  6B    7    8   9   10  11  12  13   14  15   16   17  18
                                     12Z  AVG MX 2MIN
DY MAX MIN AVG DEP HDD CDD  WTR  SNW DPTH SPD SPD DIR MIN PSBL S-S WX    SPD DR
================================================================================

 1  92  74  83   8   0  18 0.23  0.0    0  5.1 24 170   M    M   3 12     30 170
 2  92  80  86  11   0  21 0.00  0.0    0  9.3 20 180   M    M   2 13     26 170
 3  86  65  76   1   0  11 0.73  0.0    0  6.5 25 340   M    M   2 13     36 350
 4  78  59  69  -5   0   4 0.00  0.0    0  7.2 23  50   M    M   0        26  80
 5  85  57  71  -3   0   6 0.00  0.0    0  6.2 16 150   M    M   1        22 150
 6  83  68  76   2   0  11 0.52  0.0    0  5.5 25  50   M    M   2 13     35  60
 7  90  67  79   5   0  14 0.00  0.0    0  3.9 13 140   M    M   3 1      16 150
 8  90  71  81   7   0  16 0.00  0.0    0  6.0 16 150   M    M   1 1      21 140
 9  89  70  80   7   0  15 0.00  0.0    0  4.9 16 150   M    M   2        20 150
10  90  76  83  10   0  18    T  0.0    0  7.2 18 170   M    M   3 1      23 160
11  84  69  77   4   0  12 0.34  0.0    0  4.2 16  50   M    M   3 13     20  60
12  88  68  78   6   0  13 0.15  0.0    0  6.5 17 180   M    M   4 13     22 180
13  87  63  75   3   0  10 1.06  0.0    0  9.8 25 300   M    M   3 13     41 270
14  78  56  67  -5   0   2 0.00  0.0    0  6.9 16 320   M    M   0        24 310
15  84  52  68  -4   0   3 0.00  0.0    0  3.1 10 240   M    M   0        17  80
16  86  58  72   0   0   7 0.00  0.0    0  3.6 13 180   M    M   0        18 170
17  86  62  74   3   0   9 0.00  0.0    0  4.5 14 160   M    M   1        18 160
18  86  65  76   5   0  11 0.00  0.0    0  3.1 13  90   M    M   1        17  90
19  81  67  74   3   0   9 0.00  0.0    0  6.3 15  70   M    M   1        24  80
20  82  64  73   3   0   8 0.00  0.0    0  6.4 12  70   M    M   1        21  70
21  82  60  71   1   0   6 0.00  0.0    0  5.6 15  70   M    M   0 8      24  60
22  82  63  73   3   0   8 0.00  0.0    0  5.3 15  80   M    M   0 18     24  80
23  80  61  71   1   0   6 0.00  0.0    0  4.5 12  40   M    M   0        15  40
================================================================================
SM 1961 1495         0 238  3.03     0.0 131.6          M       33
================================================================================
AV 85.3 65.0                               5.7 FASTST   M    M   1    MAX(MPH)
                                 MISC ---->  # 25 340               # 41  270
================================================================================
NOTES:
# LAST OF SEVERAL OCCURRENCES

COLUMN 17 PEAK WIND IN M.P.H.

PRELIMINARY LOCAL CLIMATOLOGICAL DATA (WS FORM: F-6) , PAGE 2

                                          STATION:  HOUSTON/CLOVER_FIELD
                                          MONTH:    OCTOBER
                                          YEAR:     2014
                                          LATITUDE:   29 31 N
                                          LONGITUDE:  95 14 W

[TEMPERATURE DATA]      [PRECIPITATION DATA]       SYMBOLS USED IN COLUMN 16

AVERAGE MONTHLY: 75.1   TOTAL FOR MONTH:   3.03    1 = FOG OR MIST
DPTR FM NORMAL:   2.7   DPTR FM NORMAL:   -1.02    2 = FOG REDUCING VISIBILITY
HIGHEST:    92 ON  2, 1 GRTST 24HR  1.17 ON 12-13      TO 1/4 MILE OR LESS
LOWEST:     52 ON 15                               3 = THUNDER
                        SNOW, ICE PELLETS, HAIL    4 = ICE PELLETS
                        TOTAL MONTH:   0.0 INCH    5 = HAIL
                        GRTST 24HR     0.0         6 = FREEZING RAIN OR DRIZZLE
                        GRTST DEPTH:   0           7 = DUSTSTORM OR SANDSTORM:
                                                       VSBY 1/2 MILE OR LESS
                                                   8 = SMOKE OR HAZE
[NO. OF DAYS WITH]      [WEATHER - DAYS WITH]      9 = BLOWING SNOW
                                                   X = TORNADO
MAX 32 OR BELOW:   0    0.01 INCH OR MORE:   6
MAX 90 OR ABOVE:   5    0.10 INCH OR MORE:   6
MIN 32 OR BELOW:   0    0.50 INCH OR MORE:   3
MIN  0 OR BELOW:   0    1.00 INCH OR MORE:   1

[HDD (BASE 65) ]
TOTAL THIS MO.     0    CLEAR  (SCALE 0-3)  21
DPTR FM NORMAL    -8    PTCLDY (SCALE 4-7)   2
TOTAL FM JUL 1     0    CLOUDY (SCALE 8-10)  0
DPTR FM NORMAL    -8

[CDD (BASE 65) ]
TOTAL THIS MO.   238
DPTR FM NORMAL    55    [PRESSURE DATA]
TOTAL FM JAN 1  3047    HIGHEST SLP M ON M
DPTR FM NORMAL   234    LOWEST  SLP 29.67 ON 13

[REMARKS]
