000
CXUS54 KHGX 311415
CF6LVJ
PRELIMINARY LOCAL CLIMATOLOGICAL DATA (WS FORM: F-6)

                                          STATION:   HOUSTON/CLOVER_FIELD
                                          MONTH:     AUGUST
                                          YEAR:      2015
                                          LATITUDE:   29 31 N
                                          LONGITUDE:  95 14 W

  TEMPERATURE IN F:       :PCPN:    SNOW:  WIND      :SUNSHINE: SKY     :PK WND
================================================================================
1   2   3   4   5  6A  6B    7    8   9   10  11  12  13   14  15   16   17  18
                                     12Z  AVG MX 2MIN
DY MAX MIN AVG DEP HDD CDD  WTR  SNW DPTH SPD SPD DIR MIN PSBL S-S WX    SPD DR
================================================================================

 1  98  76  87   4   0  22 0.00  0.0    0  6.5 16  40   M    M   0        27  90
 2  99  74  87   3   0  22 0.00  0.0    0  4.4 20 130   M    M   0        27 100
 3  98  75  87   3   0  22 0.00  0.0    0  4.1 22 130   M    M   1        26 120
 4  95  77  86   2   0  21    T  0.0    0  5.2 21 130   M    M   1 38     26 130
 5  97  78  88   4   0  23 0.00  0.0    0  6.1 21 150   M    M   2        28 140
 6  99  77  88   4   0  23 0.00  0.0    0  5.9 15 180   M    M   1        31 140
 7  98  77  88   4   0  23 0.00  0.0    0  5.9 22 130   M    M   1        28 140
 8  99  77  88   4   0  23 0.00  0.0    0  5.3 22 150   M    M   2        28 140
 9 100  75  88   4   0  23 0.00  0.0    0  3.9 17 140   M    M   0        26 120
10 102  76  89   5   0  24 0.00  0.0    0  4.4 16 160   M    M   0 1      26 110
11 105  76  91   7   0  26 0.76  0.0    0  6.3 37  30   M    M   1 13     51  40
12 101  77  89   5   0  24 0.00  0.0    0  2.9 15 120   M    M   1        23 110
13 100  80  90   6   0  25 0.22  0.0    0  3.5 24 120   M    M   4 3      27 110
14  98  79  89   5   0  24 0.00  0.0    0  3.9 14  90   M    M   3        24 100
15  97  76  87   3   0  22 0.40  0.0    0  6.0 25  60   M    M   1 3      33  50
16  95  75  85   1   0  20 0.14  0.0    0  5.8 20 120   M    M   2 138    27  90
17  93  75  84   0   0  19 0.01  0.0    0  4.7 21 140   M    M   1 138    26 140
18  96  77  87   3   0  22    T  0.0    0  6.0 21 140   M    M   1 3      28 140
19  88  74  81  -3   0  16 0.94  0.0    0  5.8 23 130   M    M   4 13     38 110
20  81  74  78  -5   0  13 3.48  0.0    0  4.1 18  80   M    M   3 13     29  80
21  91  74  83   0   0  18 0.20  0.0    0  4.9 20 180   M    M   3 13     26 180
22  92  79  86   3   0  21 0.00  0.0    0  5.9 17 140   M    M   2 3      25 110
23  97  79  88   5   0  23 0.00  0.0    0  4.4 22 120   M    M   1 3      27 110
24  97  78  88   5   0  23 0.00  0.0    0  2.1 10 120   M    M   1        15  90
25  96  74  85   2   0  20 0.18  0.0    0  3.6 28  20   M    M   2 13     39  30
26  89  72  81  -2   0  16 0.00  0.0    0  5.8 15  90   M    M   0 1      26 100
27  93  71  82  -1   0  17 0.00  0.0    0  3.4 12  30   M    M   0        15  80
28  92  71  82  -1   0  17 0.00  0.0    0  2.4 10 130   M    M   1        13 120
29  92  70  81  -1   0  16 0.00  0.0    0  3.1 18 120   M    M   0        26 110
30  90  71  81  -1   0  16 0.00  0.0    0  2.8 17 120   M    M   1        25 110
================================================================================
SM 2868 2264         0 624  6.33     0.0 139.1          M       40
================================================================================
AV 95.6 75.5                               4.6 FASTST   M    M   1    MAX(MPH)
                                 MISC ---->  # 37  30               # 51   40
================================================================================
NOTES:
# LAST OF SEVERAL OCCURRENCES

COLUMN 17 PEAK WIND IN M.P.H.

PRELIMINARY LOCAL CLIMATOLOGICAL DATA (WS FORM: F-6) , PAGE 2

                                          STATION:  HOUSTON/CLOVER_FIELD
                                          MONTH:    AUGUST
                                          YEAR:     2015
                                          LATITUDE:   29 31 N
                                          LONGITUDE:  95 14 W

[TEMPERATURE DATA]      [PRECIPITATION DATA]       SYMBOLS USED IN COLUMN 16

AVERAGE MONTHLY: 85.5   TOTAL FOR MONTH:   6.33    1 = FOG OR MIST
DPTR FM NORMAL:   2.0   DPTR FM NORMAL:    2.11    2 = FOG REDUCING VISIBILITY
HIGHEST:   105 ON 11    GRTST 24HR  3.48 ON 20-20      TO 1/4 MILE OR LESS
LOWEST:     70 ON 29                               3 = THUNDER
                        SNOW, ICE PELLETS, HAIL    4 = ICE PELLETS
                        TOTAL MONTH:   0.0 INCH    5 = HAIL
                        GRTST 24HR     0.0         6 = FREEZING RAIN OR DRIZZLE
                        GRTST DEPTH:   0           7 = DUSTSTORM OR SANDSTORM:
                                                       VSBY 1/2 MILE OR LESS
                                                   8 = SMOKE OR HAZE
[NO. OF DAYS WITH]      [WEATHER - DAYS WITH]      9 = BLOWING SNOW
                                                   X = TORNADO
MAX 32 OR BELOW:   0    0.01 INCH OR MORE:   9
MAX 90 OR ABOVE:  27    0.10 INCH OR MORE:   8
MIN 32 OR BELOW:   0    0.50 INCH OR MORE:   3
MIN  0 OR BELOW:   0    1.00 INCH OR MORE:   1

[HDD (BASE 65) ]
TOTAL THIS MO.     0    CLEAR  (SCALE 0-3)  27
DPTR FM NORMAL     0    PTCLDY (SCALE 4-7)   3
TOTAL FM JUL 1     0    CLOUDY (SCALE 8-10)  0
DPTR FM NORMAL     0

[CDD (BASE 65) ]
TOTAL THIS MO.   624
DPTR FM NORMAL    71    [PRESSURE DATA]
TOTAL FM JAN 1  2614    HIGHEST SLP M ON M
DPTR FM NORMAL   417    LOWEST  SLP 29.76 ON 18

[REMARKS]
