000
CXUS56 KMTR 280900
CF6LVK
PRELIMINARY LOCAL CLIMATOLOGICAL DATA (WS FORM: F-6)
STATION: LIVERMORE AIRPORT
MONTH: MARCH
YEAR: 2024
LATITUDE: 37 42 N
LONGITUDE: 121 49 W
TEMPERATURE IN F: :PCPN: SNOW: WIND :SUNSHINE: SKY :PK WND
================================================================================
1 2 3 4 5 6A 6B 7 8 9 10 11 12 13 14 15 16 17 18
12Z AVG MX 2MIN
DY MAX MIN AVG DEP HDD CDD WTR SNW DPTH SPD SPD DIR MIN PSBL S-S WX SPD DR
================================================================================
1 59 49 54 2 11 0 0.53 M M 13.7 33 240 M M 10 1 46 240
2 53 42 48 -4 17 0 0.47 M M 11.3 28 250 M M 9 13 40 250
3 54 40 47 -5 18 0 0.30 M M 6.1 20 290 M M 8 1 26 290
4 58 40 49 -4 16 0 0.02 M M 2.5 10 270 M M 5 1 14 250
5 60 39 50 -3 15 0 0.00 M M 4.2 16 230 M M 6 20 220
6 59 46 53 0 12 0 0.27 M M 1.6 10 290 M M 7 123 15 150
7 63 42 53 0 12 0 0.01 M M 4.6 16 280 M M 6 1 21 290
8 68 36 52 -1 13 0 0.00 M M 2.4 16 70 M M 0 21 80
9 63 42 53 0 12 0 0.00 M M 3.7 13 280 M M 2 17 290
10 62 48 55 2 10 0 0.00 M M 5.6 14 290 M M 6 M M
11 62 50 56 3 9 0 0.05 M M 6.4 18 260 M M 8 1 24 260
12 61 47 54 1 11 0 0.03 M M 6.5 17 270 M M 6 1 24 260
13 67 41 54 1 11 0 0.00 M M 4.5 17 350 M M 1 24 360
14 67 51 59 6 6 0 0.00 M M 13.0 25 20 M M 0 41 20
15 71 45 58 5 7 0 0.00 M M 7.8 22 20 M M 0 36 20
16 71 41 56 2 9 0 0.00 M M 5.7 16 250 M M 0 21 270
17 72 42 57 3 8 0 0.00 M M 3.7 14 290 M M 0 18 290
18 75 44 60 6 5 0 0.00 M M 2.9 12 270 M M 0 14 270
19 76 49 63 9 2 0 0.00 M M 5.0 14 280 M M 3 1 18 300
20 73 41 57 3 8 0 0.00 M M 5.1 17 290 M M 0 22 280
21 70 45 58 4 7 0 0.00 M M 4.5 16 290 M M 3 22 300
22 68 47 58 4 7 0 0.30 M M 8.1 22 280 M M 4 1 31 280
23 58 47 53 -1 12 0 0.55 M M 7.3 23 250 M M 8 18 29 250
24 61 46 54 0 11 0 0.04 M M 8.9 22 260 M M 6 1 29 250
25 60 43 52 -2 13 0 0.00 M M 8.9 20 260 M M 6 23 270
26 62 45 54 0 11 0 0.00 M M 7.2 16 280 M M 6 20 290
27 60 43 52 -2 13 0 0.08 M M 6.0 17 290 M M 7 18 22 290
================================================================================
SM 1733 1191 286 0 2.65 M 167.2 M 117
================================================================================
AV 64.2 44.1 6.2 FASTST M M 4 MAX(MPH)
MISC ----> 33 240 46 240
================================================================================
NOTES:
# LAST OF SEVERAL OCCURRENCES
COLUMN 17 PEAK WIND IN M.P.H.
PRELIMINARY LOCAL CLIMATOLOGICAL DATA (WS FORM: F-6) , PAGE 2
STATION: LIVERMORE AIRPORT
MONTH: MARCH
YEAR: 2024
LATITUDE: 37 42 N
LONGITUDE: 121 49 W
[TEMPERATURE DATA] [PRECIPITATION DATA] SYMBOLS USED IN COLUMN 16
AVERAGE MONTHLY: 54.1 TOTAL FOR MONTH: 2.65 1 = FOG OR MIST
DPTR FM NORMAL: 0.8 DPTR FM NORMAL: 0.67 2 = FOG REDUCING VISIBILITY
HIGHEST: 76 ON 19 GRTST 24HR 0.80 ON 1- 2 TO 1/4 MILE OR LESS
LOWEST: 36 ON 8 3 = THUNDER
SNOW, ICE PELLETS, HAIL 4 = ICE PELLETS
TOTAL MONTH: M 5 = HAIL
GRTST 24HR M ON M 6 = FREEZING RAIN OR DRIZZLE
GRTST DEPTH: M ON M 7 = DUSTSTORM OR SANDSTORM:
VSBY 1/2 MILE OR LESS
8 = SMOKE OR HAZE
[NO. OF DAYS WITH] [WEATHER - DAYS WITH] 9 = BLOWING SNOW
X = TORNADO
MAX 32 OR BELOW: 0 0.01 INCH OR MORE: 12
MAX 90 OR ABOVE: 0 0.10 INCH OR MORE: 6
MIN 32 OR BELOW: 0 0.50 INCH OR MORE: 2
MIN 0 OR BELOW: 0 1.00 INCH OR MORE: 0
[HDD (BASE 65) ]
TOTAL THIS MO. 286 CLEAR (SCALE 0-3) 11
DPTR FM NORMAL -30 PTCLDY (SCALE 4-7) 14
TOTAL FM JUL 1 1863 CLOUDY (SCALE 8-10) 2
DPTR FM NORMAL -394
[CDD (BASE 65) ]
TOTAL THIS MO. 0
DPTR FM NORMAL 0 [PRESSURE DATA]
TOTAL FM JAN 1 0 HIGHEST SLP M ON M
DPTR FM NORMAL 0 LOWEST SLP 29.74 ON 1
[REMARKS]