000
CXUS55 KBYZ 311055
CF6LVM
PRELIMINARY LOCAL CLIMATOLOGICAL DATA (WS FORM: F-6)

                                          STATION:   LIVINGSTON MT
                                          MONTH:     JULY
                                          YEAR:      2015
                                          LATITUDE:   45 41 N
                                          LONGITUDE: 110 26 W

  TEMPERATURE IN F:       :PCPN:    SNOW:  WIND      :SUNSHINE: SKY     :PK WND
================================================================================
1   2   3   4   5  6A  6B    7    8   9   10  11  12  13   14  15   16   17  18
                                     12Z  AVG MX 2MIN
DY MAX MIN AVG DEP HDD CDD  WTR  SNW DPTH SPD SPD DIR MIN PSBL S-S WX    SPD DR
================================================================================

 1  92  55  74  10   0   9 0.00    M    M 10.1 28 100   M    M   0        36  90
 2  88  57  73   9   0   8 0.00    M    M  8.8 22  80   M    M   0        28  80
 3  92  54  73   9   0   8 0.00    M    M  4.2 13 100   M    M   0 8      16  90
 4  95  52  74  10   0   9 0.00    M    M  8.3 18 310   M    M   0        23 230
 5  74  54  64  -1   1   0 0.02    M    M 14.0 29 310   M    M   8 18     35 310
 6  78  52  65   0   0   0 0.00    M    M 10.6 21  70   M    M   5 18     26  70
 7  81  48  65   0   0   0 0.12    M    M  8.1 30  20   M    M   3 13     42  10
 8  79  51  65  -1   0   0 0.00    M    M  7.7 20  60   M    M   3        26  60
 9  88  47  68   2   0   3 0.00    M    M  7.6 33 210   M    M   1        46 210
10  85  60  73   7   0   8 0.02    M    M 12.6 26 210   M    M   3 3      35 210
11  83  59  71   5   0   6 0.05    M    M 13.9 36 270   M    M   7 3      43 270
12  84  59  72   5   0   7 0.00    M    M 15.8 33 260   M    M   4        41 260
13  88  52  70   3   0   5 0.21    M    M  8.6 32 160   M    M   2 3      45 160
14  84  51  68   1   0   3 0.01    M    M  7.4 20 310   M    M   2 3      23 310
15  78  49  64  -3   1   0 0.03    M    M 10.6 33 220   M    M   5 3      41 220
16  86  51  69   2   0   4    T    M    M 14.4 31 240   M    M   3 3      42 240
17  78  52  65  -3   0   0 0.00    M    M 14.7 31 270   M    M   5        40 240
18  77  52  65  -3   0   0 0.00    M    M  8.2 18 250   M    M   5        22 250
19  85  48  67  -1   0   2 0.00    M    M 14.0 26 240   M    M   4        33 220
20  90  49  70   2   0   5 0.00    M    M  8.6 29 200   M    M   2 3      36 200
21  90  56  73   5   0   8    T    M    M 10.3 43 250   M    M   1        55 250
22  87  51  69   1   0   4 0.17    M    M  7.8 26 230   M    M   3 3      33 260
23  76  56  66  -2   0   1 0.36    M    M 11.2 32 230   M    M   6 1      41 230
24  85  51  68   0   0   3 0.00    M    M 18.1 39 210   M    M   1        48 210
25  86  61  74   6   0   9    T    M    M 13.5 32 210   M    M   2        39 200
26  90  51  71   3   0   6    T    M    M  8.2 18 190   M    M   1        26  20
27  74  50  62  -6   3   0 0.18    M    M 12.9 39 260   M    M   6 13     51 280
28  71  50  61  -7   4   0 0.00    M    M 21.2 30 260   M    M   6        40 240
29  81  46  64  -4   1   0 0.00    M    M 11.5 28 290   M    M   0        32 270
30  90  43  67  -1   0   2 0.00    M    M  7.6 17 320   M    M   0        27 270
================================================================================
SM 2515 1567        10 110  1.17    M    330.5          M       88
================================================================================
AV 83.8 52.2                              11.0 FASTST   M    M   3    MAX(MPH)
                                 MISC ---->  # 43 250               # 55  250
================================================================================
NOTES:
# LAST OF SEVERAL OCCURRENCES

COLUMN 17 PEAK WIND IN M.P.H.

PRELIMINARY LOCAL CLIMATOLOGICAL DATA (WS FORM: F-6) , PAGE 2

                                          STATION:  LIVINGSTON MT
                                          MONTH:    JULY
                                          YEAR:     2015
                                          LATITUDE:   45 41 N
                                          LONGITUDE: 110 26 W

[TEMPERATURE DATA]      [PRECIPITATION DATA]       SYMBOLS USED IN COLUMN 16

AVERAGE MONTHLY: 68.0   TOTAL FOR MONTH:   1.17    1 = FOG OR MIST
DPTR FM NORMAL:   1.3   DPTR FM NORMAL:   -0.26    2 = FOG REDUCING VISIBILITY
HIGHEST:    95 ON  4    GRTST 24HR  0.46 ON 22-23      TO 1/4 MILE OR LESS
LOWEST:     43 ON 30                               3 = THUNDER
                        SNOW, ICE PELLETS, HAIL    4 = ICE PELLETS
                        TOTAL MONTH:    M          5 = HAIL
                        GRTST 24HR    M  ON   M    6 = FREEZING RAIN OR DRIZZLE
                        GRTST DEPTH:  M  ON   M    7 = DUSTSTORM OR SANDSTORM:
                                                       VSBY 1/2 MILE OR LESS
                                                   8 = SMOKE OR HAZE
[NO. OF DAYS WITH]      [WEATHER - DAYS WITH]      9 = BLOWING SNOW
                                                   X = TORNADO
MAX 32 OR BELOW:   0    0.01 INCH OR MORE:  10
MAX 90 OR ABOVE:   7    0.10 INCH OR MORE:   5
MIN 32 OR BELOW:   0    0.50 INCH OR MORE:   0
MIN  0 OR BELOW:   0    1.00 INCH OR MORE:   0

[HDD (BASE 65) ]
TOTAL THIS MO.    10    CLEAR  (SCALE 0-3)  16
DPTR FM NORMAL   -39    PTCLDY (SCALE 4-7)  14
TOTAL FM JUL 1    10    CLOUDY (SCALE 8-10)  0
DPTR FM NORMAL   -39

[CDD (BASE 65) ]
TOTAL THIS MO.   110
DPTR FM NORMAL     8    [PRESSURE DATA]
TOTAL FM JAN 1   210    HIGHEST SLP M ON M
DPTR FM NORMAL    88    LOWEST  SLP 29.53 ON 27

[REMARKS]
