000
CXUS51 KRNK 011130
CF6LWB

PRELIMINARY LOCAL CLIMATOLOGICAL DATA (WS FORM: F-6)

                                          STATION:   LEWISBURG WV
                                          MONTH:     JULY
                                          YEAR:      2015
                                          LATITUDE:   37 52 N
                                          LONGITUDE:  80 24 W

  TEMPERATURE IN F:       :PCPN:    SNOW:  WIND      :SUNSHINE: SKY     :PK WND
================================================================================
1   2   3   4   5  6A  6B    7    8   9   10  11  12  13   14  15   16   17  18
                                     12Z  AVG MX 2MIN
DY MAX MIN AVG DEP HDD CDD  WTR  SNW DPTH SPD SPD DIR MIN PSBL S-S WX    SPD DR
================================================================================

 1  80  57  69  -1   0   4    M  0.0    0  3.3 12 250   M    M   7 12     16 280
 2  71  65  68  -2   0   3    M  0.0    0  1.8  6 360   M    M   9 18      M  M
 3  68  64  66  -4   0   1    M  0.0    0  2.1  6 160   M    M  10 1       M  M
 4  77  63  70   0   0   5    M  0.0    0  3.2  9 260   M    M   7 12      M  M
 5  79  61  70   0   0   5    M  0.0    0  2.5  9 130   M    M   8 12      M  M
 6  79  65  72   2   0   7    M  0.0    0  2.8 14 270   M    M   8 1      18 240
 7  85  61  73   3   0   8    M  0.0    0  3.7 12 230   M    M   6 12      M  M
 8  78  67  73   3   0   8    M  0.0    0  5.3 15 250   M    M   8        21 280
 9  85  67  76   6   0  11    M  0.0    0  6.7 25 260   M    M   6 12     38 260
10  83  67  75   5   0  10    M  0.0    0  5.3 14 270   M    M   6        28 310
11  81  62  72   2   0   7    M  0.0    0  4.2 10 290   M    M   6 1      16 350
12  79  59  69  -1   0   4    M  0.0    0  2.2  8 220   M    M   7 123     M  M
13  85  65  75   5   0  10    M  0.0    0  3.9 10 280   M    M   7 13     20 300
14  83  64  74   3   0   9    M  0.0    0  6.5 18 350   M    M   6 3      32 350
15  77  64  71   0   0   6    M  0.0    0  5.5 12 310   M    M   8 1      18 310
16  83  61  72   1   0   7    M  0.0    0  0.8  6 230   M    M   5 12      M  M
17  86  66  76   5   0  11    M  0.0    0  2.2  9 220   M    M   5         M  M
18  87  68  78   7   0  13    M  0.0    0  2.5  9 270   M    M   4 1       M  M
19  88  68  78   8   0  13    M  0.0    0  1.2  7 340   M    M   2 1       M  M
20  87  70  79   9   0  14    M  0.0    0  3.2  9 220   M    M   4         M  M
21  82  68  75   5   0  10    M  0.0    0  5.1 13 280   M    M   7        18 280
22  80  61  71   1   0   6    M  0.0    0  2.1  8 250   M    M   4 12      M  M
23  81  57  69  -1   0   4    M  0.0    0  1.7  7 260   M    M   2 1       M  M
24  83  57  70   0   0   5    M  0.0    0  2.0  7 320   M    M   2 1       M  M
25  85  59  72   2   0   7    M  0.0    0  2.3  8 250   M    M   3         M  M
26  86  61  74   4   0   9    M  0.0    0  2.0  7 250   M    M   2 12      M  M
27  84  68  76   6   0  11    M  0.0    0  3.4 10  20   M    M   4 1       M  M
28  86  66  76   6   0  11    M  0.0    0  2.1  7  20   M    M   8 123    13 270
29  83  68  76   6   0  11    M  0.0    0  2.4  8 240   M    M   7 1       M  M
30  86  62  74   4   0   9    M  0.0    0  3.1 13 320   M    M   6 1      20 340
31  82  55  69  -1   0   4    M  0.0    0  1.7  9 270   M    M   3 12      M  M
================================================================================
SM 2539 1966         0 243    M      0.0  96.8          M      177
================================================================================
AV 81.9 63.4                               3.1 FASTST   M    M   6    MAX(MPH)
                                 MISC ---->  # 25 260               # 38  260
================================================================================
NOTES:
# LAST OF SEVERAL OCCURRENCES

COLUMN 17 PEAK WIND IN M.P.H.

PRELIMINARY LOCAL CLIMATOLOGICAL DATA (WS FORM: F-6) , PAGE 2

                                          STATION:  LEWISBURG WV
                                          MONTH:    JULY
                                          YEAR:     2015
                                          LATITUDE:   37 52 N
                                          LONGITUDE:  80 24 W

[TEMPERATURE DATA]      [PRECIPITATION DATA]       SYMBOLS USED IN COLUMN 16

AVERAGE MONTHLY: 72.7   TOTAL FOR MONTH:      M    1 = FOG OR MIST
DPTR FM NORMAL:   2.4   DPTR FM NORMAL:       M    2 = FOG REDUCING VISIBILITY
HIGHEST:    88 ON 19    GRTST 24HR    M  ON   M        TO 1/4 MILE OR LESS
LOWEST:     55 ON 31                               3 = THUNDER
                        SNOW, ICE PELLETS, HAIL    4 = ICE PELLETS
                        TOTAL MONTH:   0.0 INCH    5 = HAIL
                        GRTST 24HR     0.0         6 = FREEZING RAIN OR DRIZZLE
                        GRTST DEPTH:   0           7 = DUSTSTORM OR SANDSTORM:
                                                       VSBY 1/2 MILE OR LESS
                                                   8 = SMOKE OR HAZE
[NO. OF DAYS WITH]      [WEATHER - DAYS WITH]      9 = BLOWING SNOW
                                                   X = TORNADO
MAX 32 OR BELOW:   0    0.01 INCH OR MORE:   0
MAX 90 OR ABOVE:   0    0.10 INCH OR MORE:   0
MIN 32 OR BELOW:   0    0.50 INCH OR MORE:   0
MIN  0 OR BELOW:   0    1.00 INCH OR MORE:   0

[HDD (BASE 65) ]
TOTAL THIS MO.     0    CLEAR  (SCALE 0-3)   6
DPTR FM NORMAL   -11    PTCLDY (SCALE 4-7)  23
TOTAL FM JUL 1     0    CLOUDY (SCALE 8-10)  2
DPTR FM NORMAL   -11

[CDD (BASE 65) ]
TOTAL THIS MO.   243
DPTR FM NORMAL    67    [PRESSURE DATA]
TOTAL FM JAN 1   537    HIGHEST SLP M ON M
DPTR FM NORMAL   231    LOWEST  SLP M ON M

[REMARKS]
DUE TO HIGHLY SUSPECT PRECIPITATION VALUES FROM THE AUTOMATED RAIN
GAUGE...ALL LIQUID PRECIPITATION DATA WILL BE CODED AS MISSING.

#FINAL-07-15#
