000
CXUS51 KRNK 300929
CF6LWB
PRELIMINARY LOCAL CLIMATOLOGICAL DATA (WS FORM: F-6)

                                          STATION:   LEWISBURG WV
                                          MONTH:     OCTOBER
                                          YEAR:      2014
                                          LATITUDE:   37 52 N
                                          LONGITUDE:  80 24 W

  TEMPERATURE IN F:       :PCPN:    SNOW:  WIND      :SUNSHINE: SKY     :PK WND
================================================================================
1   2   3   4   5  6A  6B    7    8   9   10  11  12  13   14  15   16   17  18
                                     12Z  AVG MX 2MIN
DY MAX MIN AVG DEP HDD CDD  WTR  SNW DPTH SPD SPD DIR MIN PSBL S-S WX    SPD DR
================================================================================

 1  78  49  64   8   1   0 0.00  0.0    0  2.2 14 230   M    M   3 1      17 230
 2  79  47  63   7   2   0 0.00  0.0    0  1.8  9 230   M    M   4 12      M  M
 3  75  51  63   8   2   0 0.05  0.0    0  3.9 16 190   M    M   6 12     23 190
 4  61  39  50  -5  15   0    T  0.0    0  6.7 16 240   M    M   7        24 270
 5  60  33  47  -8  18   0 0.00  0.0    0  3.8 14 270   M    M   1        21 270
 6  72  36  54   0  11   0 0.88  0.0    0  4.0 18 200   M    M   7 13     25 280
 7  64  46  55   1  10   0 0.85  0.0    0  4.0 13 210   M    M   8 13     21 210
 8  68  49  59   5   6   0    T  0.0    0  3.6 14 290   M    M   3 1      24 280
 9  73  40  57   4   8   0 0.00  0.0    0  2.1 12 310   M    M   2 1      16 320
10  62  48  55   2  10   0 0.23  0.0    0  0.5  6  20   M    M   9 13      M  M
11  64  56  60   7   5   0 0.31  0.0    0  1.2  6 250   M    M  10 1       M  M
12  56  51  54   2  11   0 0.12  0.0    0  1.6  5  60   M    M  10 18      M  M
13  73  54  64  12   1   0 0.01  0.0    0  3.4  9 180   M    M   9         M  M
14  74  65  70  18   0   5 0.07  0.0    0  8.0 16 170   M    M   8 3      25 170
15  68  53  61  10   4   0 0.60  0.0    0  2.7 10 240   M    M   8 1       M  M
16  59  46  53   2  12   0    T  0.0    0  3.5 14 270   M    M   9 1      18 240
17  73  52  63  12   2   0 0.00  0.0    0  6.1 13 220   M    M   7        21 220
18  63  44  54   4  11   0    T  0.0    0  5.9 13 270   M    M  10        20 270
19  57  39  48  -2  17   0 0.00  0.0    0  5.4 13 310   M    M   5        23 340
20  61  32  47  -3  18   0    T  0.0    0  2.4 12 220   M    M   4        18 220
21  55  45  50   0  15   0 0.03  0.0    0  3.8 13 260   M    M  10 12     20 310
22  52  44  48  -1  17   0 0.00  0.0    0  6.4 13 350   M    M  10        20 320
23  54  41  48  -1  17   0 0.00  0.0    0  5.2 10 330   M    M   9        20 350
24  63  37  50   1  15   0 0.00  0.0    0  2.5  9 270   M    M   1 1       M  M
25  68  31  50   2  15   0 0.00  0.0    0  4.0 10 270   M    M   2 12     17 270
26  65  39  52   4  13   0 0.00  0.0    0  6.0 13 310   M    M   1        22 310
27  76  33  55   7  10   0 0.00  0.0    0  1.1  8 190   M    M   0         M  M
28  79  42  61  14   4   0 0.00  0.0    0  3.5 16 230   M    M   1 12     23 240
29  63  40  52   5  13   0 0.03  0.0    0  3.7 10 280   M    M   5 1      16 280
================================================================================
SM 1915 1282       283   5  3.18     0.0 109.0          M      169
================================================================================
AV 66.0 44.2                               3.8 FASTST   M    M   6    MAX(MPH)
                                 MISC ---->  # 18 200               # 25  280
================================================================================
NOTES:
# LAST OF SEVERAL OCCURRENCES

COLUMN 17 PEAK WIND IN M.P.H.

PRELIMINARY LOCAL CLIMATOLOGICAL DATA (WS FORM: F-6) , PAGE 2

                                          STATION:  LEWISBURG WV
                                          MONTH:    OCTOBER
                                          YEAR:     2014
                                          LATITUDE:   37 52 N
                                          LONGITUDE:  80 24 W

[TEMPERATURE DATA]      [PRECIPITATION DATA]       SYMBOLS USED IN COLUMN 16

AVERAGE MONTHLY: 55.1   TOTAL FOR MONTH:   3.18    1 = FOG OR MIST
DPTR FM NORMAL:   3.7   DPTR FM NORMAL:    0.80    2 = FOG REDUCING VISIBILITY
HIGHEST:    79 ON 28, 2 GRTST 24HR  0.88 ON  6- 6      TO 1/4 MILE OR LESS
LOWEST:     31 ON 25                               3 = THUNDER
                        SNOW, ICE PELLETS, HAIL    4 = ICE PELLETS
                        TOTAL MONTH:   0.0 INCH    5 = HAIL
                        GRTST 24HR     0.0         6 = FREEZING RAIN OR DRIZZLE
                        GRTST DEPTH:   0           7 = DUSTSTORM OR SANDSTORM:
                                                       VSBY 1/2 MILE OR LESS
                                                   8 = SMOKE OR HAZE
[NO. OF DAYS WITH]      [WEATHER - DAYS WITH]      9 = BLOWING SNOW
                                                   X = TORNADO
MAX 32 OR BELOW:   0    0.01 INCH OR MORE:  11
MAX 90 OR ABOVE:   0    0.10 INCH OR MORE:   6
MIN 32 OR BELOW:   2    0.50 INCH OR MORE:   3
MIN  0 OR BELOW:   0    1.00 INCH OR MORE:   0

[HDD (BASE 65) ]
TOTAL THIS MO.   283    CLEAR  (SCALE 0-3)   9
DPTR FM NORMAL  -116    PTCLDY (SCALE 4-7)  10
TOTAL FM JUL 1   377    CLOUDY (SCALE 8-10) 10
DPTR FM NORMAL  -184

[CDD (BASE 65) ]
TOTAL THIS MO.     5
DPTR FM NORMAL     5    [PRESSURE DATA]
TOTAL FM JAN 1   619    HIGHEST SLP M ON M
DPTR FM NORMAL   126    LOWEST  SLP M ON M

[REMARKS]
