000
CXUS51 KRNK 300929
CF6LWB
PRELIMINARY LOCAL CLIMATOLOGICAL DATA (WS FORM: F-6)

                                          STATION:   LEWISBURG WV
                                          MONTH:     JULY
                                          YEAR:      2014
                                          LATITUDE:   37 52 N
                                          LONGITUDE:  80 24 W

  TEMPERATURE IN F:       :PCPN:    SNOW:  WIND      :SUNSHINE: SKY     :PK WND
================================================================================
1   2   3   4   5  6A  6B    7    8   9   10  11  12  13   14  15   16   17  18
                                     12Z  AVG MX 2MIN
DY MAX MIN AVG DEP HDD CDD  WTR  SNW DPTH SPD SPD DIR MIN PSBL S-S WX    SPD DR
================================================================================

 1  87  64  76   6   0  11    T  0.0    0  2.8  9 230   M    M   6 123     M  M
 2  89  66  78   8   0  13 0.00  0.0    0  2.9 12 250   M    M   3 13     17 250
 3  84  62  73   3   0   8 0.00  0.0    0  4.3 14 310   M    M   7 123    20 310
 4  74  53  64  -6   1   0 0.00  0.0    0  5.0 16 360   M    M   3        25 340
 5  78  46  62  -8   3   0 0.00  0.0    0  1.5  7 100   M    M   1 12      M  M
 6  84  50  67  -3   0   2 0.00  0.0    0  2.9  9 260   M    M   2         M  M
 7  87  56  72   2   0   7 0.00  0.0    0  5.1 16 230   M    M   1        24 230
 8  87  62  75   5   0  10 0.06  0.0    0  7.1 18 230   M    M   5        27 230
 9  82  67  75   5   0  10 0.03  0.0    0  5.0 13 260   M    M   6 3      17 260
10  84  59  72   2   0   7 0.00  0.0    0  2.6  7 340   M    M   4 12      M  M
11  85  56  71   1   0   6 0.00  0.0    0  1.3  6 220   M    M   2 1       M  M
12  88  60  74   4   0   9 0.00  0.0    0  2.4  7 250   M    M   4 1       M  M
13  89  65  77   7   0  12    T  0.0    0  4.1 12 220   M    M   4 1       M  M
14  86  68  77   6   0  12    T  0.0    0  4.5 14 240   M    M   4        18 240
15  75  58  67  -4   0   2 0.15  0.0    0  2.5  8 280   M    M   7 13      M  M
16  74  50  62  -9   3   0 0.00  0.0    0  2.3 10 330   M    M   3 12      M  M
17  77  46  62  -9   3   0 0.00  0.0    0  1.8  8 260   M    M   3 12      M  M
18  75  54  65  -6   0   0 0.03  0.0    0  2.2  7 110   M    M   8 1       M  M
19  67  63  65  -5   0   0 0.17  0.0    0  1.7  5  20   M    M  10 1       M  M
20  75  62  69  -1   0   4 0.00  0.0    0  2.0  5 100   M    M   9 1       M  M
21  83  64  74   4   0   9 0.00  0.0    0  1.8  8  70   M    M   6 1       M  M
22  87  63  75   5   0  10 0.00  0.0    0  1.9  7 160   M    M   7 12      M  M
23  87  63  75   5   0  10 0.48  0.0    0  2.8  9 240   M    M   6 13      M  M
24  80  63  72   2   0   7 0.04  0.0    0  2.3 10 350   M    M   8 13      M  M
25  82  59  71   1   0   6 0.00  0.0    0  2.0  7 350   M    M   5 1       M  M
26  88  60  74   4   0   9 0.00  0.0    0  2.2  6 190   M    M   2 3       M  M
27  81  67  74   4   0   9 0.58  0.0    0  4.7 12 230   M    M   6 13     19 240
28  72  62  67  -3   0   2 0.00  0.0    0  6.8 13 270   M    M   8        22 290
29  72  52  62  -8   3   0 0.00  0.0    0  2.3  9 340   M    M   6 1       M  M
================================================================================
SM 2359 1720        13 175  1.54     0.0  90.8          M      146
================================================================================
AV 81.3 59.3                               3.1 FASTST   M    M   5    MAX(MPH)
                                 MISC ---->  # 18 230               # 27  230
================================================================================
NOTES:
# LAST OF SEVERAL OCCURRENCES

COLUMN 17 PEAK WIND IN M.P.H.

PRELIMINARY LOCAL CLIMATOLOGICAL DATA (WS FORM: F-6) , PAGE 2

                                          STATION:  LEWISBURG WV
                                          MONTH:    JULY
                                          YEAR:     2014
                                          LATITUDE:   37 52 N
                                          LONGITUDE:  80 24 W

[TEMPERATURE DATA]      [PRECIPITATION DATA]       SYMBOLS USED IN COLUMN 16

AVERAGE MONTHLY: 70.3   TOTAL FOR MONTH:   1.54    1 = FOG OR MIST
DPTR FM NORMAL:   0.2   DPTR FM NORMAL:   -2.21    2 = FOG REDUCING VISIBILITY
HIGHEST:    89 ON 13, 2 GRTST 24HR  0.58 ON 27-27      TO 1/4 MILE OR LESS
LOWEST:     46 ON 17, 5                            3 = THUNDER
                        SNOW, ICE PELLETS, HAIL    4 = ICE PELLETS
                        TOTAL MONTH:   0.0 INCH    5 = HAIL
                        GRTST 24HR     0.0         6 = FREEZING RAIN OR DRIZZLE
                        GRTST DEPTH:   0           7 = DUSTSTORM OR SANDSTORM:
                                                       VSBY 1/2 MILE OR LESS
                                                   8 = SMOKE OR HAZE
[NO. OF DAYS WITH]      [WEATHER - DAYS WITH]      9 = BLOWING SNOW
                                                   X = TORNADO
MAX 32 OR BELOW:   0    0.01 INCH OR MORE:   8
MAX 90 OR ABOVE:   0    0.10 INCH OR MORE:   4
MIN 32 OR BELOW:   0    0.50 INCH OR MORE:   1
MIN  0 OR BELOW:   0    1.00 INCH OR MORE:   0

[HDD (BASE 65) ]
TOTAL THIS MO.    13    CLEAR  (SCALE 0-3)   8
DPTR FM NORMAL    13    PTCLDY (SCALE 4-7)  19
TOTAL FM JUL 1    13    CLOUDY (SCALE 8-10)  2
DPTR FM NORMAL    13

[CDD (BASE 65) ]
TOTAL THIS MO.   175
DPTR FM NORMAL     5    [PRESSURE DATA]
TOTAL FM JAN 1   372    HIGHEST SLP M ON M
DPTR FM NORMAL    72    LOWEST  SLP M ON M

[REMARKS]
