000
CXUS53 KTOP 010800
CF6LWC
PRELIMINARY LOCAL CLIMATOLOGICAL DATA (WS FORM: F-6)

                                          STATION:   Lawrence KS
                                          MONTH:     JULY
                                          YEAR:      2015
                                          LATITUDE:   39  0 N
                                          LONGITUDE:  95 13 W

  TEMPERATURE IN F:       :PCPN:    SNOW:  WIND      :SUNSHINE: SKY     :PK WND
================================================================================
1   2   3   4   5  6A  6B    7    8   9   10  11  12  13   14  15   16   17  18
                                     12Z  AVG MX 2MIN
DY MAX MIN AVG DEP HDD CDD  WTR  SNW DPTH SPD SPD DIR MIN PSBL S-S WX    SPD DR
================================================================================

 1  90  69  80   3   0  15 0.06    M    M 11.4 20 160   M    M   4 138    24  50
 2  77  68  73  -4   0   8 0.02    M    M  6.2 15  90   M    M   9 18     21 100
 3  81  62  72  -5   0   7 1.86    M    M  5.2 12  40   M    M   5 1      15  30
 4  83  57  70  -8   0   5 0.00    M    M  4.4  9 100   M    M   0 18     17 130
 5  92  65  79   1   0  14 0.00    M    M  9.2 17 160   M    M   0 18     23 180
 6  93  68  81   3   0  16 1.94    M    M  8.9 23  60   M    M   5 138    32  50
 7  73  62  68 -10   0   3 1.02    M    M  6.2 14  20   M    M   6 18     23  30
 8  68  60  64 -14   1   0 0.19    M    M  5.3 14 360   M    M   8 1      18  30
 9  79  59  69  -9   0   4 0.00    M    M  4.1 15 160   M    M   1 1      18 150
10  78  61  70  -8   0   5 0.61    M    M  6.2 23 160   M    M   5 13     30 160
11  91  69  80   2   0  15 0.00    M    M 11.0 22 220   M    M   1        26 190
12  93  73  83   5   0  18 0.00    M    M  7.7 16 200   M    M   0        21 200
13  97  75  86   8   0  21    T    M    M  5.6 21 190   M    M   0 3      27 190
14  97  73  85   7   0  20    T    M    M  1.9  8 130   M    M   0        11 220
15  87  71  79   1   0  14 0.75    M    M  8.1 30 300   M    M   0 13     41 290
16  93  74  84   6   0  19 0.00    M    M  9.4 21 200   M    M   1 3      27 200
17  92  76  84   5   0  19 0.00    M    M  8.6 18 190   M    M   0        24 190
18  94  75  85   6   0  20 0.14    M    M  8.3 17 170   M    M   1 13     22 170
19  90  73  82   3   0  17 0.03    M    M  5.1 14 120   M    M   2 1      19 260
20  89  71  80   1   0  15 0.88    M    M  6.0 18 290   M    M   4 13     28 360
21  81  64  73  -6   0   8 0.00    M    M  3.8 10  30   M    M   0        14  40
22  85  61  73  -6   0   8 0.00    M    M  3.6 10 150   M    M   1 1      13  90
23  90  69  80   1   0  15 0.00    M    M  4.6  9 120   M    M   1 1      12 130
24  98  72  85   6   0  20 0.00    M    M  6.0 12 190   M    M   1 1      14 200
25  94  75  85   6   0  20 0.03    M    M  7.0 20 330   M    M   1 3      28 330
26  94  75  85   6   0  20 0.14    M    M  5.2 13 360   M    M   1 13     17 350
27  95  74  85   6   0  20 0.00    M    M  5.2 14 170   M    M   0        17 170
28  96  76  86   7   0  21 0.00    M    M  9.1 18 190   M    M   0 18     27 170
29  86  67  77  -2   0  12 0.74    M    M  5.7 17  50   M    M   5 13     27  10
30  87  61  74  -5   0   9 0.00    M    M  1.7  9 150   M    M   1 1      12 170
31  91  58  75  -4   0  10 0.00    M    M  2.0  7 320   M    M   0 1      10 330
================================================================================
SM 2734 2113         1 418  8.41    M    192.7          M       63
================================================================================
AV 88.2 68.2                               6.2 FASTST   M    M   2    MAX(MPH)
                                 MISC ---->  # 30 300               # 41  290
================================================================================
NOTES:
# LAST OF SEVERAL OCCURRENCES

COLUMN 17 PEAK WIND IN M.P.H.

PRELIMINARY LOCAL CLIMATOLOGICAL DATA (WS FORM: F-6) , PAGE 2

                                          STATION:  Lawrence KS
                                          MONTH:    JULY
                                          YEAR:     2015
                                          LATITUDE:   39  0 N
                                          LONGITUDE:  95 13 W

[TEMPERATURE DATA]      [PRECIPITATION DATA]       SYMBOLS USED IN COLUMN 16

AVERAGE MONTHLY: 78.2   TOTAL FOR MONTH:   8.41    1 = FOG OR MIST
DPTR FM NORMAL:  -0.1   DPTR FM NORMAL:    4.23    2 = FOG REDUCING VISIBILITY
HIGHEST:    98 ON 24    GRTST 24HR  2.91 ON  6- 7      TO 1/4 MILE OR LESS
LOWEST:     57 ON  4                               3 = THUNDER
                        SNOW, ICE PELLETS, HAIL    4 = ICE PELLETS
                        TOTAL MONTH:    M          5 = HAIL
                        GRTST 24HR    M  ON   M    6 = FREEZING RAIN OR DRIZZLE
                        GRTST DEPTH:  M  ON   M    7 = DUSTSTORM OR SANDSTORM:
                                                       VSBY 1/2 MILE OR LESS
                                                   8 = SMOKE OR HAZE
[NO. OF DAYS WITH]      [WEATHER - DAYS WITH]      9 = BLOWING SNOW
                                                   X = TORNADO
MAX 32 OR BELOW:   0    0.01 INCH OR MORE:  14
MAX 90 OR ABOVE:  18    0.10 INCH OR MORE:  10
MIN 32 OR BELOW:   0    0.50 INCH OR MORE:   7
MIN  0 OR BELOW:   0    1.00 INCH OR MORE:   3

[HDD (BASE 65) ]
TOTAL THIS MO.     1    CLEAR  (SCALE 0-3)  22
DPTR FM NORMAL     0    PTCLDY (SCALE 4-7)   7
TOTAL FM JUL 1     1    CLOUDY (SCALE 8-10)  2
DPTR FM NORMAL     0

[CDD (BASE 65) ]
TOTAL THIS MO.   418
DPTR FM NORMAL     4    [PRESSURE DATA]
TOTAL FM JAN 1   834    HIGHEST SLP M ON M
DPTR FM NORMAL    26    LOWEST  SLP 29.67 ON 13

[REMARKS]
#FINAL-07-15#
