846
CXUS53 KDMX 210920
CF6LWD
PRELIMINARY LOCAL CLIMATOLOGICAL DATA (WS FORM: F-6)

                                          STATION:   LAMONI IA
                                          MONTH:     NOVEMBER
                                          YEAR:      2017
                                          LATITUDE:   40 37 N
                                          LONGITUDE:  93 56 W

  TEMPERATURE IN F:       :PCPN:    SNOW:  WIND      :SUNSHINE: SKY     :PK WND
================================================================================
1   2   3   4   5  6A  6B    7    8   9   10  11  12  13   14  15   16   17  18
                                     12Z  AVG MX 2MIN
DY MAX MIN AVG DEP HDD CDD  WTR  SNW DPTH SPD SPD DIR MIN PSBL S-S WX    SPD DR
================================================================================

 1  47  30  39  -8  26   0 0.00  0.0    0  7.5 21 160   M    M   7 12     28 170
 2  54  36  45  -1  20   0 0.00  0.0    0 10.4 18  20   M    M   7 12     24  10
 3  52  30  41  -5  24   0    T    M    0  9.6 15 110   M    M   4        25 100
 4  52  43  48   3  17   0 0.00  0.0    0  4.5 12 220   M    M   8 18     14 220
 5  49  30  40  -5  25   0 0.00  0.0    0  9.7 21 340   M    M   7 18     28 340
 6  44  26  35  -9  30   0 0.00  0.0    0  9.4 17  40   M    M   2        22  30
 7  44  28  36  -8  29   0 0.00  0.0    0 10.0 18  20   M    M   3        23  50
 8  48  23  36  -8  29   0 0.00  0.0    0  6.5 13 210   M    M   0        17 190
 9  38  22  30 -13  35   0 0.00  0.0    0 13.1 22 340   M    M   0        29 340
10  34  17  26 -16  39   0 0.00  0.0    0 10.1 16 150   M    M   5        22 150
11  46  34  40  -2  25   0 0.02    M    0  7.2 15 170   M    M  10 18     22 170
12  48  32  40  -2  25   0 0.02    M    0  6.5 13 360   M    M   6 1      16 360
13  45  27  36  -5  29   0 0.00  0.0    0  6.8 13 180   M    M  10 12     17 180
14  51  45  48   8  17   0 0.04  0.0    0  9.2 16 180   M    M  10 12     21 180
15  55  28  42   2  23   0 0.06  0.0    0 13.8 26 320   M    M   2 1      35 330
16  45  21  33  -6  32   0    T  0.0    0  7.5 14 150   M    M   0        20 140
17  54  39  47   8  18   0 0.02  0.0    0  9.2 17 140   M    M  10 128    25 140
18  53  29  41   3  24   0 0.17  0.0    0 18.9 31 320   M    M   5 1      40 320
19  47  21  34  -4  31   0 0.00  0.0    0  9.9 20 320   M    M   0        25 320
20  61  34  48  11  17   0 0.00  0.0    0 16.3 31 200   M    M   0        39 220
================================================================================
SM  967  595       515   0  0.33     0.0 196.1          M       96
================================================================================
AV 48.4 29.8                               9.8 FASTST   M    M   5    MAX(MPH)
                                 MISC ---->  # 31 320               # 40  320
================================================================================
NOTES:
# LAST OF SEVERAL OCCURRENCES

COLUMN 17 PEAK WIND IN M.P.H.

PRELIMINARY LOCAL CLIMATOLOGICAL DATA (WS FORM: F-6) , PAGE 2

                                          STATION:  LAMONI IA
                                          MONTH:    NOVEMBER
                                          YEAR:     2017
                                          LATITUDE:   40 37 N
                                          LONGITUDE:  93 56 W

[TEMPERATURE DATA]      [PRECIPITATION DATA]       SYMBOLS USED IN COLUMN 16

AVERAGE MONTHLY: 39.1   TOTAL FOR MONTH:   0.33    1 = FOG OR MIST
DPTR FM NORMAL:  -3.0   DPTR FM NORMAL:   -1.33    2 = FOG REDUCING VISIBILITY
HIGHEST:    61 ON 20    GRTST 24HR  0.19 ON 17-18      TO 1/4 MILE OR LESS
LOWEST:     17 ON 10                               3 = THUNDER
                        SNOW, ICE PELLETS, HAIL    4 = ICE PELLETS
                        TOTAL MONTH:   0.0 INCH    5 = HAIL
                        GRTST 24HR     0.0         6 = FREEZING RAIN OR DRIZZLE
                        GRTST DEPTH:   0           7 = DUSTSTORM OR SANDSTORM:
                                                       VSBY 1/2 MILE OR LESS
                                                   8 = SMOKE OR HAZE
[NO. OF DAYS WITH]      [WEATHER - DAYS WITH]      9 = BLOWING SNOW
                                                   X = TORNADO
MAX 32 OR BELOW:   0    0.01 INCH OR MORE:   6
MAX 90 OR ABOVE:   0    0.10 INCH OR MORE:   1
MIN 32 OR BELOW:  14    0.50 INCH OR MORE:   0
MIN  0 OR BELOW:   0    1.00 INCH OR MORE:   0

[HDD (BASE 65) ]
TOTAL THIS MO.   515    CLEAR  (SCALE 0-3)   7
DPTR FM NORMAL    57    PTCLDY (SCALE 4-7)   8
TOTAL FM JUL 1   846    CLOUDY (SCALE 8-10)  5
DPTR FM NORMAL   -96

[CDD (BASE 65) ]
TOTAL THIS MO.     0
DPTR FM NORMAL     0    [PRESSURE DATA]
TOTAL FM JAN 1  1150    HIGHEST SLP M ON M
DPTR FM NORMAL   204    LOWEST  SLP 29.52 ON 18

[REMARKS]
