000
CXUS53 KDMX 010920
CF6LWD
PRELIMINARY LOCAL CLIMATOLOGICAL DATA (WS FORM: F-6)

                                          STATION:   LAMONI IA
                                          MONTH:     FEBRUARY
                                          YEAR:      2015
                                          LATITUDE:   40 37 N
                                          LONGITUDE:  93 56 W

  TEMPERATURE IN F:       :PCPN:    SNOW:  WIND      :SUNSHINE: SKY     :PK WND
================================================================================
1   2   3   4   5  6A  6B    7    8   9   10  11  12  13   14  15   16   17  18
                                     12Z  AVG MX 2MIN
DY MAX MIN AVG DEP HDD CDD  WTR  SNW DPTH SPD SPD DIR MIN PSBL S-S WX    SPD DR
================================================================================

 1  33   9  21  -4  44   0 0.46    M    M 13.9 29 360   M    M  10 1      40  10
 2  15  -7   4 -21  61   0 0.00  0.0    M  8.9 15 330   M    M   2 1      19 330
 3  36   8  22  -4  43   0 0.00  0.0    M  7.5 17 190   M    M   3 1      23 180
 4  23  -6   9 -17  56   0 0.15    M    M 12.1 23  10   M    M   5 128    29 360
 5  18 -13   3 -23  62   0 0.00  0.0    M  8.5 18 200   M    M   1 18     22 200
 6  39  12  26   0  39   0 0.00  0.0    M  9.4 17 200   M    M   0 8      21 190
 7  44  30  37  11  28   0 0.00  0.0    M 10.2 18 200   M    M   0 1      23 200
 8  43  32  38  12  27   0 0.00  0.0    M  9.2 17 350   M    M   3 18     21 360
 9  33  29  31   4  34   0 0.00  0.0    M  7.4 15  20   M    M  10 18     20  20
10  37  22  30   3  35   0 0.00  0.0    M  6.4 14 150   M    M   2 1      19 140
11  38  21  30   3  35   0    T    M    M 16.4 33 330   M    M   7        44 340
12  21   3  12 -15  53   0 0.02    M    M  9.4 32 360   M    M   3 1      45 360
13  37  14  26  -2  39   0    T    M    M  9.6 16 270   M    M   3 1      19 240
14  34   8  21  -7  44   0    T    M    M 15.4 26 350   M    M   6        35 350
15  14   5  10 -18  55   0 0.00  0.0    M  8.1 15  60   M    M   8        20  60
16  24  11  18 -10  47   0 0.00  0.0    M  5.4 13 280   M    M   6        14 280
17  26   9  18 -11  47   0    T    M    M  9.8 25 320   M    M   5        30 310
18  12   1   7 -22  58   0    T    M    M 15.3 26 320   M    M   1 8      36 310
19  18  -3   8 -21  57   0 0.00  0.0    M  6.5 13 170   M    M   4        17 130
20  37  13  25  -5  40   0 0.00  0.0    M 10.6 22 200   M    M   5        25 210
21  37  17  27  -3  38   0 0.00  0.0    M 11.8 21 350   M    M   4 1      28  10
22  18   4  11 -19  54   0 0.00  0.0    M 13.5 23 340   M    M   3        28 360
23  20  -3   9 -22  56   0 0.00  0.0    M  6.5 14 210   M    M   0        17 200
24  41   9  25  -6  40   0 0.00  0.0    M 13.6 23 270   M    M   2        28 250
25  42  13  28  -4  37   0 0.07    M    M 11.5 29  20   M    M   7 1      36  20
26  13  -1   6 -26  59   0    T    M    M 13.8 23 340   M    M   2        28 340
27  15  -7   4 -28  61   0 0.00  0.0    M  4.0  9  30   M    M   0        13  40
28  22   5  14 -19  51   0 0.03    M    M  5.4 14 180   M    M   6 1      17 170
================================================================================
SM  790  235      1300   0  0.73     0.0 280.1          M      108
================================================================================
AV 28.2  8.4                              10.0 FASTST   M    M   4    MAX(MPH)
                                 MISC ---->  # 33 330               # 45  360
================================================================================
NOTES:
# LAST OF SEVERAL OCCURRENCES

COLUMN 17 PEAK WIND IN M.P.H.

PRELIMINARY LOCAL CLIMATOLOGICAL DATA (WS FORM: F-6) , PAGE 2

                                          STATION:  LAMONI IA
                                          MONTH:    FEBRUARY
                                          YEAR:     2015
                                          LATITUDE:   40 37 N
                                          LONGITUDE:  93 56 W

[TEMPERATURE DATA]      [PRECIPITATION DATA]       SYMBOLS USED IN COLUMN 16

AVERAGE MONTHLY: 18.3   TOTAL FOR MONTH:   0.73    1 = FOG OR MIST
DPTR FM NORMAL: -10.1   DPTR FM NORMAL:   -0.59    2 = FOG REDUCING VISIBILITY
HIGHEST:    44 ON  7    GRTST 24HR  1.31 ON 31- 1      TO 1/4 MILE OR LESS
LOWEST:    -13 ON  5                               3 = THUNDER
                        SNOW, ICE PELLETS, HAIL    4 = ICE PELLETS
                        TOTAL MONTH:   0.0 INCH    5 = HAIL
                        GRTST 24HR     0.0         6 = FREEZING RAIN OR DRIZZLE
                        GRTST DEPTH:  M  ON   M    7 = DUSTSTORM OR SANDSTORM:
                                                       VSBY 1/2 MILE OR LESS
                                                   8 = SMOKE OR HAZE
[NO. OF DAYS WITH]      [WEATHER - DAYS WITH]      9 = BLOWING SNOW
                                                   X = TORNADO
MAX 32 OR BELOW:  14    0.01 INCH OR MORE:   5
MAX 90 OR ABOVE:   0    0.10 INCH OR MORE:   2
MIN 32 OR BELOW:  28    0.50 INCH OR MORE:   0
MIN  0 OR BELOW:   7    1.00 INCH OR MORE:   0

[HDD (BASE 65) ]
TOTAL THIS MO.  1300    CLEAR  (SCALE 0-3)  15
DPTR FM NORMAL   275    PTCLDY (SCALE 4-7)  10
TOTAL FM JUL 1  4850    CLOUDY (SCALE 8-10)  3
DPTR FM NORMAL   133

[CDD (BASE 65) ]
TOTAL THIS MO.     0
DPTR FM NORMAL     0    [PRESSURE DATA]
TOTAL FM JAN 1     0    HIGHEST SLP 30.85 ON 23
DPTR FM NORMAL     0    LOWEST  SLP 29.60 ON  8

[REMARKS]
#FINAL-02-15#
