000
CXUS53 KDMX 160920
CF6LWD
PRELIMINARY LOCAL CLIMATOLOGICAL DATA (WS FORM: F-6)

                                          STATION:   LAMONI IA
                                          MONTH:     JANUARY
                                          YEAR:      2017
                                          LATITUDE:   40 37 N
                                          LONGITUDE:  93 56 W

  TEMPERATURE IN F:       :PCPN:    SNOW:  WIND      :SUNSHINE: SKY     :PK WND
================================================================================
1   2   3   4   5  6A  6B    7    8   9   10  11  12  13   14  15   16   17  18
                                     12Z  AVG MX 2MIN
DY MAX MIN AVG DEP HDD CDD  WTR  SNW DPTH SPD SPD DIR MIN PSBL S-S WX    SPD DR
================================================================================

 1  40  18  29   5  36   0 0.00  0.0    M  7.6 15 190   M    M   3        18 180
 2  41  34  38  14  27   0 0.19  0.0    M  5.9 15 350   M    M  10 123    18 110
 3  37  12  25   1  40   0 0.00  0.0    M 18.2 29 320   M    M   5 1      37 310
 4  16   6  11 -13  54   0 0.10    M    M 11.5 21 310   M    M   5 1      25 320
 5  12  -3   5 -19  60   0 0.04    M    M  9.8 21 300   M    M   5 18     23 290
 6  11  -8   2 -22  63   0 0.00  0.0    0  7.0 12 310   M    M   0        15 320
 7  26   0  13 -11  52   0 0.00  0.0    0  6.3 14 350   M    M   3        17 350
 8  22   4  13 -11  52   0 0.00  0.0    0 10.7 21 150   M    M   3        26 140
 9  38  13  26   2  39   0 0.00  0.0    M  9.2 18 150   M    M   2        24 150
10  44  24  34  10  31   0 0.08    M    M 13.8 35 290   M    M   6 1      46 290
11  45  15  30   6  35   0 0.00  0.0    M 13.4 24 360   M    M   5        31 360
12  25  11  18  -6  47   0 0.00  0.0    M  9.4 20  20   M    M   6        25  20
13  28  13  21  -3  44   0 0.00  0.0    M  9.4 16  50   M    M   4        19  60
14  36  24  30   6  35   0 0.00  0.0    M  3.5  9 310   M    M   5        12 320
15  31  27  29   5  36   0 0.13    M    M  4.6  8 100   M    M  10 16     11  90
================================================================================
SM  452  190       651   0  0.54     0.0 140.3          M       72
================================================================================
AV 30.1 12.7                               9.4 FASTST   M    M   5    MAX(MPH)
                                 MISC ---->  # 35 290               # 46  290
================================================================================
NOTES:
# LAST OF SEVERAL OCCURRENCES

COLUMN 17 PEAK WIND IN M.P.H.

PRELIMINARY LOCAL CLIMATOLOGICAL DATA (WS FORM: F-6) , PAGE 2

                                          STATION:  LAMONI IA
                                          MONTH:    JANUARY
                                          YEAR:     2017
                                          LATITUDE:   40 37 N
                                          LONGITUDE:  93 56 W

[TEMPERATURE DATA]      [PRECIPITATION DATA]       SYMBOLS USED IN COLUMN 16

AVERAGE MONTHLY: 21.4   TOTAL FOR MONTH:   0.54    1 = FOG OR MIST
DPTR FM NORMAL:  -2.6   DPTR FM NORMAL:    0.25    2 = FOG REDUCING VISIBILITY
HIGHEST:    45 ON 11    GRTST 24HR  0.19 ON  2- 2      TO 1/4 MILE OR LESS
LOWEST:     -8 ON  6                               3 = THUNDER
                        SNOW, ICE PELLETS, HAIL    4 = ICE PELLETS
                        TOTAL MONTH:   0.0 INCH    5 = HAIL
                        GRTST 24HR     0.0         6 = FREEZING RAIN OR DRIZZLE
                        GRTST DEPTH:   0           7 = DUSTSTORM OR SANDSTORM:
                                                       VSBY 1/2 MILE OR LESS
                                                   8 = SMOKE OR HAZE
[NO. OF DAYS WITH]      [WEATHER - DAYS WITH]      9 = BLOWING SNOW
                                                   X = TORNADO
MAX 32 OR BELOW:   8    0.01 INCH OR MORE:   5
MAX 90 OR ABOVE:   0    0.10 INCH OR MORE:   3
MIN 32 OR BELOW:  14    0.50 INCH OR MORE:   0
MIN  0 OR BELOW:   3    1.00 INCH OR MORE:   0

[HDD (BASE 65) ]
TOTAL THIS MO.   651    CLEAR  (SCALE 0-3)   4
DPTR FM NORMAL    36    PTCLDY (SCALE 4-7)   9
TOTAL FM JUL 1  2539    CLOUDY (SCALE 8-10)  2
DPTR FM NORMAL  -505

[CDD (BASE 65) ]
TOTAL THIS MO.     0
DPTR FM NORMAL     0    [PRESSURE DATA]
TOTAL FM JAN 1     0    HIGHEST SLP M ON M
DPTR FM NORMAL     0    LOWEST  SLP 29.31 ON 10

[REMARKS]
