000
CXUS56 KOTX 300900
CF6LWS
PRELIMINARY LOCAL CLIMATOLOGICAL DATA (WS FORM: F-6)

                                          STATION:   LEWISTON ID AIRPORT
                                          MONTH:     AUGUST
                                          YEAR:      2015
                                          LATITUDE:   46 22 N
                                          LONGITUDE: 117  1 W

  TEMPERATURE IN F:       :PCPN:    SNOW:  WIND      :SUNSHINE: SKY     :PK WND
================================================================================
1   2   3   4   5  6A  6B    7    8   9   10  11  12  13   14  15   16   17  18
                                     12Z  AVG MX 2MIN
DY MAX MIN AVG DEP HDD CDD  WTR  SNW DPTH SPD SPD DIR MIN PSBL S-S WX    SPD DR
================================================================================

 1 106  67  87  10   0  22 0.00  0.0    0  5.8 16 320   M    M   0        21 320
 2 105  63  84   8   0  19 0.00  0.0    0  4.5 13 320   M    M   0        16 330
 3  96  67  82   6   0  17 0.00  0.0    0  4.8 24 290   M    M   1        34 290
 4  95  68  82   6   0  17 0.00  0.0    0  5.4 20 320   M    M   1        24 320
 5  88  66  77   1   0  12    T  0.0    0  8.8 23 300   M    M   0        31 310
 6  82  62  72  -4   0   7 0.00  0.0    0  5.5 17 300   M    M   0        22 300
 7  91  54  73  -3   0   8 0.00  0.0    0  4.2 10 330   M    M   0        16  20
 8  93  61  77   1   0  12 0.00  0.0    0  4.8 13 320   M    M   0        18 300
 9  89  67  78   2   0  13    T  0.0    0  3.5 13  70   M    M   0        15  20
10  96  65  81   5   0  16    T  0.0    0  5.2 30 220   M    M   0 38     39 220
11 103  59  81   6   0  16 0.00  0.0    0  3.8 12 250   M    M   0        13 250
12 104  77  91  16   0  26    T  0.0    0  5.9 26 340   M    M   1 3      31 340
13 103  69  86  11   0  21    T  0.0    0  3.2 12 210   M    M   1 38     14 220
14  93  68  81   6   0  16 0.00  0.0    0 10.0 30 300   M    M   3 8      40 290
15  84  63  74  -1   0   9 0.00  0.0    0  7.3 17 220   M    M   1        23 200
16  85  56  71  -3   0   6 0.00  0.0    0  4.4 12 350   M    M   1        16 350
17  87  57  72  -2   0   7 0.00  0.0    0  3.9  8 290   M    M   1 8      11 350
18  92  58  75   1   0  10 0.00  0.0    0  4.6 17 330   M    M   1 8      21 340
19  95  62  79   5   0  14 0.00  0.0    0  3.6 15 320   M    M   0 8      20 330
20  94  61  78   5   0  13 0.00  0.0    0  4.8 18 290   M    M   1 8      24 300
21  81  61  71  -2   0   6 0.00  0.0    0  9.7 35 300   M    M   5 8      48 320
22  82  54  68  -5   0   3 0.00  0.0    0  3.5 13 270   M    M   6 8      15 260
23  86  53  70  -2   0   5 0.00  0.0    0  4.4 10  70   M    M  10 8      13  60
24  88  58  73   1   0   8 0.00  0.0    0  1.8  6 140   M    M  10 8       8  30
25  92  59  76   4   0  11 0.00  0.0    0  4.7 13 300   M    M   5 8      16 280
26  92  61  77   5   0  12 0.00  0.0    0  3.7  9 220   M    M   3 8      10 220
27  94  63  79   8   0  14 0.00  0.0    0  3.4 13 310   M    M   0 8      14 330
28  86  64  75   4   0  10 0.00  0.0    0  5.2 14  60   M    M   0 8      19  70
29   M   M   M   M   M   M    T    M    0 10.9 29 280   M    M   M        73 180
================================================================================
SM 2582 1743         0 350    T      0.0 151.3          M       51
================================================================================
AV 92.2 62.2                               5.2 FASTST   M    M   2    MAX(MPH)
                                 MISC ---->  # 35 300               # 73  180
================================================================================
NOTES:
# LAST OF SEVERAL OCCURRENCES

COLUMN 17 PEAK WIND IN M.P.H.

PRELIMINARY LOCAL CLIMATOLOGICAL DATA (WS FORM: F-6) , PAGE 2

                                          STATION:  LEWISTON ID AIRPORT
                                          MONTH:    AUGUST
                                          YEAR:     2015
                                          LATITUDE:   46 22 N
                                          LONGITUDE: 117  1 W

[TEMPERATURE DATA]      [PRECIPITATION DATA]       SYMBOLS USED IN COLUMN 16

AVERAGE MONTHLY: 77.2   TOTAL FOR MONTH:      T    1 = FOG OR MIST
DPTR FM NORMAL:   3.0   DPTR FM NORMAL:   -0.64    2 = FOG REDUCING VISIBILITY
HIGHEST:   106 ON  1    GRTST 24HR    T  ON 29-29      TO 1/4 MILE OR LESS
LOWEST:     53 ON 23                               3 = THUNDER
                        SNOW, ICE PELLETS, HAIL    4 = ICE PELLETS
                        TOTAL MONTH:   0.0 INCH    5 = HAIL
                        GRTST 24HR     0.0         6 = FREEZING RAIN OR DRIZZLE
                        GRTST DEPTH:   0           7 = DUSTSTORM OR SANDSTORM:
                                                       VSBY 1/2 MILE OR LESS
                                                   8 = SMOKE OR HAZE
[NO. OF DAYS WITH]      [WEATHER - DAYS WITH]      9 = BLOWING SNOW
                                                   X = TORNADO
MAX 32 OR BELOW:   0    0.01 INCH OR MORE:   0
MAX 90 OR ABOVE:  17    0.10 INCH OR MORE:   0
MIN 32 OR BELOW:   0    0.50 INCH OR MORE:   0
MIN  0 OR BELOW:   0    1.00 INCH OR MORE:   0

[HDD (BASE 65) ]
TOTAL THIS MO.     0    CLEAR  (SCALE 0-3)  22
DPTR FM NORMAL    -3    PTCLDY (SCALE 4-7)   4
TOTAL FM JUL 1     0    CLOUDY (SCALE 8-10)  2
DPTR FM NORMAL   -10

[CDD (BASE 65) ]
TOTAL THIS MO.   350
DPTR FM NORMAL    76    [PRESSURE DATA]
TOTAL FM JAN 1  1148    HIGHEST SLP  0.00 ON 29
DPTR FM NORMAL   444    LOWEST  SLP  0.00 ON M

[REMARKS]
