000
CXUS56 KTFX 271205
CF6LWT
PRELIMINARY LOCAL CLIMATOLOGICAL DATA (WS FORM: F-6)

                                          STATION:   LEWISTOWN MT
                                          MONTH:     MARCH
                                          YEAR:      2015
                                          LATITUDE:   47  2 N
                                          LONGITUDE: 109 28 W

  TEMPERATURE IN F:       :PCPN:    SNOW:  WIND      :SUNSHINE: SKY     :PK WND
================================================================================
1   2   3   4   5  6A  6B    7    8   9   10  11  12  13   14  15   16   17  18
                                     12Z  AVG MX 2MIN
DY MAX MIN AVG DEP HDD CDD  WTR  SNW DPTH SPD SPD DIR MIN PSBL S-S WX    SPD DR
================================================================================

 1  30   7  19  -9  46   0    T    M    4  8.2 20 290   M    M   3        25 290
 2  34  12  23  -6  42   0 0.04    M    1 11.0 23 220   M    M   5 18     26 220
 3  13  -2   6 -23  59   0    T    M    2 11.4 20 300   M    M   4 1      24 300
 4  27  -6  11 -18  54   0 0.00    M    2  6.9 15 230   M    M   1        16 300
 5  46  17  32   2  33   0 0.00    M    1 10.9 21 270   M    M   1        24 280
 6  54  30  42  12  23   0 0.00    M    T 10.8 30 300   M    M   2        36 300
 7  49  29  39   9  26   0    T    M    0  6.4 21 330   M    M   7        31 340
 8  54  30  42  12  23   0 0.00    M    0  7.7 16 300   M    M   3        20 300
 9  62  32  47  16  18   0 0.00    M    0 10.1 21 300   M    M   0        28 270
10  63  26  45  14  20   0 0.00    M    0  6.3 14 180   M    M   0        16 180
11  68  34  51  20  14   0 0.00    M    0 11.2 24 240   M    M   3        29 240
12  64  33  49  17  16   0 0.00    M    0 13.8 28 300   M    M   2        38 300
13  65  27  46  14  19   0 0.00    M    0  5.4 10 130   M    M   0        13 220
14  69  34  52  20  13   0 0.00    M    0 21.1 36 240   M    M   0        43 220
15  61  48  55  22  10   0    T    M    0  9.2 25 240   M    M   6        30 240
16  60  30  45  12  20   0 0.01    M    0 10.4 26 300   M    M   9 1      37 310
17  43  31  37   4  28   0 0.07    M    0 11.9 18  90   M    M   7        23  90
18  49  31  40   6  25   0 0.09    M    0  9.0 24 330   M    M   8 1      30 330
19  59  30  45  11  20   0 0.00    M    0  9.1 18 240   M    M   2        22 260
20  66  33  50  16  15   0 0.00    M    0  7.5 16 300   M    M   0        22 300
21  65  34  50  16  15   0    T    M    0  7.6 25 290   M    M   4        44 290
22  60  31  46  11  19   0 0.00    M    0  9.7 22 270   M    M   1        27 300
23  60  36  48  13  17   0 0.12    M    0 12.3 25 300   M    M   4        34 290
24  50  29  40   5  25   0    T    M    0  8.5 17 360   M    M   8 1      27 230
25  50  28  39   3  26   0 0.01    M    T  6.8 21 260   M    M   8 1      26 260
26  61  41  51  15  14   0 0.00    M    0 12.3 28 300   M    M   8        36 300
================================================================================
SM 1382  705       640   0  0.34    M    255.5          M       96
================================================================================
AV 53.2 27.1                               9.8 FASTST   M    M   4    MAX(MPH)
                                 MISC ---->  # 36 240               # 44  290
================================================================================
NOTES:
# LAST OF SEVERAL OCCURRENCES

COLUMN 17 PEAK WIND IN M.P.H.

PRELIMINARY LOCAL CLIMATOLOGICAL DATA (WS FORM: F-6) , PAGE 2

                                          STATION:  LEWISTOWN MT
                                          MONTH:    MARCH
                                          YEAR:     2015
                                          LATITUDE:   47  2 N
                                          LONGITUDE: 109 28 W

[TEMPERATURE DATA]      [PRECIPITATION DATA]       SYMBOLS USED IN COLUMN 16

AVERAGE MONTHLY: 40.1   TOTAL FOR MONTH:   0.34    1 = FOG OR MIST
DPTR FM NORMAL:   8.0   DPTR FM NORMAL:   -0.43    2 = FOG REDUCING VISIBILITY
HIGHEST:    69 ON 14    GRTST 24HR  0.12 ON 23-23      TO 1/4 MILE OR LESS
LOWEST:     -6 ON  4                               3 = THUNDER
                        SNOW, ICE PELLETS, HAIL    4 = ICE PELLETS
                        TOTAL MONTH:    M          5 = HAIL
                        GRTST 24HR    M  ON   M    6 = FREEZING RAIN OR DRIZZLE
                        GRTST DEPTH:   4 ON  1     7 = DUSTSTORM OR SANDSTORM:
                                                       VSBY 1/2 MILE OR LESS
                                                   8 = SMOKE OR HAZE
[NO. OF DAYS WITH]      [WEATHER - DAYS WITH]      9 = BLOWING SNOW
                                                   X = TORNADO
MAX 32 OR BELOW:   3    0.01 INCH OR MORE:   6
MAX 90 OR ABOVE:   0    0.10 INCH OR MORE:   1
MIN 32 OR BELOW:  18    0.50 INCH OR MORE:   0
MIN  0 OR BELOW:   2    1.00 INCH OR MORE:   0

[HDD (BASE 65) ]
TOTAL THIS MO.   640    CLEAR  (SCALE 0-3)  13
DPTR FM NORMAL  -214    PTCLDY (SCALE 4-7)  11
TOTAL FM JUL 1  5838    CLOUDY (SCALE 8-10)  2
DPTR FM NORMAL  -820

[CDD (BASE 65) ]
TOTAL THIS MO.     0
DPTR FM NORMAL     0    [PRESSURE DATA]
TOTAL FM JAN 1     0    HIGHEST SLP M ON M
DPTR FM NORMAL     0    LOWEST  SLP 29.75 ON 23

[REMARKS]
