000
CXUS56 KTFX 011205
CF6LWT
PRELIMINARY LOCAL CLIMATOLOGICAL DATA (WS FORM: F-6)

                                          STATION:   LEWISTOWN MT
                                          MONTH:     AUGUST
                                          YEAR:      2014
                                          LATITUDE:   47  2 N
                                          LONGITUDE: 109 28 W

  TEMPERATURE IN F:       :PCPN:    SNOW:  WIND      :SUNSHINE: SKY     :PK WND
================================================================================
1   2   3   4   5  6A  6B    7    8   9   10  11  12  13   14  15   16   17  18
                                     12Z  AVG MX 2MIN
DY MAX MIN AVG DEP HDD CDD  WTR  SNW DPTH SPD SPD DIR MIN PSBL S-S WX    SPD DR
================================================================================

 1  91  54  73   6   0   8 0.00    M    0  6.2 14  50   M    M   0        20 360
 2  90  59  75   8   0  10 0.28    M    0 10.7 24 280   M    M   3 3      34 290
 3  86  55  71   4   0   6 0.00    M    0  8.2 21 360   M    M   1        30 360
 4  83  54  69   2   0   4    T    M    0  6.3 20 240   M    M   1 3      23 240
 5  77  57  67   0   0   2 0.12    M    0  6.6 15 120   M    M   5 1      19 130
 6  89  53  71   4   0   6 0.00    M    0  5.2  9 100   M    M   1        15 270
 7  89  57  73   6   0   8 0.00    M    0  6.3 15 320   M    M   0        22 330
 8  89  56  73   6   0   8    T    M    0  5.9 20 330   M    M   2        25 330
 9  81  56  69   2   0   4 0.02    M    0  8.1 16 290   M    M   4        21 280
10  89  55  72   5   0   7 0.00    M    0  6.6 15 320   M    M   1        22 300
11  91  53  72   6   0   7 0.00    M    0  5.8 10  10   M    M   0        16  10
12  97  59  78  12   0  13 0.00    M    0 10.5 21 250   M    M   1        27  90
13  92  63  78  12   0  13    T    M    0  5.6 17 100   M    M   2        21  90
14  78  60  69   3   0   4 0.11    M    0  6.2 21 260   M    M   6 1      25 260
15  85  54  70   4   0   5 0.72    M    0  6.4 32 240   M    M   2 13     42 240
16  80  56  68   2   0   3 0.04    M    0  9.8 28 240   M    M   5        37 240
17  78  52  65   0   0   0 0.00    M    0  7.3 22  10   M    M   4        27  10
18  85  53  69   4   0   4 0.00    M    0  4.5 14  90   M    M   0        19 220
19  89  52  71   6   0   6 0.00    M    0  6.3 16 250   M    M   1        22 300
20  80  58  69   5   0   4 0.05    M    0  7.4 18 320   M    M   2 3      27 320
21  64  53  59  -5   6   0 0.04    M    0  6.0 14 300   M    M   8 1      21  10
22  61  53  57  -7   8   0 0.68    M    0  5.0 15  10   M    M  10 1      19  10
23  55  47  51 -13  14   0 3.34    M    0 13.2 25  10   M    M   9 1      33 350
24  48  46  47 -16  18   0 0.56    M    0 15.8 28 300   M    M  10 1      38 300
25  65  47  56  -7   9   0 0.01    M    0  5.9 13 100   M    M   6 1      17 270
26  77  42  60  -3   5   0 0.00    M    0  6.0 13 110   M    M   0        17  90
27  82  51  67   5   0   2 0.00    M    0  6.6 15 270   M    M   0        18 300
28  85  51  68   6   0   3 0.00    M    0  7.7 21 300   M    M   1        29 300
29  77  48  63   1   2   0 0.00    M    0  7.0 15  80   M    M   1        20  80
30  70  53  62   1   3   0 0.09    M    0  6.3 20 240   M    M   3 13     26 220
31  68  49  59  -2   6   0    T    M    0  9.1 21 270   M    M   5        27 290
================================================================================
SM 2471 1656        71 127  6.06    M    228.5          M       94
================================================================================
AV 79.7 53.4                               7.4 FASTST   M    M   3    MAX(MPH)
                                 MISC ---->  # 32 240               # 42  240
================================================================================
NOTES:
# LAST OF SEVERAL OCCURRENCES

COLUMN 17 PEAK WIND IN M.P.H.

PRELIMINARY LOCAL CLIMATOLOGICAL DATA (WS FORM: F-6) , PAGE 2

                                          STATION:  LEWISTOWN MT
                                          MONTH:    AUGUST
                                          YEAR:     2014
                                          LATITUDE:   47  2 N
                                          LONGITUDE: 109 28 W

[TEMPERATURE DATA]      [PRECIPITATION DATA]       SYMBOLS USED IN COLUMN 16

AVERAGE MONTHLY: 66.6   TOTAL FOR MONTH:   6.06    1 = FOG OR MIST
DPTR FM NORMAL:   1.5   DPTR FM NORMAL:    4.33    2 = FOG REDUCING VISIBILITY
HIGHEST:    97 ON 12    GRTST 24HR  3.42 ON 23-24      TO 1/4 MILE OR LESS
LOWEST:     42 ON 26                               3 = THUNDER
                        SNOW, ICE PELLETS, HAIL    4 = ICE PELLETS
                        TOTAL MONTH:    M          5 = HAIL
                        GRTST 24HR    M  ON   M    6 = FREEZING RAIN OR DRIZZLE
                        GRTST DEPTH:   0           7 = DUSTSTORM OR SANDSTORM:
                                                       VSBY 1/2 MILE OR LESS
                                                   8 = SMOKE OR HAZE
[NO. OF DAYS WITH]      [WEATHER - DAYS WITH]      9 = BLOWING SNOW
                                                   X = TORNADO
MAX 32 OR BELOW:   0    0.01 INCH OR MORE:  13
MAX 90 OR ABOVE:   5    0.10 INCH OR MORE:   7
MIN 32 OR BELOW:   0    0.50 INCH OR MORE:   4
MIN  0 OR BELOW:   0    1.00 INCH OR MORE:   1

[HDD (BASE 65) ]
TOTAL THIS MO.    71    CLEAR  (SCALE 0-3)  20
DPTR FM NORMAL   -14    PTCLDY (SCALE 4-7)   8
TOTAL FM JUL 1    81    CLOUDY (SCALE 8-10)  3
DPTR FM NORMAL   -77

[CDD (BASE 65) ]
TOTAL THIS MO.   127
DPTR FM NORMAL    41    [PRESSURE DATA]
TOTAL FM JAN 1   281    HIGHEST SLP 30.21 ON 25
DPTR FM NORMAL    85    LOWEST  SLP 29.60 ON 19

[REMARKS]
#FINAL-08-14#
