000
CXUS55 KEAX 230736
CF6LXT
PRELIMINARY LOCAL CLIMATOLOGICAL DATA (WS FORM: F-6)

                                          STATION:   Lee`s Summit MO
                                          MONTH:     APRIL
                                          YEAR:      2014
                                          LATITUDE:   38 57 N
                                          LONGITUDE:  94 22 W

  TEMPERATURE IN F:       :PCPN:    SNOW:  WIND      :SUNSHINE: SKY     :PK WND
================================================================================
1   2   3   4   5  6A  6B    7    8   9   10  11  12  13   14  15   16   17  18
                                     12Z  AVG MX 2MIN
DY MAX MIN AVG DEP HDD CDD  WTR  SNW DPTH SPD SPD DIR MIN PSBL S-S WX    SPD DR
================================================================================

 1  53  29  41  -8  24   0 0.00    M    M  8.2 21 300   M    M   4        26 300
 2  54  43  49  -1  16   0 1.55    M    M 12.3 26  80   M    M  10 13     35  80
 3  74  40  57   7   8   0 0.12    M    M 12.5 25 290   M    M   9 13     33 270
 4  45  37  41  -9  24   0 0.00    M    M 14.7 30 310   M    M   9        41 320
 5  56  29  43  -8  22   0 0.00    M    M  5.6 12 120   M    M   0        15 120
 6  61  44  53   2  12   0 0.00    M    M  4.5 12 130   M    M   8        17 140
 7  66  45  56   5   9   0    T    M    M  7.9 20 340   M    M   7        27 330
 8  59  43  51  -1  14   0 0.01    M    M 11.5 30 340   M    M   5        37 350
 9  73  38  56   4   9   0 0.00    M    M 12.3 23 200   M    M   0        33 190
10  69  51  60   8   5   0 0.00    M    M 11.2 23  30   M    M   0        32 210
11  75  43  59   6   6   0 0.00    M    M  6.9 14 110   M    M   0        18 110
12  82  58  70  17   0   5 0.00    M    M 15.0 26 200   M    M   1 3      36 200
13  73  38  56   3   9   0 1.05    M    M 12.3 26 340   M    M   7 13     33 340
14  44  31  38 -16  27   0    T    M    M 15.8 28 340   M    M   7 1      36 340
15  53  28  41 -13  24   0 0.00    M    M  5.8 16 190   M    M   1        21 160
16  65  42  54   0  11   0 0.00    M    M 17.1 30 220   M    M   0        42 220
17  47  38  43 -12  22   0    T    M    M  5.6 15  10   M    M   6        18  10
18  68  36  52  -3  13   0 0.00    M    M  4.3 12 150   M    M   0 18     16 150
19  76  52  64   8   1   0 0.00    M    M 10.4 22 220   M    M   0        29 220
20  77  58  68  12   0   3 0.00    M    M 10.0 20 190   M    M   2        26 210
21  74  59  67  11   0   2 0.04    M    M  8.5 23  10   M    M   8 13     29  10
22  69  47  58   2   7   0 0.00    M    M  8.1 18  30   M    M   0        23  30
================================================================================
SM 1413  929       263  10  2.77    M    220.5          M       84
================================================================================
AV 64.2 42.2                              10.0 FASTST   M    M   4    MAX(MPH)
                                 MISC ---->  # 30 310               # 42  220
================================================================================
NOTES:
# LAST OF SEVERAL OCCURRENCES

COLUMN 17 PEAK WIND IN M.P.H.

PRELIMINARY LOCAL CLIMATOLOGICAL DATA (WS FORM: F-6) , PAGE 2

                                          STATION:  Lee`s Summit MO
                                          MONTH:    APRIL
                                          YEAR:     2014
                                          LATITUDE:   38 57 N
                                          LONGITUDE:  94 22 W

[TEMPERATURE DATA]      [PRECIPITATION DATA]       SYMBOLS USED IN COLUMN 16

AVERAGE MONTHLY: 53.2   TOTAL FOR MONTH:   2.77    1 = FOG OR MIST
DPTR FM NORMAL:   0.4   DPTR FM NORMAL:    0.29    2 = FOG REDUCING VISIBILITY
HIGHEST:    82 ON 12    GRTST 24HR  1.56 ON  2- 3      TO 1/4 MILE OR LESS
LOWEST:     28 ON 15                               3 = THUNDER
                        SNOW, ICE PELLETS, HAIL    4 = ICE PELLETS
                        TOTAL MONTH:    M          5 = HAIL
                        GRTST 24HR    M  ON   M    6 = FREEZING RAIN OR DRIZZLE
                        GRTST DEPTH:  M  ON   M    7 = DUSTSTORM OR SANDSTORM:
                                                       VSBY 1/2 MILE OR LESS
                                                   8 = SMOKE OR HAZE
[NO. OF DAYS WITH]      [WEATHER - DAYS WITH]      9 = BLOWING SNOW
                                                   X = TORNADO
MAX 32 OR BELOW:   0    0.01 INCH OR MORE:   5
MAX 90 OR ABOVE:   0    0.10 INCH OR MORE:   3
MIN 32 OR BELOW:   4    0.50 INCH OR MORE:   2
MIN  0 OR BELOW:   0    1.00 INCH OR MORE:   2

[HDD (BASE 65) ]
TOTAL THIS MO.   263    CLEAR  (SCALE 0-3)  11
DPTR FM NORMAL   -11    PTCLDY (SCALE 4-7)   6
TOTAL FM JUL 1  5319    CLOUDY (SCALE 8-10)  5
DPTR FM NORMAL   434

[CDD (BASE 65) ]
TOTAL THIS MO.    10
DPTR FM NORMAL    10    [PRESSURE DATA]
TOTAL FM JAN 1    10    HIGHEST SLP  0.00 ON M
DPTR FM NORMAL    10    LOWEST  SLP  0.00 ON M

[REMARKS]
