000
CXUS56 KHNX 171146
CF6MAE
PRELIMINARY LOCAL CLIMATOLOGICAL DATA (WS FORM: F-6)

                                          STATION:   MADERA CA AIRPORT
                                          MONTH:     APRIL
                                          YEAR:      2014
                                          LATITUDE:   36 58 N
                                          LONGITUDE: 120  7 W

  TEMPERATURE IN F:       :PCPN:    SNOW:  WIND      :SUNSHINE: SKY     :PK WND
================================================================================
1   2   3   4   5  6A  6B    7    8   9   10  11  12  13   14  15   16   17  18
                                     12Z  AVG MX 2MIN
DY MAX MIN AVG DEP HDD CDD  WTR  SNW DPTH SPD SPD DIR MIN PSBL S-S WX    SPD DR
================================================================================

 1  60  39  50  -6  15   0 0.02  0.0    0  7.6 23 170   M    M   6 1      28 170
 2  62  42  52  -4  13   0    T  0.0    0  5.9 16 320   M    M   4        20 320
 3  67  40  54  -2  11   0 0.00  0.0    0  3.6 10 160   M    M   0 1      14 130
 4  65  41  53  -4  12   0 0.00  0.0    0  7.4 17 300   M    M   2 1      23 290
 5  69  41  55  -2  10   0 0.00  0.0    0  9.1 20 330   M    M   2 1      25 340
 6  75  46  61   4   4   0 0.00  0.0    0  3.3 10 300   M    M   0        15 300
 7  85  51  68  11   0   3 0.00  0.0    0  4.4  8 300   M    M   0        12 270
 8  88  51  70  12   0   5 0.00  0.0    0  2.8  8 310   M    M   0 1      11 360
 9  88  53  71  13   0   6 0.00  0.0    0  4.9 17 330   M    M   0 18      M  M
10  87  51  69  11   0   4 0.00  0.0    0  4.7  9 290   M    M   0 18     12 300
11  87  56  72  14   0   7 0.00  0.0    0  7.6 15 310   M    M   0        20 360
12  79  51  65   7   0   0 0.00  0.0    0  8.9 15 290   M    M   0        19 310
13  78  50  64   5   1   0 0.00  0.0    0  8.1 20 320   M    M   0        24 320
14  85  49  67   8   0   2 0.00  0.0    0  3.0 16 330   M    M   0        22 330
15  87  51  69  10   0   4 0.00  0.0    0  7.3 18 330   M    M   0 18     21 340
16  86  50  68   8   0   3 0.00  0.0    0  8.7 17 300   M    M   0         M  M
================================================================================
SM 1248  762        66  34  0.02     0.0  97.3          M       14
================================================================================
AV 78.0 47.6                               6.1 FASTST   M    M   1    MAX(MPH)
                                 MISC ---->  # 23 170               # 28  170
================================================================================
NOTES:
# LAST OF SEVERAL OCCURRENCES

COLUMN 17 PEAK WIND IN M.P.H.

PRELIMINARY LOCAL CLIMATOLOGICAL DATA (WS FORM: F-6) , PAGE 2

                                          STATION:  MADERA CA AIRPORT
                                          MONTH:    APRIL
                                          YEAR:     2014
                                          LATITUDE:   36 58 N
                                          LONGITUDE: 120  7 W

[TEMPERATURE DATA]      [PRECIPITATION DATA]       SYMBOLS USED IN COLUMN 16

AVERAGE MONTHLY: 62.8   TOTAL FOR MONTH:   0.02    1 = FOG OR MIST
DPTR FM NORMAL:   5.1   DPTR FM NORMAL:   -0.50    2 = FOG REDUCING VISIBILITY
HIGHEST:    88 ON  9, 8 GRTST 24HR  0.02 ON  1- 1      TO 1/4 MILE OR LESS
LOWEST:     39 ON  1                               3 = THUNDER
                        SNOW, ICE PELLETS, HAIL    4 = ICE PELLETS
                        TOTAL MONTH:   0.0 INCH    5 = HAIL
                        GRTST 24HR     0.0         6 = FREEZING RAIN OR DRIZZLE
                        GRTST DEPTH:   0           7 = DUSTSTORM OR SANDSTORM:
                                                       VSBY 1/2 MILE OR LESS
                                                   8 = SMOKE OR HAZE
[NO. OF DAYS WITH]      [WEATHER - DAYS WITH]      9 = BLOWING SNOW
                                                   X = TORNADO
MAX 32 OR BELOW:   0    0.01 INCH OR MORE:   1
MAX 90 OR ABOVE:   0    0.10 INCH OR MORE:   0
MIN 32 OR BELOW:   0    0.50 INCH OR MORE:   0
MIN  0 OR BELOW:   0    1.00 INCH OR MORE:   0

[HDD (BASE 65) ]
TOTAL THIS MO.    66    CLEAR  (SCALE 0-3)  14
DPTR FM NORMAL   -57    PTCLDY (SCALE 4-7)   2
TOTAL FM JUL 1  2083    CLOUDY (SCALE 8-10)  0
DPTR FM NORMAL  -458

[CDD (BASE 65) ]
TOTAL THIS MO.    34
DPTR FM NORMAL    29    [PRESSURE DATA]
TOTAL FM JAN 1    34    HIGHEST SLP M ON M
DPTR FM NORMAL    28    LOWEST  SLP 29.73 ON 11

[REMARKS]
