000
CXUS54 KMAF 291100
CF6MAF
PRELIMINARY LOCAL CLIMATOLOGICAL DATA (WS FORM: F-6)

                                          STATION:   Midland International Airport
                                          MONTH:     APRIL
                                          YEAR:      2016
                                          LATITUDE:   31 57 N
                                          LONGITUDE: 102 11 W

  TEMPERATURE IN F:       :PCPN:    SNOW:  WIND      :SUNSHINE: SKY     :PK WND
================================================================================
1   2   3   4   5  6A  6B    7    8   9   10  11  12  13   14  15   16   17  18
                                     12Z  AVG MX 2MIN
DY MAX MIN AVG DEP HDD CDD  WTR  SNW DPTH SPD SPD DIR MIN PSBL S-S WX    SPD DR
================================================================================

 1  64  39  52  -8  13   0 0.62    M    0 13.7 23  70   M    M  10 1      28  70
 2  66  36  51  -9  14   0 0.00  0.0    0  5.5 13 310   M    M   0        18 320
 3  75  40  58  -2   7   0 0.00  0.0    0  8.9 20 210   M    M   0        24 210
 4  86  51  69   8   0   4 0.00  0.0    0  7.2 16 190   M    M   0        20 200
 5  88  59  74  13   0   9 0.00  0.0    0 17.4 26 170   M    M   0        40 190
 6  76  51  64   3   1   0 0.00  0.0    0 10.7 37  20   M    M   0 8      46  20
 7  86  47  67   5   0   2 0.00  0.0    0 11.4 24  60   M    M   0        29  60
 8  75  58  67   5   0   2    T  0.0    0 15.0 22 130   M    M   4        30 120
 9  80  54  67   5   0   2 0.46  0.0    0  9.7 18 170   M    M   2 13     23 160
10  87  62  75  13   0  10    T  0.0    0 16.1 29 240   M    M   3 18     37 210
11  80  54  67   4   0   2 0.00  0.0    0 16.1 37 270   M    M   0        46 270
12  55  50  53 -10  12   0 0.14  0.0    0 11.7 24  50   M    M  10 13     27  40
13  75  51  63   0   2   0 0.00  0.0    0  5.2 14 120   M    M   4 1      17 320
14  83  51  67   3   0   2 0.00  0.0    0 10.8 18 130   M    M   0        29 150
15  85  57  71   7   0   6 0.00  0.0    0 19.7 30 150   M    M   1        37 140
16  84  55  70   6   0   5 0.00  0.0    0 13.1 28 170   M    M   3        32 170
17  76  54  65   0   0   0 0.00  0.0    0 10.8 21  10   M    M   3        24 350
18  67  52  60  -5   5   0 0.01  0.0    0 13.5 23  30   M    M   8        28  20
19  79  56  68   3   0   3 0.00  0.0    0  9.3 23 280   M    M   7 1      30 300
20  83  56  70   4   0   5 0.09  0.0    0  9.1 21  50   M    M   5 18     23 120
21  80  55  68   2   0   3 0.00  0.0    0  9.4 22  70   M    M   2        25  70
22  81  53  67   1   0   2 0.00  0.0    0  8.9 16 120   M    M   0        21 130
23  86  56  71   4   0   6 0.00  0.0    0 13.5 28 170   M    M   0        31 180
24  92  59  76   9   0  11 0.00  0.0    0 14.8 31 270   M    M   0        37 270
25  92  61  77  10   0  12 0.00  0.0    0 12.8 25 220   M    M   0        32 250
26  90  64  77   9   0  12 0.13  0.0    0 17.0 40 270   M    M   0        47 270
27  85  55  70   2   0   5 0.00  0.0    0 11.7 22 250   M    M   0        27 240
28  91  56  74   6   0   9 0.00  0.0    0 14.8 28 170   M    M   0 8      34 190
================================================================================
SM 2247 1492        54 112  1.45     0.0 337.8          M       62
================================================================================
AV 80.2 53.3                              12.1 FASTST   M    M   2    MAX(MPH)
                                 MISC ---->  # 40 270               # 47  270
================================================================================
NOTES:
# LAST OF SEVERAL OCCURRENCES

COLUMN 17 PEAK WIND IN M.P.H.

PRELIMINARY LOCAL CLIMATOLOGICAL DATA (WS FORM: F-6) , PAGE 2

                                          STATION:  Midland International Airport
                                          MONTH:    APRIL
                                          YEAR:     2016
                                          LATITUDE:   31 57 N
                                          LONGITUDE: 102 11 W

[TEMPERATURE DATA]      [PRECIPITATION DATA]       SYMBOLS USED IN COLUMN 16

AVERAGE MONTHLY: 66.8   TOTAL FOR MONTH:   1.45    1 = FOG OR MIST
DPTR FM NORMAL:   2.8   DPTR FM NORMAL:    0.85    2 = FOG REDUCING VISIBILITY
HIGHEST:    92 ON 25,24 GRTST 24HR  0.62 ON  1- 1      TO 1/4 MILE OR LESS
LOWEST:     36 ON  2                               3 = THUNDER
                        SNOW, ICE PELLETS, HAIL    4 = ICE PELLETS
                        TOTAL MONTH:   0.0 INCH    5 = HAIL
                        GRTST 24HR     0.0         6 = FREEZING RAIN OR DRIZZLE
                        GRTST DEPTH:   0           7 = DUSTSTORM OR SANDSTORM:
                                                       VSBY 1/2 MILE OR LESS
                                                   8 = SMOKE OR HAZE
[NO. OF DAYS WITH]      [WEATHER - DAYS WITH]      9 = BLOWING SNOW
                                                   X = TORNADO
MAX 32 OR BELOW:   0    0.01 INCH OR MORE:   6
MAX 90 OR ABOVE:   4    0.10 INCH OR MORE:   4
MIN 32 OR BELOW:   0    0.50 INCH OR MORE:   1
MIN  0 OR BELOW:   0    1.00 INCH OR MORE:   0

[HDD (BASE 65) ]
TOTAL THIS MO.    54    CLEAR  (SCALE 0-3)  20
DPTR FM NORMAL   -55    PTCLDY (SCALE 4-7)   6
TOTAL FM JUL 1  2045    CLOUDY (SCALE 8-10)  2
DPTR FM NORMAL  -608

[CDD (BASE 65) ]
TOTAL THIS MO.   112
DPTR FM NORMAL    33    [PRESSURE DATA]
TOTAL FM JAN 1   162    HIGHEST SLP M ON M
DPTR FM NORMAL    65    LOWEST  SLP 29.44 ON 26

[REMARKS]
