000
CXUS52 KTAE 010655
CF6MAI
PRELIMINARY LOCAL CLIMATOLOGICAL DATA (WS FORM: F-6)

                                          STATION:   MARIANNA
                                          MONTH:     FEBRUARY
                                          YEAR:      2015
                                          LATITUDE:   30 50 N
                                          LONGITUDE:  85 11 W

  TEMPERATURE IN F:       :PCPN:    SNOW:  WIND      :SUNSHINE: SKY     :PK WND
================================================================================
1   2   3   4   5  6A  6B    7    8   9   10  11  12  13   14  15   16   17  18
                                     12Z  AVG MX 2MIN
DY MAX MIN AVG DEP HDD CDD  WTR  SNW DPTH SPD SPD DIR MIN PSBL S-S WX    SPD DR
================================================================================

 1  69  39  54   2  11   0 0.50  0.0    0  7.4 20 190   M    M   5 1      26 180
 2  65  36  51  -1  14   0 0.02  0.0    0 12.3 25 320   M    M   4        33 300
 3  52  30  41 -11  24   0 0.00  0.0    0  4.7 13  50   M    M   0        15  50
 4  48  43  46  -6  19   0 0.95  0.0    0  5.7 14  70   M    M   9 1      17  70
 5  62  40  51  -2  14   0 0.08  0.0    0  9.5 18 360   M    M   3 1      24 360
 6  59  31  45  -8  20   0 0.00  0.0    0  4.0 13  90   M    M   0        16  70
 7  68  31  50  -3  15   0 0.00  0.0    0  1.9 10 190   M    M   0        14 190
 8  73  34  54   1  11   0 0.00  0.0    0  4.5 14 220   M    M   1        19 200
 9  72  49  61   8   4   0 0.25  0.0    0  5.9 23 320   M    M   3 13     31 310
10  58  38  48  -6  17   0 0.00  0.0    0  9.1 18 330   M    M   3        24 350
11  68  32  50  -4  15   0 0.00  0.0    0  2.5 10 280   M    M   0        13 270
12  66  37  52  -2  13   0 0.00  0.0    0  8.8 21 320   M    M   0        26 350
13  51  28  40 -14  25   0 0.00  0.0    0  4.7 17  10   M    M   0 8      22 360
14  67  28  48  -6  17   0 0.00  0.0    0  7.3 18 250   M    M   0        24 270
15  62  41  52  -3  13   0 0.00  0.0    0  6.0 14  40   M    M   0 12     19 270
16  71  47  59   4   6   0 0.06  0.0    0 12.6 28 200   M    M   6 1      35 190
17  66  34  50  -5  15   0 0.44  0.0    0 10.6 23 290   M    M   8 1      29 190
18  54  28  41 -14  24   0    T  0.0    0 11.6 26 300   M    M   1        38 280
19  43  26  35 -20  30   0 0.00  0.0    0  8.3 18 330   M    M   0        28 310
20  52  24  38 -18  27   0 0.00  0.0    0  4.3 12  90   M    M   1 8      16  70
21  71  38  55  -1  10   0 0.00  0.0    0 10.5 25 190   M    M   1        32 190
22  76  58  67  11   0   2 0.06  0.0    0  9.0 17 210   M    M   8 1      22 230
23  66  47  57   1   8   0    T  0.0    0  7.2 20 350   M    M   8 1      24 340
24  51  43  47  -9  18   0 0.11  0.0    0  6.4 17 330   M    M   9 1      20 340
25  49  44  47 -10  18   0 1.25  0.0    0  6.9 16  70   M    M   9 13     20  60
26  49  40  45 -12  20   0 0.00  0.0    0  8.2 16 350   M    M  10 1      21 340
27  57  36  47 -10  18   0 0.00  0.0    0  7.3 16  30   M    M   0        20  60
28  51  41  46 -11  19   0 0.02  0.0    0 11.2 18  70   M    M   7 1      23  50
================================================================================
SM 1696 1043       445   2  3.74     0.0 208.4          M       96
================================================================================
AV 60.6 37.2                               7.4 FASTST   M    M   3    MAX(MPH)
                                 MISC ---->  # 28 200               # 38  280
================================================================================
NOTES:
# LAST OF SEVERAL OCCURRENCES

COLUMN 17 PEAK WIND IN M.P.H.

PRELIMINARY LOCAL CLIMATOLOGICAL DATA (WS FORM: F-6) , PAGE 2

                                          STATION:  MARIANNA
                                          MONTH:    FEBRUARY
                                          YEAR:     2015
                                          LATITUDE:   30 50 N
                                          LONGITUDE:  85 11 W

[TEMPERATURE DATA]      [PRECIPITATION DATA]       SYMBOLS USED IN COLUMN 16

AVERAGE MONTHLY: 48.9   TOTAL FOR MONTH:   3.74    1 = FOG OR MIST
DPTR FM NORMAL:  -5.6   DPTR FM NORMAL:   -1.20    2 = FOG REDUCING VISIBILITY
HIGHEST:    76 ON 22    GRTST 24HR  1.25 ON 25-25      TO 1/4 MILE OR LESS
LOWEST:     24 ON 20                               3 = THUNDER
                        SNOW, ICE PELLETS, HAIL    4 = ICE PELLETS
                        TOTAL MONTH:   0.0 INCH    5 = HAIL
                        GRTST 24HR     0.0         6 = FREEZING RAIN OR DRIZZLE
                        GRTST DEPTH:   0           7 = DUSTSTORM OR SANDSTORM:
                                                       VSBY 1/2 MILE OR LESS
                                                   8 = SMOKE OR HAZE
[NO. OF DAYS WITH]      [WEATHER - DAYS WITH]      9 = BLOWING SNOW
                                                   X = TORNADO
MAX 32 OR BELOW:   0    0.01 INCH OR MORE:  11
MAX 90 OR ABOVE:   0    0.10 INCH OR MORE:   6
MIN 32 OR BELOW:   9    0.50 INCH OR MORE:   3
MIN  0 OR BELOW:   0    1.00 INCH OR MORE:   1

[HDD (BASE 65) ]
TOTAL THIS MO.   445    CLEAR  (SCALE 0-3)  16
DPTR FM NORMAL   140    PTCLDY (SCALE 4-7)   8
TOTAL FM JUL 1  1578    CLOUDY (SCALE 8-10)  4
DPTR FM NORMAL   173

[CDD (BASE 65) ]
TOTAL THIS MO.     2
DPTR FM NORMAL    -9    [PRESSURE DATA]
TOTAL FM JAN 1     6    HIGHEST SLP M ON M
DPTR FM NORMAL    -9    LOWEST  SLP 29.60 ON 25

[REMARKS]
#FINAL-02-15#
