000
CXUS55 KABR 281400
CF6MBG
PRELIMINARY LOCAL CLIMATOLOGICAL DATA (WS FORM: F-6)

                                          STATION:   MOBRIDGE SD
                                          MONTH:     JULY
                                          YEAR:      2015
                                          LATITUDE:   45 32 N
                                          LONGITUDE: 100 25 W

  TEMPERATURE IN F:       :PCPN:    SNOW:  WIND      :SUNSHINE: SKY     :PK WND
================================================================================
1   2   3   4   5  6A  6B    7    8   9   10  11  12  13   14  15   16   17  18
                                     12Z  AVG MX 2MIN
DY MAX MIN AVG DEP HDD CDD  WTR  SNW DPTH SPD SPD DIR MIN PSBL S-S WX    SPD DR
================================================================================

 1  81  65  73   3   0   8 0.46  0.0    0  7.3 28  20   M    M   7 138    34  30
 2  80  64  72   1   0   7 0.75  0.0    0  5.1 14  20   M    M   5 138    18  10
 3  84  61  73   2   0   8 0.00  0.0    0  3.9  9 150   M    M   2 18     11 320
 4  90  67  79   8   0  14 0.00  0.0    0 12.2 21 150   M    M   0 13     25 150
 5  85  67  76   5   0  11 0.08  0.0    0 11.9 23  10   M    M   3 1      29 350
 6  77  57  67  -5   0   2    T  0.0    0  9.9 17 340   M    M   4 18     23 350
 7  78  54  66  -6   0   1 0.00  0.0    0 13.1 22 160   M    M   0 18     26 160
 8  82  59  71  -1   0   6 0.00  0.0    0  9.5 20 160   M    M   2 8      24 170
 9  84  53  69  -3   0   4 0.00  0.0    0  7.3 17 150   M    M   0 18     19 140
10  89  64  77   5   0  12 0.11  0.0    0 13.8 24 160   M    M   2 38     29 150
11  95  70  83  11   0  18 0.00  0.0    0 10.9 21 160   M    M   0        24 160
12  97  66  82   9   0  17 0.00  0.0    0  7.8 16 310   M    M   0        20 300
13  95  62  79   6   0  14 0.00  0.0    0 10.0 25 300   M    M   0        31 300
14  92  63  78   5   0  13 0.00  0.0    0  4.6 12  40   M    M   0 1      14  40
15  93  71  82   9   0  17 0.00  0.0    0 10.2 21 160   M    M   0        24 160
16  90  69  80   7   0  15 0.00  0.0    0  8.0 18 110   M    M   2        21 110
17  85  63  74   1   0   9 0.00  0.0    0 11.2 24  20   M    M   1        30  10
18  82  59  71  -2   0   6 0.00  0.0    0 12.9 29 300   M    M   0        36 310
19  95  53  74   1   0   9 0.00  0.0    0  7.4 21 290   M    M   0        27 250
20  84  61  73   0   0   8 0.00  0.0    0 10.2 22 330   M    M   1        29 330
21  85  57  71  -2   0   6 0.00  0.0    0 11.7 26 150   M    M   0        31 150
22  93  65  79   5   0  14 0.00  0.0    M 15.3 25 150   M    M   0        32 150
23  97  69  83   9   0  18 0.01  0.0    0 14.2 23  50   M    M   1        29  50
24  91  66  79   5   0  14 0.00  0.0    0  9.3 18 350   M    M   1        24 350
25  91  63  77   3   0  12 0.00  0.0    0 11.2 25 110   M    M   2 3      32 190
26  93  60  77   3   0  12 0.15  0.0    0 12.3 25 150   M    M   1 13     30  10
27  94  67  81   7   0  16 0.72  0.0    0 18.2 33 170   M    M   2 13     41 170
================================================================================
SM 2382 1695         0 291  2.28     0.0 279.4          M       36
================================================================================
AV 88.2 62.8                              10.3 FASTST   M    M   1    MAX(MPH)
                                 MISC ---->  # 33 170               # 41  170
================================================================================
NOTES:
# LAST OF SEVERAL OCCURRENCES

COLUMN 17 PEAK WIND IN M.P.H.

PRELIMINARY LOCAL CLIMATOLOGICAL DATA (WS FORM: F-6) , PAGE 2

                                          STATION:  MOBRIDGE SD
                                          MONTH:    JULY
                                          YEAR:     2015
                                          LATITUDE:   45 32 N
                                          LONGITUDE: 100 25 W

[TEMPERATURE DATA]      [PRECIPITATION DATA]       SYMBOLS USED IN COLUMN 16

AVERAGE MONTHLY: 75.5   TOTAL FOR MONTH:   2.28    1 = FOG OR MIST
DPTR FM NORMAL:   2.9   DPTR FM NORMAL:   -0.10    2 = FOG REDUCING VISIBILITY
HIGHEST:    97 ON 23,12 GRTST 24HR  0.79 ON 26-27      TO 1/4 MILE OR LESS
LOWEST:     53 ON 19, 9                            3 = THUNDER
                        SNOW, ICE PELLETS, HAIL    4 = ICE PELLETS
                        TOTAL MONTH:   0.0 INCH    5 = HAIL
                        GRTST 24HR     0.0         6 = FREEZING RAIN OR DRIZZLE
                        GRTST DEPTH:   0           7 = DUSTSTORM OR SANDSTORM:
                                                       VSBY 1/2 MILE OR LESS
                                                   8 = SMOKE OR HAZE
[NO. OF DAYS WITH]      [WEATHER - DAYS WITH]      9 = BLOWING SNOW
                                                   X = TORNADO
MAX 32 OR BELOW:   0    0.01 INCH OR MORE:   7
MAX 90 OR ABOVE:  14    0.10 INCH OR MORE:   5
MIN 32 OR BELOW:   0    0.50 INCH OR MORE:   2
MIN  0 OR BELOW:   0    1.00 INCH OR MORE:   0

[HDD (BASE 65) ]
TOTAL THIS MO.     0    CLEAR  (SCALE 0-3)  23
DPTR FM NORMAL    -5    PTCLDY (SCALE 4-7)   4
TOTAL FM JUL 1     0    CLOUDY (SCALE 8-10)  0
DPTR FM NORMAL    -5

[CDD (BASE 65) ]
TOTAL THIS MO.   291
DPTR FM NORMAL    75    [PRESSURE DATA]
TOTAL FM JAN 1   456    HIGHEST SLP M ON M
DPTR FM NORMAL   125    LOWEST  SLP 29.57 ON 17

[REMARKS]
