000
CXUS53 KDTX 250800
CF6MBS
PRELIMINARY LOCAL CLIMATOLOGICAL DATA (WS FORM: F-6)

                                          STATION:   TRI CITIES MI
                                          MONTH:     JULY
                                          YEAR:      2016
                                          LATITUDE:   43 31 N
                                          LONGITUDE:  84  5 W

  TEMPERATURE IN F:       :PCPN:    SNOW:  WIND      :SUNSHINE: SKY     :PK WND
================================================================================
1   2   3   4   5  6A  6B    7    8   9   10  11  12  13   14  15   16   17  18
                                     12Z  AVG MX 2MIN
DY MAX MIN AVG DEP HDD CDD  WTR  SNW DPTH SPD SPD DIR MIN PSBL S-S WX    SPD DR
================================================================================

 1  72  53  63  -8   2   0 0.17  0.0    0 11.6 23 340   M    M   5 1      29 320
 2  80  50  65  -6   0   0 0.00  0.0    0  8.4 17 270   M    M   1        21 250
 3  83  52  68  -3   0   3 0.00  0.0    0  3.7 10 180   M    M   1        14 180
 4  84  56  70  -1   0   5 0.00  0.0    0  5.0 16 150   M    M   4        20 140
 5  86  66  76   5   0  11 0.00  0.0    0  9.0 20 280   M    M   5        24 250
 6  86  66  76   5   0  11 0.00  0.0    0  9.7 20 230   M    M   2        24 260
 7  89  66  78   7   0  13 0.71  0.0    0  7.8 26 280   M    M   4 13     32 280
 8  86  65  76   5   0  11 0.10  0.0    0  6.7 25 340   M    M   7 138    35 340
 9  81  61  71   0   0   6    T  0.0    0 10.5 21 320   M    M   5        26 320
10  83  58  71   0   0   6 0.00  0.0    0  4.9 12 220   M    M   2        13 110
11  84  66  75   4   0  10 0.02  0.0    0  5.7 17 190   M    M   4        21 220
12  92  69  81  10   0  16 0.70  0.0    0 11.6 33 280   M    M   1 123    38 290
13  87  70  79   8   0  14 0.10  0.0    0  9.3 21 220   M    M   1 3      28 200
14  86  68  77   6   0  12 0.00  0.0    0 14.5 29 250   M    M   2        37 250
15  76  63  70  -1   0   5 0.00  0.0    0  9.9 15 340   M    M   8        20 260
16  76  58  67  -4   0   2 0.00  0.0    0  4.6 12 220   M    M   3        15 270
17  86  56  71   0   0   6 0.00  0.0    0 12.1 30 230   M    M   2        39 170
18  85  65  75   4   0  10 0.00  0.0    0 10.1 20 260   M    M   2        24 270
19  82  61  72   1   0   7 0.00  0.0    0  5.5 14  40   M    M   2        17  80
20  89  56  73   2   0   8 0.00  0.0    0  5.7 12 210   M    M   0        15 220
21  86  68  77   6   0  12 0.53  0.0    0 11.4 28 310   M    M   1 1238   34 320
22  91  73  82  11   0  17 0.00  0.0    0 10.1 18 230   M    M   1        22 240
23  91  68  80   9   0  15 0.00  0.0    0  4.6 10 100   M    M   0        14  90
24  84  70  77   6   0  12 0.39  0.0    0  8.2 21 240   M    M   6 13     26 250
================================================================================
SM 2025 1504         2 212  2.72     0.0 200.6          M       69
================================================================================
AV 84.4 62.7                               8.4 FASTST   M    M   3    MAX(MPH)
                                 MISC ---->  # 33 280               # 39  170
================================================================================
NOTES:
# LAST OF SEVERAL OCCURRENCES

COLUMN 17 PEAK WIND IN M.P.H.

PRELIMINARY LOCAL CLIMATOLOGICAL DATA (WS FORM: F-6) , PAGE 2

                                          STATION:  TRI CITIES MI
                                          MONTH:    JULY
                                          YEAR:     2016
                                          LATITUDE:   43 31 N
                                          LONGITUDE:  84  5 W

[TEMPERATURE DATA]      [PRECIPITATION DATA]       SYMBOLS USED IN COLUMN 16

AVERAGE MONTHLY: 73.5   TOTAL FOR MONTH:   2.72    1 = FOG OR MIST
DPTR FM NORMAL:   2.5   DPTR FM NORMAL:    0.75    2 = FOG REDUCING VISIBILITY
HIGHEST:    92 ON 12    GRTST 24HR  0.81 ON  7- 8      TO 1/4 MILE OR LESS
LOWEST:     50 ON  2                               3 = THUNDER
                        SNOW, ICE PELLETS, HAIL    4 = ICE PELLETS
                        TOTAL MONTH:   0.0 INCH    5 = HAIL
                        GRTST 24HR     0.0         6 = FREEZING RAIN OR DRIZZLE
                        GRTST DEPTH:   0           7 = DUSTSTORM OR SANDSTORM:
                                                       VSBY 1/2 MILE OR LESS
                                                   8 = SMOKE OR HAZE
[NO. OF DAYS WITH]      [WEATHER - DAYS WITH]      9 = BLOWING SNOW
                                                   X = TORNADO
MAX 32 OR BELOW:   0    0.01 INCH OR MORE:   8
MAX 90 OR ABOVE:   3    0.10 INCH OR MORE:   7
MIN 32 OR BELOW:   0    0.50 INCH OR MORE:   3
MIN  0 OR BELOW:   0    1.00 INCH OR MORE:   0

[HDD (BASE 65) ]
TOTAL THIS MO.     2    CLEAR  (SCALE 0-3)  15
DPTR FM NORMAL     0    PTCLDY (SCALE 4-7)   8
TOTAL FM JUL 1     2    CLOUDY (SCALE 8-10)  1
DPTR FM NORMAL     0

[CDD (BASE 65) ]
TOTAL THIS MO.   212
DPTR FM NORMAL    54    [PRESSURE DATA]
TOTAL FM JAN 1   425    HIGHEST SLP M ON M
DPTR FM NORMAL   107    LOWEST  SLP 29.68 ON  8

[REMARKS]
