000
CXUS56 KHNX 311146
CF6MCE
PRELIMINARY LOCAL CLIMATOLOGICAL DATA (WS FORM: F-6)

                                          STATION:   MERCED CA AIRPORT
                                          MONTH:     AUGUST
                                          YEAR:      2015
                                          LATITUDE:   37 16 N
                                          LONGITUDE: 120 36 W

  TEMPERATURE IN F:       :PCPN:    SNOW:  WIND      :SUNSHINE: SKY     :PK WND
================================================================================
1   2   3   4   5  6A  6B    7    8   9   10  11  12  13   14  15   16   17  18
                                     12Z  AVG MX 2MIN
DY MAX MIN AVG DEP HDD CDD  WTR  SNW DPTH SPD SPD DIR MIN PSBL S-S WX    SPD DR
================================================================================

 1  94  64  79   1   0  14 0.00  0.0    0  8.3 16 330   M    M   0        20 330
 2  92  62  77   0   0  12 0.00  0.0    0 10.4 17 330   M    M   0        21 320
 3  91  63  77   0   0  12 0.00  0.0    0 11.7 18 320   M    M   0        23 330
 4  81  61  71  -6   0   6    T  0.0    0  9.5 15 330   M    M   0        18 330
 5  86  60  73  -4   0   8 0.00  0.0    0  6.8 15 330   M    M   0        17 340
 6  87  63  75  -2   0  10 0.00  0.0    0  4.2 10  10   M    M   0        12 360
 7  92  65  79   2   0  14    T  0.0    0  7.6 23 360   M    M   0 3      28  10
 8  92  61  77   0   0  12 0.00  0.0    0  7.8 13 330   M    M   0        18 320
 9  95  62  79   2   0  14 0.00  0.0    0  7.7 16 340   M    M   0        21 330
10  93  61  77   0   0  12 0.00  0.0    0  8.4 18 330   M    M   0 8      24 330
11  91  59  75  -2   0  10 0.00  0.0    0  8.8 18 330   M    M   0        24 330
12  92  59  76  -1   0  11 0.00  0.0    0  9.2 16 330   M    M   0        20 340
13  94  64  79   2   0  14 0.00  0.0    0 10.9 21 340   M    M   0        25 330
14  92  62  77   1   0  12 0.00  0.0    0 11.4 17 330   M    M   0         M  M
15  97  57  77   1   0  12 0.00  0.0    0  6.6 14 340   M    M   0 8      19 340
16 104  65  85   9   0  20 0.00  0.0    0  4.9 13 320   M    M   0 8      18 330
17 106  66  86  10   0  21 0.00  0.0    0  6.4 15 330   M    M   0 8      18 330
18  99  65  82   6   0  17 0.00  0.0    0  8.0 14 340   M    M   0 8      23 310
19  94  60  77   1   0  12 0.00  0.0    0  8.2 15 330   M    M   0 8      19 340
20  91  60  76   0   0  11 0.00  0.0    0  8.1 16 320   M    M   0        20 150
21  91  59  75  -1   0  10 0.00  0.0    0  6.9 13 330   M    M   0 18     16 320
22  93  59  76   0   0  11    T  0.0    0  6.2 13 330   M    M   0        15 330
23  94  61  78   2   0  13 0.00  0.0    0  8.9 14 340   M    M   0        17 320
24  96  61  79   3   0  14 0.00  0.0    0  9.4 15 340   M    M   0        18 330
25 100  61  81   5   0  16 0.00  0.0    0  7.7 14 330   M    M   0        17 330
26 100  66  83   8   0  18 0.00  0.0    0  8.5 15 340   M    M   0        20 330
27 101  65  83   8   0  18 0.00  0.0    0  9.8 18 330   M    M   0 8      23 360
28 104  63  84   9   0  19 0.00  0.0    0  5.0 18 300   M    M   0        25 300
29  91  68  80   5   0  15 0.00  0.0    0 13.4 23 340   M    M   0        27 330
30  87  62  75   0   0  10 0.00  0.0    0 11.9 20 310   M    M   0        24 340
================================================================================
SM 2820 1864         0 398    T      0.0 252.6          M        0
================================================================================
AV 94.0 62.1                               8.4 FASTST   M    M   0    MAX(MPH)
                                 MISC ---->  # 23 360               # 28   10
================================================================================
NOTES:
# LAST OF SEVERAL OCCURRENCES

COLUMN 17 PEAK WIND IN M.P.H.

PRELIMINARY LOCAL CLIMATOLOGICAL DATA (WS FORM: F-6) , PAGE 2

                                          STATION:  MERCED CA AIRPORT
                                          MONTH:    AUGUST
                                          YEAR:     2015
                                          LATITUDE:   37 16 N
                                          LONGITUDE: 120 36 W

[TEMPERATURE DATA]      [PRECIPITATION DATA]       SYMBOLS USED IN COLUMN 16

AVERAGE MONTHLY: 78.1   TOTAL FOR MONTH:      T    1 = FOG OR MIST
DPTR FM NORMAL:   1.8   DPTR FM NORMAL:   -0.00    2 = FOG REDUCING VISIBILITY
HIGHEST:   106 ON 17    GRTST 24HR    T  ON 22-22      TO 1/4 MILE OR LESS
LOWEST:     57 ON 15                               3 = THUNDER
                        SNOW, ICE PELLETS, HAIL    4 = ICE PELLETS
                        TOTAL MONTH:   0.0 INCH    5 = HAIL
                        GRTST 24HR     0.0         6 = FREEZING RAIN OR DRIZZLE
                        GRTST DEPTH:   0           7 = DUSTSTORM OR SANDSTORM:
                                                       VSBY 1/2 MILE OR LESS
                                                   8 = SMOKE OR HAZE
[NO. OF DAYS WITH]      [WEATHER - DAYS WITH]      9 = BLOWING SNOW
                                                   X = TORNADO
MAX 32 OR BELOW:   0    0.01 INCH OR MORE:   0
MAX 90 OR ABOVE:  26    0.10 INCH OR MORE:   0
MIN 32 OR BELOW:   0    0.50 INCH OR MORE:   0
MIN  0 OR BELOW:   0    1.00 INCH OR MORE:   0

[HDD (BASE 65) ]
TOTAL THIS MO.     0    CLEAR  (SCALE 0-3)  30
DPTR FM NORMAL     0    PTCLDY (SCALE 4-7)   0
TOTAL FM JUL 1     0    CLOUDY (SCALE 8-10)  0
DPTR FM NORMAL     0

[CDD (BASE 65) ]
TOTAL THIS MO.   398
DPTR FM NORMAL    60    [PRESSURE DATA]
TOTAL FM JAN 1  1344    HIGHEST SLP M ON M
DPTR FM NORMAL   216    LOWEST  SLP 29.71 ON 17

[REMARKS]
