000
CXUS56 KHNX 221146
CF6MCE
PRELIMINARY LOCAL CLIMATOLOGICAL DATA (WS FORM: F-6)

                                          STATION:   MERCED CA AIRPORT
                                          MONTH:     APRIL
                                          YEAR:      2014
                                          LATITUDE:   37 16 N
                                          LONGITUDE: 120 36 W

  TEMPERATURE IN F:       :PCPN:    SNOW:  WIND      :SUNSHINE: SKY     :PK WND
================================================================================
1   2   3   4   5  6A  6B    7    8   9   10  11  12  13   14  15   16   17  18
                                     12Z  AVG MX 2MIN
DY MAX MIN AVG DEP HDD CDD  WTR  SNW DPTH SPD SPD DIR MIN PSBL S-S WX    SPD DR
================================================================================

 1  61  38  50  -6  15   0 0.20  0.0    0  7.1 20 150   M    M   7 1      26 150
 2  61  44  53  -3  12   0 0.09  0.0    0  4.7 15 320   M    M   5 1      22 300
 3  68  41  55  -1  10   0 0.00  0.0    0  4.1 10 250   M    M   0 1      15 250
 4  65  44  55  -1  10   0 0.00  0.0    0  7.1 20 230   M    M   5        27 240
 5  70  41  56   0   9   0 0.00  0.0    0  8.3 20 340   M    M   1 18     28 330
 6  75  46  61   4   4   0 0.00  0.0    0  3.3 13 330   M    M   0        19 340
 7  85  50  68  11   0   3 0.00  0.0    0  3.7  9 270   M    M   0        14 220
 8  88  51  70  13   0   5 0.00  0.0    0  3.2 10 270   M    M   0 18     12 270
 9  86  55  71  14   0   6 0.00  0.0    0  6.0 13 350   M    M   0 18     20 340
10  87  51  69  11   0   4 0.00  0.0    0  5.0 12 360   M    M   0        15 360
11  82  56  69  11   0   4 0.00  0.0    0  7.2 16 340   M    M   0        19 340
12  79  53  66   8   0   1 0.00  0.0    0  8.1 15 300   M    M   0         M  M
13  78  51  65   7   0   0 0.00  0.0    0  9.0 18 320   M    M   0        24 330
14  86  49  68  10   0   3 0.00  0.0    0  3.4 14 350   M    M   0        17 350
15  87  54  71  12   0   6 0.00  0.0    0  7.1 17 340   M    M   0        20 330
16  86  53  70  11   0   5 0.00  0.0    0  9.2 20 340   M    M   0        24 330
17  86  50  68   9   0   3 0.00  0.0    0  4.4 16 320   M    M   0        21 330
18  83  57  70  10   0   5 0.00  0.0    0  9.8 18 320   M    M   0        23 320
19  82  53  68   8   0   3 0.00  0.0    0  9.5 20 330   M    M   0        24 330
20  84  48  66   6   0   1 0.00  0.0    0  7.4 16 340   M    M   0        24 350
21  85  51  68   8   0   3 0.00  0.0    0  4.2 17 350   M    M   0 8      21 340
================================================================================
SM 1664 1036        60  52  0.29     0.0 131.8          M       18
================================================================================
AV 79.2 49.3                               6.3 FASTST   M    M   1    MAX(MPH)
                                 MISC ---->  # 20 150               # 28  330
================================================================================
NOTES:
# LAST OF SEVERAL OCCURRENCES

COLUMN 17 PEAK WIND IN M.P.H.

PRELIMINARY LOCAL CLIMATOLOGICAL DATA (WS FORM: F-6) , PAGE 2

                                          STATION:  MERCED CA AIRPORT
                                          MONTH:    APRIL
                                          YEAR:     2014
                                          LATITUDE:   37 16 N
                                          LONGITUDE: 120 36 W

[TEMPERATURE DATA]      [PRECIPITATION DATA]       SYMBOLS USED IN COLUMN 16

AVERAGE MONTHLY: 64.3   TOTAL FOR MONTH:   0.29    1 = FOG OR MIST
DPTR FM NORMAL:   6.4   DPTR FM NORMAL:   -0.41    2 = FOG REDUCING VISIBILITY
HIGHEST:    88 ON  8    GRTST 24HR  0.29 ON  1- 2      TO 1/4 MILE OR LESS
LOWEST:     38 ON  1                               3 = THUNDER
                        SNOW, ICE PELLETS, HAIL    4 = ICE PELLETS
                        TOTAL MONTH:   0.0 INCH    5 = HAIL
                        GRTST 24HR     0.0         6 = FREEZING RAIN OR DRIZZLE
                        GRTST DEPTH:   0           7 = DUSTSTORM OR SANDSTORM:
                                                       VSBY 1/2 MILE OR LESS
                                                   8 = SMOKE OR HAZE
[NO. OF DAYS WITH]      [WEATHER - DAYS WITH]      9 = BLOWING SNOW
                                                   X = TORNADO
MAX 32 OR BELOW:   0    0.01 INCH OR MORE:   2
MAX 90 OR ABOVE:   0    0.10 INCH OR MORE:   1
MIN 32 OR BELOW:   0    0.50 INCH OR MORE:   0
MIN  0 OR BELOW:   0    1.00 INCH OR MORE:   0

[HDD (BASE 65) ]
TOTAL THIS MO.    60    CLEAR  (SCALE 0-3)  18
DPTR FM NORMAL   -98    PTCLDY (SCALE 4-7)   3
TOTAL FM JUL 1  2088    CLOUDY (SCALE 8-10)  0
DPTR FM NORMAL  -594

[CDD (BASE 65) ]
TOTAL THIS MO.    52
DPTR FM NORMAL    45    [PRESSURE DATA]
TOTAL FM JAN 1    52    HIGHEST SLP M ON M
DPTR FM NORMAL    45    LOWEST  SLP 29.73 ON M

[REMARKS]
