000
CXUS55 KEAX 010736
CF6MCI
PRELIMINARY LOCAL CLIMATOLOGICAL DATA (WS FORM: F-6)

                                          STATION:   Kansas City International MO
                                          MONTH:     MAY
                                          YEAR:      2016
                                          LATITUDE:   39 19 N
                                          LONGITUDE:  94 43 W

  TEMPERATURE IN F:       :PCPN:    SNOW:  WIND      :SUNSHINE: SKY     :PK WND
================================================================================
1   2   3   4   5  6A  6B    7    8   9   10  11  12  13   14  15   16   17  18
                                     12Z  AVG MX 2MIN
DY MAX MIN AVG DEP HDD CDD  WTR  SNW DPTH SPD SPD DIR MIN PSBL S-S WX    SPD DR
================================================================================

 1  61  48  55  -5  10   0    T  0.0    0  8.0 16 320   M    M   9 1      20 310
 2  57  46  52  -8  13   0 0.01  0.0    0  5.3 10 350   M    M   8 1      13 350
 3  70  41  56  -5   9   0 0.00  0.0    0  6.2 15 290   M    M   3 1      20 300
 4  69  51  60  -1   5   0 0.00  0.0    0 10.8 22 330   M    M   1        27 360
 5  73  47  60  -1   5   0 0.00  0.0    0  5.3 12 360   M    M   4        15 360
 6  81  48  65   3   0   0 0.00  0.0    0  9.4 15 240   M    M   3 8      21 220
 7  85  59  72  10   0   7 0.00  0.0    0  8.5 17 240   M    M   4 8      23 220
 8  73  59  66   4   0   1 0.74  0.0    0 10.8 25 130   M    M   6 138    29 130
 9  74  58  66   4   0   1 0.36  0.0    0 13.2 29 240   M    M   9 13     35 240
10  80  54  67   4   0   2 0.00  0.0    0  4.3 12 130   M    M   4 12     14 120
11  75  57  66   3   0   1 1.35  0.0    0 10.1 22 120   M    M   6 13     30 320
12  70  50  60  -3   5   0 0.00  0.0    0 10.2 22 300   M    M   3        29 290
13  79  46  63  -1   2   0 0.36    M    0 12.6 28 360   M    M   4 13     36 360
14  60  40  50 -14  15   0 0.00  0.0    0 10.8 20 360   M    M   4        28 320
15  67  39  53 -11  12   0 0.14  0.0    0  5.8 16 190   M    M   6 1      21 170
16  53  50  52 -12  13   0 0.51  0.0    0 12.0 18  90   M    M  10 1      25 130
17  61  49  55 -10  10   0 0.09  0.0    0 10.1 18  50   M    M   6 1      23  60
18  69  46  58  -7   7   0 0.00  0.0    0  4.4 12 130   M    M   5 1      14 100
19  68  47  58  -7   7   0 0.01  0.0    0  5.2 13 160   M    M   6        16 150
20  67  54  61  -5   4   0 0.01  0.0    0  6.9 14 130   M    M   8        19 110
21  74  49  62  -4   3   0    T  0.0    0  6.7 15 110   M    M   5 13     22  90
22  80  54  67   1   0   2 0.00  0.0    0 11.4 18 160   M    M   5        23 160
23  71  60  66  -1   0   1 0.53  0.0    0 10.0 20 120   M    M   6 138    28 190
24  79  61  70   3   0   5 0.34  0.0    0  8.8 25 150   M    M   7 13     32 140
25  82  64  73   6   0   8 0.28  0.0    0 12.5 31 210   M    M   8 13     39 230
26  78  61  70   2   0   5 3.87  0.0    0 13.1 37  40   M    M   8 135    48  30
27  77  59  68   0   0   3 0.82  0.0    0  8.1 22 100   M    M   9 138    28 100
28  76  56  66  -2   0   1 0.01  0.0    0  9.2 20 230   M    M   5 1      25 230
29  85  58  72   4   0   7 0.00  0.0    0  5.9 12 230   M    M   2 8      15 230
30  86  60  73   4   0   8 0.07  0.0    0  9.1 26 190   M    M   4 3      32 180
31  79  60  70   1   0   5 0.00  0.0    0  4.4 13 130   M    M   7        15 120
================================================================================
SM 2259 1631       120  57  9.50     0.0 269.1          M      175
================================================================================
AV 72.9 52.6                               8.7 FASTST   M    M   6    MAX(MPH)
                                 MISC ---->  # 37  40               # 48   30
================================================================================
NOTES:
# LAST OF SEVERAL OCCURRENCES

COLUMN 17 PEAK WIND IN M.P.H.

PRELIMINARY LOCAL CLIMATOLOGICAL DATA (WS FORM: F-6) , PAGE 2

                                          STATION:  Kansas City International MO
                                          MONTH:    MAY
                                          YEAR:     2016
                                          LATITUDE:   39 19 N
                                          LONGITUDE:  94 43 W

[TEMPERATURE DATA]      [PRECIPITATION DATA]       SYMBOLS USED IN COLUMN 16

AVERAGE MONTHLY: 62.7   TOTAL FOR MONTH:   9.50    1 = FOG OR MIST
DPTR FM NORMAL:  -1.8   DPTR FM NORMAL:    4.27    2 = FOG REDUCING VISIBILITY
HIGHEST:    86 ON 30    GRTST 24HR  4.22 ON 26-27      TO 1/4 MILE OR LESS
LOWEST:     39 ON 15                               3 = THUNDER
                        SNOW, ICE PELLETS, HAIL    4 = ICE PELLETS
                        TOTAL MONTH:   0.0 INCH    5 = HAIL
                        GRTST 24HR     0.0         6 = FREEZING RAIN OR DRIZZLE
                        GRTST DEPTH:   0           7 = DUSTSTORM OR SANDSTORM:
                                                       VSBY 1/2 MILE OR LESS
                                                   8 = SMOKE OR HAZE
[NO. OF DAYS WITH]      [WEATHER - DAYS WITH]      9 = BLOWING SNOW
                                                   X = TORNADO
MAX 32 OR BELOW:   0    0.01 INCH OR MORE:  17
MAX 90 OR ABOVE:   0    0.10 INCH OR MORE:  11
MIN 32 OR BELOW:   0    0.50 INCH OR MORE:   6
MIN  0 OR BELOW:   0    1.00 INCH OR MORE:   2

[HDD (BASE 65) ]
TOTAL THIS MO.   120    CLEAR  (SCALE 0-3)   4
DPTR FM NORMAL    16    PTCLDY (SCALE 4-7)  21
TOTAL FM JUL 1  4162    CLOUDY (SCALE 8-10)  6
DPTR FM NORMAL  -962

[CDD (BASE 65) ]
TOTAL THIS MO.    57
DPTR FM NORMAL   -31    [PRESSURE DATA]
TOTAL FM JAN 1    71    HIGHEST SLP  0.00 ON M
DPTR FM NORMAL   -45    LOWEST  SLP  0.00 ON M

[REMARKS]
#FINAL-05-16#
