000
CXUS53 KGLD 270800
CF6MCK
PRELIMINARY LOCAL CLIMATOLOGICAL DATA (WS FORM: F-6)

                                          STATION:   MCCOOK NE
                                          MONTH:     AUGUST
                                          YEAR:      2016
                                          LATITUDE:   40 13 N
                                          LONGITUDE: 100 35 W

  TEMPERATURE IN F:       :PCPN:    SNOW:  WIND      :SUNSHINE: SKY     :PK WND
================================================================================
1   2   3   4   5  6A  6B    7    8   9   10  11  12  13   14  15   16   17  18
                                     12Z  AVG MX 2MIN
DY MAX MIN AVG DEP HDD CDD  WTR  SNW DPTH SPD SPD DIR MIN PSBL S-S WX    SPD DR
================================================================================

 1 102  66  84   8   0  19 0.00    M    M  7.3 18 100   M    M   1 3      24 150
 2  91  69  80   4   0  15 0.00    M    M  9.9 20  80   M    M   1 1      24  20
 3  99  70  85  10   0  20 0.00    M    M  7.3 16 150   M    M   3 1      21 160
 4  88  66  77   2   0  12 0.00    M    M 12.4 28  20   M    M   1        34  20
 5  82  64  73  -2   0   8 0.00    M    M  7.2 17  50   M    M   7        21  60
 6  74  64  69  -6   0   4    T    M    M  8.8 15 120   M    M  10        20 120
 7  70  64  67  -8   0   2 0.03    M    M  8.6 13 100   M    M  10 12     17  90
 8  86  65  76   1   0  11    T    M    M  8.3 20 160   M    M   8 1      26 140
 9  97  70  84   9   0  19 0.00    M    M  9.2 21 160   M    M   3 1      25 160
10  99  70  85  10   0  20 0.00    M    M 10.0 23 160   M    M   0        30 160
11  88  68  78   3   0  13    T    M    M  5.5 15 330   M    M   1 3      18 320
12  90  59  75   0   0  10    T    M    M 10.6 32 350   M    M   2 3      39 350
13  93  52  73  -1   0   8 1.40    M    M  6.4 38 320   M    M   1 38     48 320
14  88  56  72  -2   0   7 0.00    M    M  6.8 15 160   M    M   0        21 180
15  96  58  77   3   0  12 0.00    M    M  9.6 21 200   M    M   0        27 200
16  93  59  76   2   0  11 0.00    M    M  7.7 16 360   M    M   0        20 300
17  97  61  79   5   0  14 0.00    M    M  7.9 21 130   M    M   0 138    25 130
18  98  60  79   5   0  14 0.00    M    M  9.0 22 200   M    M   0        26 200
19  78  61  70  -4   0   5 0.29    M    M 11.9 25 350   M    M   8 13     30 360
20  78  49  64  -9   1   0 0.00    M    M  9.6 23 360   M    M   2        30 360
21  90  44  67  -6   0   2 0.00    M    M  8.9 23 180   M    M   0 1      30 180
22  94  66  80   7   0  15    T    M    M 17.2 31 190   M    M   1 3      41 190
23  94  64  79   6   0  14 0.21    M    M  8.4 35 180   M    M   1 13     44 180
24  80  57  69  -4   0   4 0.00    M    M  8.5 23  40   M    M   3        32  50
25  80  54  67  -5   0   2 0.00    M    M  6.8 13  70   M    M   0        17  70
26  76  52  64  -8   1   0 0.20    M    M  6.8 28 340   M    M   5 13     34 340
================================================================================
SM 2301 1588         2 261  2.13    M    230.6          M       68
================================================================================
AV 88.5 61.1                               8.9 FASTST   M    M   3    MAX(MPH)
                                 MISC ---->  # 38 320               # 48  320
================================================================================
NOTES:
# LAST OF SEVERAL OCCURRENCES

COLUMN 17 PEAK WIND IN M.P.H.

PRELIMINARY LOCAL CLIMATOLOGICAL DATA (WS FORM: F-6) , PAGE 2

                                          STATION:  MCCOOK NE
                                          MONTH:    AUGUST
                                          YEAR:     2016
                                          LATITUDE:   40 13 N
                                          LONGITUDE: 100 35 W

[TEMPERATURE DATA]      [PRECIPITATION DATA]       SYMBOLS USED IN COLUMN 16

AVERAGE MONTHLY: 74.8   TOTAL FOR MONTH:   2.13    1 = FOG OR MIST
DPTR FM NORMAL:   0.6   DPTR FM NORMAL:   -0.64    2 = FOG REDUCING VISIBILITY
HIGHEST:   102 ON  1    GRTST 24HR  1.40 ON 13-13      TO 1/4 MILE OR LESS
LOWEST:     44 ON 21                               3 = THUNDER
                        SNOW, ICE PELLETS, HAIL    4 = ICE PELLETS
                        TOTAL MONTH:    M          5 = HAIL
                        GRTST 24HR    M  ON   M    6 = FREEZING RAIN OR DRIZZLE
                        GRTST DEPTH:  M  ON   M    7 = DUSTSTORM OR SANDSTORM:
                                                       VSBY 1/2 MILE OR LESS
                                                   8 = SMOKE OR HAZE
[NO. OF DAYS WITH]      [WEATHER - DAYS WITH]      9 = BLOWING SNOW
                                                   X = TORNADO
MAX 32 OR BELOW:   0    0.01 INCH OR MORE:   5
MAX 90 OR ABOVE:  14    0.10 INCH OR MORE:   4
MIN 32 OR BELOW:   0    0.50 INCH OR MORE:   1
MIN  0 OR BELOW:   0    1.00 INCH OR MORE:   1

[HDD (BASE 65) ]
TOTAL THIS MO.     2    CLEAR  (SCALE 0-3)  20
DPTR FM NORMAL     2    PTCLDY (SCALE 4-7)   4
TOTAL FM JUL 1     2    CLOUDY (SCALE 8-10)  2
DPTR FM NORMAL    -1

[CDD (BASE 65) ]
TOTAL THIS MO.   261
DPTR FM NORMAL    16    [PRESSURE DATA]
TOTAL FM JAN 1  1010    HIGHEST SLP M ON M
DPTR FM NORMAL   194    LOWEST  SLP 29.69 ON M

[REMARKS]
