000
CXUS52 KMLB 280627
CF6MCO
PRELIMINARY LOCAL CLIMATOLOGICAL DATA (WS FORM: F-6)

                                          STATION:   ORLANDO INTL
                                          MONTH:     MARCH
                                          YEAR:      2017
                                          LATITUDE:   28 25 N
                                          LONGITUDE:  81 19 W

  TEMPERATURE IN F:       :PCPN:    SNOW:  WIND      :SUNSHINE: SKY     :PK WND
================================================================================
1   2   3   4   5  6A  6B    7    8   9   10  11  12  13   14  15   16   17  18
                                     12Z  AVG MX 2MIN
DY MAX MIN AVG DEP HDD CDD  WTR  SNW DPTH SPD SPD DIR MIN PSBL S-S WX    SPD DR
================================================================================

 1  87  62  75  10   0  10 0.00  0.0    0  3.7 13 180   M    M   5 1      18 160
 2  86  63  75  10   0  10    T  0.0    0 10.4 26  10   M    M   5        31  10
 3  75  57  66   1   0   1 0.00  0.0    0 15.5 24  30   M    M   4        30  30
 4  76  51  64  -1   1   0    T  0.0    0 11.7 21  40   M    M   3        25  20
 5  76  61  69   3   0   4 0.00  0.0    0 13.8 24 100   M    M   8        31  70
 6  78  60  69   3   0   4 0.00  0.0    0 12.2 25 120   M    M   6        33 110
 7  80  59  70   4   0   5 0.00  0.0    0  8.0 17  90   M    M   6        25 100
 8  84  58  71   5   0   6    T  0.0    0  4.3 13 170   M    M   6 1      16 220
 9  86  58  72   6   0   7 0.00  0.0    0  4.5 16  80   M    M   4        20  60
10  86  60  73   7   0   8 0.00  0.0    0  8.2 21 260   M    M   4        30 320
11  86  59  73   7   0   8 0.00  0.0    0  9.3 18  40   M    M   5        26  70
12  78  61  70   4   0   5    T  0.0    0  6.2 21  40   M    M   9        26  40
13  80  63  72   6   0   7 0.06  0.0    0  9.6 21 200   M    M   9        26 200
14  69  54  62  -5   3   0 0.03  0.0    0 15.9 28 310   M    M   6 1      34 300
15  61  46  54 -13  11   0 0.00  0.0    0  9.8 22 320   M    M   1        29 340
16  65  38  52 -15  13   0 0.00  0.0    0  8.2 15 320   M    M   1 8      19 320
17  74  42  58  -9   7   0 0.00  0.0    0  6.2 15  70   M    M   2 8      20  50
18  79  48  64  -3   1   0 0.00  0.0    0  5.8 17 300   M    M   0 1      22 300
19  82  53  68   1   0   3 0.00  0.0    0 11.2 21  50   M    M   1        27 310
20  79  49  64  -3   1   0 0.00  0.0    0  3.5 13 100   M    M   1        20  50
21  83  49  66  -2   0   1 0.00  0.0    0  4.4 14 280   M    M   0 1      17 270
22  87  55  71   3   0   6 0.00  0.0    0  7.6 21  50   M    M   3 123    24  40
23  81  65  73   5   0   8    T  0.0    0 13.8 26  60   M    M   6        35  40
24  82  62  72   4   0   7 0.00  0.0    0 12.3 23 100   M    M   6        29  70
25  83  58  71   3   0   6 0.00  0.0    0  8.9 17 100   M    M   6        22 100
26  84  58  71   3   0   6 0.00  0.0    0  5.3 18  70   M    M   4 1      23 110
27  85  59  72   4   0   7 0.00  0.0    0  5.3 16  80   M    M   4        21 120
================================================================================
SM 2152 1508        37 119  0.09     0.0 235.6          M      115
================================================================================
AV 79.7 55.9                               8.7 FASTST   M    M   4    MAX(MPH)
                                 MISC ---->  # 28 310               # 35   40
================================================================================
NOTES:
# LAST OF SEVERAL OCCURRENCES

COLUMN 17 PEAK WIND IN M.P.H.

PRELIMINARY LOCAL CLIMATOLOGICAL DATA (WS FORM: F-6) , PAGE 2

                                          STATION:  ORLANDO INTL
                                          MONTH:    MARCH
                                          YEAR:     2017
                                          LATITUDE:   28 25 N
                                          LONGITUDE:  81 19 W

[TEMPERATURE DATA]      [PRECIPITATION DATA]       SYMBOLS USED IN COLUMN 16

AVERAGE MONTHLY: 67.8   TOTAL FOR MONTH:   0.09    1 = FOG OR MIST
DPTR FM NORMAL:   1.1   DPTR FM NORMAL:   -3.16    2 = FOG REDUCING VISIBILITY
HIGHEST:    87 ON 22, 1 GRTST 24HR  0.06 ON 13-13      TO 1/4 MILE OR LESS
LOWEST:     38 ON 16                               3 = THUNDER
                        SNOW, ICE PELLETS, HAIL    4 = ICE PELLETS
                        TOTAL MONTH:   0.0 INCH    5 = HAIL
                        GRTST 24HR     0.0         6 = FREEZING RAIN OR DRIZZLE
                        GRTST DEPTH:   0           7 = DUSTSTORM OR SANDSTORM:
                                                       VSBY 1/2 MILE OR LESS
                                                   8 = SMOKE OR HAZE
[NO. OF DAYS WITH]      [WEATHER - DAYS WITH]      9 = BLOWING SNOW
                                                   X = TORNADO
MAX 32 OR BELOW:   0    0.01 INCH OR MORE:   2
MAX 90 OR ABOVE:   0    0.10 INCH OR MORE:   0
MIN 32 OR BELOW:   0    0.50 INCH OR MORE:   0
MIN  0 OR BELOW:   0    1.00 INCH OR MORE:   0

[HDD (BASE 65) ]
TOTAL THIS MO.    37    CLEAR  (SCALE 0-3)   7
DPTR FM NORMAL   -18    PTCLDY (SCALE 4-7)  18
TOTAL FM JUL 1   206    CLOUDY (SCALE 8-10)  2
DPTR FM NORMAL  -348

[CDD (BASE 65) ]
TOTAL THIS MO.   119
DPTR FM NORMAL    20    [PRESSURE DATA]
TOTAL FM JAN 1   320    HIGHEST SLP M ON M
DPTR FM NORMAL   117    LOWEST  SLP 29.73 ON 14

[REMARKS]
