000
CXUS53 KPAH 260629
CF6MDH
PRELIMINARY LOCAL CLIMATOLOGICAL DATA (WS FORM: F-6)

                                          STATION:   CARBONDALE IL
                                          MONTH:     MAY
                                          YEAR:      2017
                                          LATITUDE:   37 46 N
                                          LONGITUDE:  89 15 W

  TEMPERATURE IN F:       :PCPN:    SNOW:  WIND      :SUNSHINE: SKY     :PK WND
================================================================================
1   2   3   4   5  6A  6B    7    8   9   10  11  12  13   14  15   16   17  18
                                     12Z  AVG MX 2MIN
DY MAX MIN AVG DEP HDD CDD  WTR  SNW DPTH SPD SPD DIR MIN PSBL S-S WX    SPD DR
================================================================================

 1  57  51  54  -8  11   0 0.00  0.0    0 16.7 29 240   M    M   7        39 240
 2  72  44  58  -4   7   0 0.00  0.0    0  8.5 20 280   M    M   1        30 290
 3  57  49  53  -9  12   0 0.26  0.0    0  9.0 21  70   M    M   9 1      27  70
 4  51  47  49 -13  16   0 0.78  0.0    0 14.4 30 360   M    M  10 1      40 350
 5  65  45  55  -8  10   0 0.00  0.0    0 15.5 30 350   M    M   3        40 350
 6  69  42  56  -7   9   0 0.00  0.0    0  7.8 23 340   M    M   2        29  10
 7  73  41  57  -7   8   0 0.00  0.0    0  4.4 14 340   M    M   0 1      20 240
 8  80  50  65   1   0   0 0.00  0.0    0  6.6 14 190   M    M   1        18 240
 9  84  62  73   9   0   8 0.00  0.0    0 11.5 21 220   M    M   0        24 210
10  83  61  72   8   0   7 0.00  0.0    0  8.5 18 180   M    M   2        25 190
11  82  62  72   7   0   7    T  0.0    0  7.5 18 360   M    M   5        23 350
12  72  57  65   0   0   0    T  0.0    0  7.6 16  30   M    M   6        21  30
13  78  49  64  -1   1   0 0.00  0.0    0  3.2 14  70   M    M   0 1      17  10
14  81  52  67   1   0   2 0.00  0.0    0  6.1 15 180   M    M   0        21 220
15  83  54  69   3   0   4 0.00  0.0    0  6.6 18 210   M    M   0 1      22 200
16  86  59  73   7   0   8 0.00  0.0    0 11.6 28 200   M    M   1        35 190
17  84  70  77  11   0  12    T  0.0    0 17.3 32 190   M    M   2        49 180
18  84  66  75   8   0  10 0.04  0.0    0 10.4 23 210   M    M   6 3      29 200
19  85  66  76   9   0  11    T  0.0    0  8.6 22 220   M    M   1        28 220
20  79  65  72   5   0   7 1.61  0.0    M  8.5 31 180   M    M   3 1      39 180
21  74  56  65  -3   0   0 0.00  0.0    0  8.0 17 300   M    M   3        23 280
22  75  51  63  -5   2   0 0.00  0.0    0  3.3 12 210   M    M   0        15 150
23  74  57  66  -2   0   1    T  0.0    0  4.9 15 320   M    M   5        19 320
24  67  57  62  -7   3   0 0.01  0.0    M  9.0 17 320   M    M   8 1      25 300
25  76  53  65  -4   0   0 0.00  0.0    0  8.2 16 250   M    M   2        21 250
================================================================================
SM 1871 1366        79  77  2.70     0.0 223.7          M       77
================================================================================
AV 74.8 54.6                               8.9 FASTST   M    M   3    MAX(MPH)
                                 MISC ---->  # 32 190               # 49  180
================================================================================
NOTES:
# LAST OF SEVERAL OCCURRENCES

COLUMN 17 PEAK WIND IN M.P.H.

PRELIMINARY LOCAL CLIMATOLOGICAL DATA (WS FORM: F-6) , PAGE 2

                                          STATION:  CARBONDALE IL
                                          MONTH:    MAY
                                          YEAR:     2017
                                          LATITUDE:   37 46 N
                                          LONGITUDE:  89 15 W

[TEMPERATURE DATA]      [PRECIPITATION DATA]       SYMBOLS USED IN COLUMN 16

AVERAGE MONTHLY: 64.7   TOTAL FOR MONTH:   2.70    1 = FOG OR MIST
DPTR FM NORMAL:  -0.5   DPTR FM NORMAL:   -1.63    2 = FOG REDUCING VISIBILITY
HIGHEST:    86 ON 16    GRTST 24HR  2.42 ON 30- 1      TO 1/4 MILE OR LESS
LOWEST:     41 ON  7                               3 = THUNDER
                        SNOW, ICE PELLETS, HAIL    4 = ICE PELLETS
                        TOTAL MONTH:   0.0 INCH    5 = HAIL
                        GRTST 24HR     0.0         6 = FREEZING RAIN OR DRIZZLE
                        GRTST DEPTH:   0           7 = DUSTSTORM OR SANDSTORM:
                                                       VSBY 1/2 MILE OR LESS
                                                   8 = SMOKE OR HAZE
[NO. OF DAYS WITH]      [WEATHER - DAYS WITH]      9 = BLOWING SNOW
                                                   X = TORNADO
MAX 32 OR BELOW:   0    0.01 INCH OR MORE:   5
MAX 90 OR ABOVE:   0    0.10 INCH OR MORE:   3
MIN 32 OR BELOW:   0    0.50 INCH OR MORE:   2
MIN  0 OR BELOW:   0    1.00 INCH OR MORE:   1

[HDD (BASE 65) ]
TOTAL THIS MO.    79    CLEAR  (SCALE 0-3)  17
DPTR FM NORMAL    12    PTCLDY (SCALE 4-7)   5
TOTAL FM JUL 1  3686    CLOUDY (SCALE 8-10)  3
DPTR FM NORMAL  -781

[CDD (BASE 65) ]
TOTAL THIS MO.    77
DPTR FM NORMAL     2    [PRESSURE DATA]
TOTAL FM JAN 1   121    HIGHEST SLP M ON M
DPTR FM NORMAL    20    LOWEST  SLP 29.48 ON 24

[REMARKS]
