000
CXUS53 KPAH 182302
CF6MDH
PRELIMINARY LOCAL CLIMATOLOGICAL DATA (WS FORM: F-6)

                                          STATION:   CARBONDALE IL
                                          MONTH:     APRIL
                                          YEAR:      2014
                                          LATITUDE:   37 46 N
                                          LONGITUDE:  89 15 W

  TEMPERATURE IN F:       :PCPN:    SNOW:  WIND      :SUNSHINE: SKY     :PK WND
================================================================================
1   2   3   4   5  6A  6B    7    8   9   10  11  12  13   14  15   16   17  18
                                     12Z  AVG MX 2MIN
DY MAX MIN AVG DEP HDD CDD  WTR  SNW DPTH SPD SPD DIR MIN PSBL S-S WX    SPD DR
================================================================================

 1  69  50  60   9   5   0 0.03  0.0    0  7.9 22 220   M    M   4 3      26 210
 2  65  50  58   6   7   0 0.34  0.0    0  8.0 18  80   M    M   9 13     22  80
 3  69  59  64  12   1   0 2.81  0.0    0 10.4 25 280   M    M   9 138    38 280
 4  59  43  51  -1  14   0 0.26  0.0    0 14.0 26 290   M    M  10 1      36 290
 5  55  39  47  -6  18   0 0.00  0.0    0  6.3 14 350   M    M   4        20 360
 6  60  36  48  -5  17   0 0.00  0.0    0  5.4 15  70   M    M   1 1      19  90
 7  52  42  47  -6  18   0 0.55  0.0    0  9.8 23 330   M    M   9 18     30 330
 8  62  43  53  -1  12   0 0.09    M    0  8.5 22 340   M    M   5 3      26 330
 9  66  41  54   0  11   0 0.00  0.0    0  8.1 16 200   M    M   0        20 200
10  77  53  65  11   0   0 0.00  0.0    0 20.1 35 200   M    M   1        46 200
11  71  51  61   6   4   0 0.00  0.0    0  4.6 12 330   M    M   0        13 330
12  76  56  66  11   0   1 0.00  0.0    0 17.9 36 200   M    M   2        47 190
13  74  61  68  13   0   3 0.48  0.0    0 20.1 33 200   M    M   6 1      44 210
14  61  36  49  -7  16   0 0.09    M    0 14.3 23 330   M    M   9 1      31 330
15  48  31  40 -16  25   0 0.00  0.0    0  9.5 22 340   M    M   1        28 330
16  57  32  45 -11  20   0 0.00  0.0    0  9.0 17 170   M    M   1        23 130
17  68  32  50  -7  15   0 0.00  0.0    0  5.8 18 190   M    M   0        24 180
================================================================================
SM 1089  755       183   4  4.65     0.0 179.7          M       71
================================================================================
AV 64.1 44.4                              10.6 FASTST   M    M   4    MAX(MPH)
                                 MISC ---->  # 36 200               # 47  190
================================================================================
NOTES:
# LAST OF SEVERAL OCCURRENCES

COLUMN 17 PEAK WIND IN M.P.H.

PRELIMINARY LOCAL CLIMATOLOGICAL DATA (WS FORM: F-6) , PAGE 2

                                          STATION:  CARBONDALE IL
                                          MONTH:    APRIL
                                          YEAR:     2014
                                          LATITUDE:   37 46 N
                                          LONGITUDE:  89 15 W

[TEMPERATURE DATA]      [PRECIPITATION DATA]       SYMBOLS USED IN COLUMN 16

AVERAGE MONTHLY: 54.2   TOTAL FOR MONTH:   4.65    1 = FOG OR MIST
DPTR FM NORMAL:   0.2   DPTR FM NORMAL:    2.49    2 = FOG REDUCING VISIBILITY
HIGHEST:    77 ON 10    GRTST 24HR  3.07 ON  3- 4      TO 1/4 MILE OR LESS
LOWEST:     31 ON 15                               3 = THUNDER
                        SNOW, ICE PELLETS, HAIL    4 = ICE PELLETS
                        TOTAL MONTH:   0.0 INCH    5 = HAIL
                        GRTST 24HR     0.0         6 = FREEZING RAIN OR DRIZZLE
                        GRTST DEPTH:   0           7 = DUSTSTORM OR SANDSTORM:
                                                       VSBY 1/2 MILE OR LESS
                                                   8 = SMOKE OR HAZE
[NO. OF DAYS WITH]      [WEATHER - DAYS WITH]      9 = BLOWING SNOW
                                                   X = TORNADO
MAX 32 OR BELOW:   0    0.01 INCH OR MORE:   8
MAX 90 OR ABOVE:   0    0.10 INCH OR MORE:   5
MIN 32 OR BELOW:   3    0.50 INCH OR MORE:   2
MIN  0 OR BELOW:   0    1.00 INCH OR MORE:   1

[HDD (BASE 65) ]
TOTAL THIS MO.   183    CLEAR  (SCALE 0-3)   8
DPTR FM NORMAL   -13    PTCLDY (SCALE 4-7)   4
TOTAL FM JUL 1  5004    CLOUDY (SCALE 8-10)  5
DPTR FM NORMAL   692

[CDD (BASE 65) ]
TOTAL THIS MO.     4
DPTR FM NORMAL    -7    [PRESSURE DATA]
TOTAL FM JAN 1     4    HIGHEST SLP M ON M
DPTR FM NORMAL   -10    LOWEST  SLP 29.46 ON  7

[REMARKS]
