000
CXUS53 KPAH 300632
CF6MDH
PRELIMINARY LOCAL CLIMATOLOGICAL DATA (WS FORM: F-6)

                                          STATION:   CARBONDALE IL
                                          MONTH:     AUGUST
                                          YEAR:      2015
                                          LATITUDE:   37 46 N
                                          LONGITUDE:  89 15 W

  TEMPERATURE IN F:       :PCPN:    SNOW:  WIND      :SUNSHINE: SKY     :PK WND
================================================================================
1   2   3   4   5  6A  6B    7    8   9   10  11  12  13   14  15   16   17  18
                                     12Z  AVG MX 2MIN
DY MAX MIN AVG DEP HDD CDD  WTR  SNW DPTH SPD SPD DIR MIN PSBL S-S WX    SPD DR
================================================================================

 1  89  68  79   1   0  14 0.00  0.0    0  1.8 10  50   M    M   0 1      13  50
 2  90  67  79   1   0  14 0.00  0.0    0  5.6 14 210   M    M   0        17 190
 3  92  73  83   5   0  18 0.00  0.0    0  4.8 15 260   M    M   2 1      18 240
 4  91  72  82   4   0  17 0.00  0.0    0  3.9 18 360   M    M   1 13     29  20
 5  78  70  74  -4   0   9 0.72  0.0    0  4.3 12 190   M    M   6 1      13 180
 6  84  68  76  -2   0  11 0.02  0.0    0  6.3 17 340   M    M   6 1      21 330
 7  84  63  74  -4   0   9 0.00  0.0    0  2.1  8 120   M    M   2 12     11 140
 8  88  66  77  -1   0  12 0.00  0.0    0  2.4 13 130   M    M   2 1      16 130
 9  85  69  77  -1   0  12 0.31  0.0    0  5.5 22 270   M    M   2 13     33 250
10  85  71  78   1   0  13 0.31  0.0    0  5.8 16 260   M    M   4 1238   22 250
11  87  66  77   0   0  12 0.00  0.0    0  5.7 16 350   M    M   1 1      22 350
12  84  63  74  -3   0   9 0.00  0.0    0  3.1  9  10   M    M   1 1      14 350
13  86  62  74  -3   0   9 0.00  0.0    0  1.1  9 320   M    M   1 1      12 330
14  84  64  74  -3   0   9 0.00  0.0    0  1.7  8  90   M    M   1 12     12 100
15  88  62  75  -2   0  10 0.00  0.0    0  1.9  8  50   M    M   3 12     11  30
16  87  64  76  -1   0  11 0.00  0.0    0  3.4 14 210   M    M   1 12     16 190
17  87  66  77   0   0  12 0.00  0.0    0  4.4 15 130   M    M   2 1      20 120
18  87  69  78   1   0  13 0.81  0.0    0  7.8 17 180   M    M   2 13     24 250
19  81  62  72  -4   0   7 0.29  0.0    0  6.6 21 360   M    M   9 13     28 350
20  80  57  69  -7   0   4 0.00  0.0    0  4.4 12 310   M    M   0        16 320
21  81  56  69  -7   0   4 0.00  0.0    0  3.2 13 140   M    M   0 1      17 120
22  82  61  72  -4   0   7 0.12  0.0    0  4.2 20 210   M    M   6 13     25 200
23  83  60  72  -4   0   7 0.00  0.0    0  4.4 14 320   M    M   4 12     18 330
24  78  56  67  -9   0   2 0.00  0.0    0  5.0 15 290   M    M   0 1      20 280
25  78  52  65 -10   0   0 0.00  0.0    0  3.8 15 330   M    M   0 1      20 310
26  79  51  65 -10   0   0 0.00  0.0    0  2.8 12  20   M    M   2 1      16  30
27  81  52  67  -8   0   2 0.00  0.0    0  1.5  9 290   M    M   1 12     13 310
28  81  54  68  -7   0   3 0.00  0.0    0  3.6 10 170   M    M   1 12     14 120
29  82  65  74   0   0   9 0.09  0.0    0  4.7 14 190   M    M   0 1      16 210
================================================================================
SM 2442 1829         0 259  2.67     0.0 115.8          M       60
================================================================================
AV 84.2 63.1                               4.0 FASTST   M    M   2    MAX(MPH)
                                 MISC ---->  # 22 270               # 33  250
================================================================================
NOTES:
# LAST OF SEVERAL OCCURRENCES

COLUMN 17 PEAK WIND IN M.P.H.

PRELIMINARY LOCAL CLIMATOLOGICAL DATA (WS FORM: F-6) , PAGE 2

                                          STATION:  CARBONDALE IL
                                          MONTH:    AUGUST
                                          YEAR:     2015
                                          LATITUDE:   37 46 N
                                          LONGITUDE:  89 15 W

[TEMPERATURE DATA]      [PRECIPITATION DATA]       SYMBOLS USED IN COLUMN 16

AVERAGE MONTHLY: 73.6   TOTAL FOR MONTH:   2.67    1 = FOG OR MIST
DPTR FM NORMAL:  -3.1   DPTR FM NORMAL:   -0.05    2 = FOG REDUCING VISIBILITY
HIGHEST:    92 ON  3    GRTST 24HR  1.10 ON 18-19      TO 1/4 MILE OR LESS
LOWEST:     51 ON 26                               3 = THUNDER
                        SNOW, ICE PELLETS, HAIL    4 = ICE PELLETS
                        TOTAL MONTH:   0.0 INCH    5 = HAIL
                        GRTST 24HR     0.0         6 = FREEZING RAIN OR DRIZZLE
                        GRTST DEPTH:   0           7 = DUSTSTORM OR SANDSTORM:
                                                       VSBY 1/2 MILE OR LESS
                                                   8 = SMOKE OR HAZE
[NO. OF DAYS WITH]      [WEATHER - DAYS WITH]      9 = BLOWING SNOW
                                                   X = TORNADO
MAX 32 OR BELOW:   0    0.01 INCH OR MORE:   8
MAX 90 OR ABOVE:   3    0.10 INCH OR MORE:   6
MIN 32 OR BELOW:   0    0.50 INCH OR MORE:   2
MIN  0 OR BELOW:   0    1.00 INCH OR MORE:   0

[HDD (BASE 65) ]
TOTAL THIS MO.     0    CLEAR  (SCALE 0-3)  23
DPTR FM NORMAL     0    PTCLDY (SCALE 4-7)   5
TOTAL FM JUL 1     0    CLOUDY (SCALE 8-10)  1
DPTR FM NORMAL     0

[CDD (BASE 65) ]
TOTAL THIS MO.   259
DPTR FM NORMAL   -80    [PRESSURE DATA]
TOTAL FM JAN 1  1205    HIGHEST SLP M ON M
DPTR FM NORMAL    26    LOWEST  SLP 29.76 ON 19

[REMARKS]
