000
CXUS53 KARX 010930
CF6MDZ
PRELIMINARY LOCAL CLIMATOLOGICAL DATA (WS FORM: F-6)

                                          STATION:   MEDFORD WI
                                          MONTH:     AUGUST
                                          YEAR:      2014
                                          LATITUDE:   45  5 N
                                          LONGITUDE:  90 18 W

  TEMPERATURE IN F:       :PCPN:    SNOW:  WIND      :SUNSHINE: SKY     :PK WND
================================================================================
1   2   3   4   5  6A  6B    7    8   9   10  11  12  13   14  15   16   17  18
                                     12Z  AVG MX 2MIN
DY MAX MIN AVG DEP HDD CDD  WTR  SNW DPTH SPD SPD DIR MIN PSBL S-S WX    SPD DR
================================================================================

 1  78  52  65   M   0   0 0.00  0.0    0  1.7  8 340   M    M   5 12      M  M
 2  78  51  65   M   0   0 0.11  0.0    0  2.8  9 340   M    M   3 12      M  M
 3  80  57  69   M   0   4    T  0.0    0  4.4 14  20   M    M   4 123    17  20
 4  75  56  66   M   0   1 0.55  0.0    0  3.8 10 210   M    M   7 13      M  M
 5  74  56  65   M   0   0 0.00  0.0    0  1.4  6  90   M    M   6 1       M  M
 6  78  50  64   M   1   0 0.00  0.0    0  2.3  7  80   M    M   2 1       M  M
 7  77  53  65   M   0   0 0.00  0.0    0  4.5  8 110   M    M   0         M  M
 8  77  50  64   M   1   0 0.00  0.0    0  3.0  6  90   M    M   1 1       M  M
 9  77  52  65   M   0   0 0.00  0.0    0  2.4  7 150   M    M   1 1       M  M
10  77  51  64   M   1   0 0.00  0.0    0  2.1  6 160   M    M   1 1       M  M
11  66  58  62   M   3   0 0.48  0.0    0  7.0 14 360   M    M   8 13     21 360
12  71  52  62   M   3   0 0.00  0.0    0 11.8 20 330   M    M   4        25 350
13  72  48  60   M   5   0 0.00  0.0    0  7.0 12 340   M    M   3        16 350
14  68  40  54   M  11   0 0.00  0.0    0  1.5  6  80   M    M   0 1       M  M
15  77  42  60   M   5   0 0.00  0.0    0  3.7  8 210   M    M   4 1       M  M
16  79  61  70   M   0   5 0.41  0.0    0  4.7  9 270   M    M   7 1       M  M
17  69  59  64   M   1   0 0.00  0.0    0  5.2  9 160   M    M  10 1       M  M
18  72  58  65   M   0   0 1.08  0.0    0  5.2  8 150   M    M   9 13      M  M
19  71  57  64   M   1   0 0.12  0.0    0  4.1  9 270   M    M  10 12      M  M
20  72  57  65   M   0   0 0.00  0.0    0  2.6  9  10   M    M   7 1       M  M
21  70  60  65   M   0   0 0.21  0.0    0  5.9  9 100   M    M   9 1       M  M
22  80  65  73   M   0   8    T  0.0    0  3.8  7  20   M    M   9 12      M  M
23  73  68  71   M   0   6 0.00  0.0    0  4.9  9 120   M    M  10 12      M  M
24  78  65  72   M   0   7 0.03  0.0    0  9.6 16 140   M    M   9 13     22 130
25  82  60  71   M   0   6 0.43  0.0    0  7.5 12 220   M    M   3 13      M  M
26  68  53  61   M   4   0 0.00  0.0    0  4.7  8 320   M    M   1         M  M
27  70  50  60   M   5   0 0.02  0.0    0  3.1  8 320   M    M   3 12      M  M
28  68  46  57   M   8   0 0.08  0.0    0  4.8 12 160   M    M   6        16 160
29  77  55  66   M   0   1 0.86  0.0    0  6.4  9 150   M    M   9 123    21 140
30  69  53  61   M   4   0 0.07  0.0    0  4.4  9 320   M    M   9 1       M  M
31  76  50  63   M   2   0 0.23  0.0    0  6.5 15 180   M    M   8 13     18 150
================================================================================
SM 2299 1685        55  38  4.68     0.0 142.8          M      168
================================================================================
AV 74.2 54.4                               4.6 FASTST   M    M   5    MAX(MPH)
                                 MISC ---->    20   M                 25    M
================================================================================
NOTES:
# LAST OF SEVERAL OCCURRENCES

COLUMN 17 PEAK WIND IN M.P.H.

PRELIMINARY LOCAL CLIMATOLOGICAL DATA (WS FORM: F-6) , PAGE 2

                                          STATION:  MEDFORD WI
                                          MONTH:    AUGUST
                                          YEAR:     2014
                                          LATITUDE:   45  5 N
                                          LONGITUDE:  90 18 W

[TEMPERATURE DATA]      [PRECIPITATION DATA]       SYMBOLS USED IN COLUMN 16

AVERAGE MONTHLY: 64.3   TOTAL FOR MONTH:   4.68    1 = FOG OR MIST
DPTR FM NORMAL:     M   DPTR FM NORMAL:       M    2 = FOG REDUCING VISIBILITY
HIGHEST:    82 ON 25    GRTST 24HR  1.08 ON 18-18      TO 1/4 MILE OR LESS
LOWEST:     40 ON 14                               3 = THUNDER
                        SNOW, ICE PELLETS, HAIL    4 = ICE PELLETS
                        TOTAL MONTH:   0.0 INCH    5 = HAIL
                        GRTST 24HR     0.0         6 = FREEZING RAIN OR DRIZZLE
                        GRTST DEPTH:   0           7 = DUSTSTORM OR SANDSTORM:
                                                       VSBY 1/2 MILE OR LESS
                                                   8 = SMOKE OR HAZE
[NO. OF DAYS WITH]      [WEATHER - DAYS WITH]      9 = BLOWING SNOW
                                                   X = TORNADO
MAX 32 OR BELOW:   0    0.01 INCH OR MORE:  14
MAX 90 OR ABOVE:   0    0.10 INCH OR MORE:  10
MIN 32 OR BELOW:   0    0.50 INCH OR MORE:   3
MIN  0 OR BELOW:   0    1.00 INCH OR MORE:   1

[HDD (BASE 65) ]
TOTAL THIS MO.    55    CLEAR  (SCALE 0-3)  10
DPTR FM NORMAL     M    PTCLDY (SCALE 4-7)  11
TOTAL FM JUL 1   147    CLOUDY (SCALE 8-10) 10
DPTR FM NORMAL     M

[CDD (BASE 65) ]
TOTAL THIS MO.    38
DPTR FM NORMAL     M    [PRESSURE DATA]
TOTAL FM JAN 1   154    HIGHEST SLP M ON M
DPTR FM NORMAL     M    LOWEST  SLP M ON M

[REMARKS]
#FINAL-08-14#
