000
CXUS53 KARX 280930
CF6MDZ
PRELIMINARY LOCAL CLIMATOLOGICAL DATA (WS FORM: F-6)

                                          STATION:   MEDFORD WI
                                          MONTH:     MARCH
                                          YEAR:      2015
                                          LATITUDE:   45  5 N
                                          LONGITUDE:  90 18 W

  TEMPERATURE IN F:       :PCPN:    SNOW:  WIND      :SUNSHINE: SKY     :PK WND
================================================================================
1   2   3   4   5  6A  6B    7    8   9   10  11  12  13   14  15   16   17  18
                                     12Z  AVG MX 2MIN
DY MAX MIN AVG DEP HDD CDD  WTR  SNW DPTH SPD SPD DIR MIN PSBL S-S WX    SPD DR
================================================================================

 1  21   8  15   M  50   0 0.00  0.0   11  9.2 14 270   M    M   7        18 270
 2  21   2  12   M  53   0    T    T   11  5.7 10 280   M    M   1        16 280
 3  26  11  19   M  46   0 0.11  2.0   11  9.8 16 300   M    M   8        24 300
 4  11  -9   1   M  64   0 0.00  0.0   12 11.3 20 280   M    M   1 8      28 280
 5   7 -17  -5   M  70   0 0.00  0.0   12  4.7 10 220   M    M   0         M  M
 6  28  -4  12   M  53   0 0.00  0.0   12  8.7 13 210   M    M   3        18 200
 7  38  18  28   M  37   0 0.00  0.0   11  8.4 16 310   M    M   5        22 300
 8  40  19  30   M  35   0 0.00  0.0   11  9.0 16 280   M    M   5        27 280
 9  46  22  34   M  31   0 0.00  0.0    8  7.9 15 210   M    M   6        16 210
10  54  32  43   M  22   0 0.00  0.0    6  7.7  9 260   M    M   0         M  M
11  51  23  37   M  28   0 0.00  0.0    4  4.0 12 320   M    M   1         M  M
12  49  31  40   M  25   0 0.00  0.0    0  8.7 14 160   M    M   0        20 160
13  59  36  48   M  17   0 0.00  0.0    0  8.6 15 290   M    M   2 18     23 290
14  51  31  41   M  24   0 0.00  0.0    0 10.0 18 320   M    M   5        24 320
15  57  31  44   M  21   0 0.00  0.0    0  9.2 17 210   M    M   0        27 200
16  57  32  45   M  20   0 0.00  0.0    0  8.2 20 360   M    M   7        27 360
17  38  25  32   M  33   0 0.00  0.0    0 12.2 21 320   M    M   0        30 320
18  44  26  35   M  30   0 0.00  0.0    0  4.7  9 340   M    M   1         M  M
19  46  28  37   M  28   0 0.00  0.0    0  7.0 15 210   M    M   8        21 190
20  48  32  40   M  25   0 0.09    M    0  7.6 13 260   M    M   8        18 260
21  38  24  31   M  34   0    T  0.0    0  9.2 15 330   M    M   5        20 330
22  38  25  32   M  33   0 0.00  0.0    0  5.6  9  40   M    M   5         M  M
23  38  25  32   M  33   0 0.00  0.0    0  5.5 12 180   M    M   3         M  M
24  44  22  33   M  32   0 0.00  0.0    0  8.7 14 140   M    M   1        24 140
25  35  26  31   M  34   0 0.20    M    3 12.1 25 260   M    M  10 1      33 260
26  32  10  21   M  44   0    M    M    M 10.8 16 340   M    M   8        24 320
27  31   7  19   M  46   0 0.00  0.0    M  2.6  7  20   M    M   2         M  M
================================================================================
SM 1048  516       968   0  0.40     2.0 217.1          M      102
================================================================================
AV 38.8 19.1                               8.0 FASTST   M    M   4    MAX(MPH)
                                 MISC ---->    25   M                 33    M
================================================================================
NOTES:
# LAST OF SEVERAL OCCURRENCES

COLUMN 17 PEAK WIND IN M.P.H.

PRELIMINARY LOCAL CLIMATOLOGICAL DATA (WS FORM: F-6) , PAGE 2

                                          STATION:  MEDFORD WI
                                          MONTH:    MARCH
                                          YEAR:     2015
                                          LATITUDE:   45  5 N
                                          LONGITUDE:  90 18 W

[TEMPERATURE DATA]      [PRECIPITATION DATA]       SYMBOLS USED IN COLUMN 16

AVERAGE MONTHLY: 29.0   TOTAL FOR MONTH:   0.40    1 = FOG OR MIST
DPTR FM NORMAL:     M   DPTR FM NORMAL:       M    2 = FOG REDUCING VISIBILITY
HIGHEST:    59 ON 13    GRTST 24HR  0.20 ON 25-25      TO 1/4 MILE OR LESS
LOWEST:    -17 ON  5                               3 = THUNDER
                        SNOW, ICE PELLETS, HAIL    4 = ICE PELLETS
                        TOTAL MONTH:   2.0 INCHES  5 = HAIL
                        GRTST 24HR   2.0 ON  3- 3  6 = FREEZING RAIN OR DRIZZLE
                        GRTST DEPTH:  12 ON  6, 5  7 = DUSTSTORM OR SANDSTORM:
                                                       VSBY 1/2 MILE OR LESS
                                                   8 = SMOKE OR HAZE
[NO. OF DAYS WITH]      [WEATHER - DAYS WITH]      9 = BLOWING SNOW
                                                   X = TORNADO
MAX 32 OR BELOW:   8    0.01 INCH OR MORE:   3
MAX 90 OR ABOVE:   0    0.10 INCH OR MORE:   2
MIN 32 OR BELOW:  26    0.50 INCH OR MORE:   0
MIN  0 OR BELOW:   3    1.00 INCH OR MORE:   0

[HDD (BASE 65) ]
TOTAL THIS MO.   968    CLEAR  (SCALE 0-3)  13
DPTR FM NORMAL     M    PTCLDY (SCALE 4-7)  13
TOTAL FM JUL 1  7795    CLOUDY (SCALE 8-10)  1
DPTR FM NORMAL     M

[CDD (BASE 65) ]
TOTAL THIS MO.     0
DPTR FM NORMAL     M    [PRESSURE DATA]
TOTAL FM JAN 1     0    HIGHEST SLP M ON M
DPTR FM NORMAL     M    LOWEST  SLP M ON M

[REMARKS]
