000
CXUS53 KARX 220930
CF6MDZ
PRELIMINARY LOCAL CLIMATOLOGICAL DATA (WS FORM: F-6)

                                          STATION:   MEDFORD WI
                                          MONTH:     JULY
                                          YEAR:      2014
                                          LATITUDE:   45  5 N
                                          LONGITUDE:  90 18 W

  TEMPERATURE IN F:       :PCPN:    SNOW:  WIND      :SUNSHINE: SKY     :PK WND
================================================================================
1   2   3   4   5  6A  6B    7    8   9   10  11  12  13   14  15   16   17  18
                                     12Z  AVG MX 2MIN
DY MAX MIN AVG DEP HDD CDD  WTR  SNW DPTH SPD SPD DIR MIN PSBL S-S WX    SPD DR
================================================================================

 1  70  58  64   M   1   0 0.51  0.0    0  8.5 13 220   M    M   8        18 220
 2  69  46  58   M   7   0 0.00  0.0    0  7.6 13 340   M    M   6        17 350
 3  72  44  58   M   7   0 0.00  0.0    0  3.8 12 290   M    M   3         M  M
 4  74  44  59   M   6   0 0.00  0.0    0  4.2 10 210   M    M   1         M  M
 5  77  57  67   M   0   2 0.00  0.0    0 10.9 18 210   M    M   4        23 200
 6  76  63  70   M   0   5 0.24  0.0    0  7.8 15 220   M    M   8 123    18 220
 7  77  59  68   M   0   3 0.75  0.0    0  7.0 15 260   M    M   5 3      21 250
 8  67  58  63   M   2   0 0.05  0.0    0  7.9 16 320   M    M   9        22 320
 9  70  50  60   M   5   0 0.00  0.0    0  6.5 13 340   M    M   4        18 330
10  77  48  63   M   2   0 0.00  0.0    0  5.3 10 170   M    M   4        17 190
11  74  60  67   M   0   2 0.00  0.0    0 10.1 22 200   M    M   7        31 200
12  75  60  68   M   0   3 0.68  0.0    0  4.5 16 320   M    M   7 13     21 320
13  70  55  63   M   2   0 0.00  0.0    0  7.9 15 260   M    M   5 1      21 270
14  62  49  56   M   9   0    M  0.0    0  6.1 16 280   M    M   9        24 280
15  65  46  56   M   9   0    M  0.0    0  8.7 17 340   M    M   6 1      23 340
16  69  41  55   M  10   0 0.00  0.0    0  2.3  8 350   M    M   5 1       M  M
17  73  44  59   M   6   0 0.00  0.0    0  3.6  9 250   M    M   3 1       M  M
18  75  52  64   M   1   0 0.00  0.0    0  6.4 13 180   M    M   4        17 180
19  75  57  66   M   0   1 0.00  0.0    0  8.8 15 200   M    M   8        22 200
20  79  62  71   M   0   6 0.00  0.0    0  9.5 14 210   M    M   7        20 210
21  84  66  75   M   0  10 0.00  0.0    0  8.2 12 180   M    M   6         M  M
================================================================================
SM 1530 1119        67  32  2.23     0.0 145.6          M      119
================================================================================
AV 72.9 53.3                               6.9 FASTST   M    M   6    MAX(MPH)
                                 MISC ---->    22   M                 31    M
================================================================================
NOTES:
# LAST OF SEVERAL OCCURRENCES

COLUMN 17 PEAK WIND IN M.P.H.

PRELIMINARY LOCAL CLIMATOLOGICAL DATA (WS FORM: F-6) , PAGE 2

                                          STATION:  MEDFORD WI
                                          MONTH:    JULY
                                          YEAR:     2014
                                          LATITUDE:   45  5 N
                                          LONGITUDE:  90 18 W

[TEMPERATURE DATA]      [PRECIPITATION DATA]       SYMBOLS USED IN COLUMN 16

AVERAGE MONTHLY: 63.1   TOTAL FOR MONTH:   2.23    1 = FOG OR MIST
DPTR FM NORMAL:     M   DPTR FM NORMAL:       M    2 = FOG REDUCING VISIBILITY
HIGHEST:    84 ON 21    GRTST 24HR  0.75 ON  7- 7      TO 1/4 MILE OR LESS
LOWEST:     41 ON 16                               3 = THUNDER
                        SNOW, ICE PELLETS, HAIL    4 = ICE PELLETS
                        TOTAL MONTH:   0.0 INCH    5 = HAIL
                        GRTST 24HR     0.0         6 = FREEZING RAIN OR DRIZZLE
                        GRTST DEPTH:   0           7 = DUSTSTORM OR SANDSTORM:
                                                       VSBY 1/2 MILE OR LESS
                                                   8 = SMOKE OR HAZE
[NO. OF DAYS WITH]      [WEATHER - DAYS WITH]      9 = BLOWING SNOW
                                                   X = TORNADO
MAX 32 OR BELOW:   0    0.01 INCH OR MORE:   5
MAX 90 OR ABOVE:   0    0.10 INCH OR MORE:   4
MIN 32 OR BELOW:   0    0.50 INCH OR MORE:   3
MIN  0 OR BELOW:   0    1.00 INCH OR MORE:   0

[HDD (BASE 65) ]
TOTAL THIS MO.    67    CLEAR  (SCALE 0-3)   2
DPTR FM NORMAL     M    PTCLDY (SCALE 4-7)  15
TOTAL FM JUL 1    67    CLOUDY (SCALE 8-10)  4
DPTR FM NORMAL     M

[CDD (BASE 65) ]
TOTAL THIS MO.    32
DPTR FM NORMAL     M    [PRESSURE DATA]
TOTAL FM JAN 1   104    HIGHEST SLP M ON M
DPTR FM NORMAL     M    LOWEST  SLP M ON M

[REMARKS]
