000
CXUS54 KJAN 271414
CF6MEI
PRELIMINARY LOCAL CLIMATOLOGICAL DATA (WS FORM: F-6)

                                          STATION:   MERIDIAN
                                          MONTH:     MARCH
                                          YEAR:      2015
                                          LATITUDE:   32 19 N
                                          LONGITUDE:  88 45 W

  TEMPERATURE IN F:       :PCPN:    SNOW:  WIND      :SUNSHINE: SKY     :PK WND
================================================================================
1   2   3   4   5  6A  6B    7    8   9   10  11  12  13   14  15   16   17  18
                                     12Z  AVG MX 2MIN
DY MAX MIN AVG DEP HDD CDD  WTR  SNW DPTH SPD SPD DIR MIN PSBL S-S WX    SPD DR
================================================================================

 1  57  50  54   2  11   0 0.44  0.0    0  5.1 15 170   M    M  10 1      17 170
 2  59  52  56   4   9   0 0.15  0.0    0  4.9 10  40   M    M  10 12     14  60
 3  75  52  64  11   1   0 0.01  0.0    0  7.3 17 180   M    M  10 12     22 200
 4  81  48  65  12   0   0 0.12  0.0    0 10.8 23 230   M    M   8 1      28 220
 5  48  26  37 -16  28   0 0.52    T    0 14.9 23 350   M    M   7 1      29 350
 6  51  21  36 -17  29   0 0.00  0.0    0  9.2 16  20   M    M   0        22 350
 7  65  22  44 -10  21   0 0.00  0.0    0  2.3  9  70   M    M   0        11  70
 8  68  30  49  -5  16   0    T  0.0    0  4.1 16  10   M    M   5        19  10
 9  59  47  53  -1  12   0 1.39  0.0    0  5.9 13  80   M    M  10 1      15  80
10  77  59  68  14   0   3 0.17  0.0    0  8.8 22 200   M    M   9 1      27 210
11  74  59  67  12   0   2 0.01  0.0    0  5.3 15  20   M    M   7 1      18  10
12  74  58  66  11   0   1 0.03  0.0    0  7.3 14  30   M    M   9 1      17 130
13  69  61  65  10   0   0 0.62  0.0    0  9.2 17 130   M    M   9 1      23 130
14  66  52  59   4   6   0    T  0.0    0  4.8 12 220   M    M   9 12     16 210
15  76  50  63   7   2   0 0.00  0.0    0  1.9  9 350   M    M   6 12     12  50
16  84  49  67  11   0   2 0.00  0.0    0  2.6 14 270   M    M   1 1      19 240
17  82  52  67  11   0   2 0.00  0.0    0  4.6 18 310   M    M   0        25 310
18  80  57  69  13   0   4 0.12  0.0    0  5.8 16 320   M    M   2 13     23 340
19  80  58  69  13   0   4 0.00  0.0    0  6.6 22  40   M    M   6 13     42  30
20  81  58  70  13   0   5    T  0.0    0  6.2 16 340   M    M   9        20 300
21  61  54  58   1   7   0 0.74  0.0    0  7.3 17  40   M    M  10 1      21  50
22  63  54  59   2   6   0 0.52  0.0    0  5.0 10 360   M    M  10 1      13  10
23  65  50  58   1   7   0 0.00  0.0    0  6.6 15 350   M    M   9 1      19 360
24  68  47  58   1   7   0 0.00  0.0    0  3.5 13  80   M    M   8 12     16  50
25  80  51  66   8   0   1 0.00  0.0    0  5.3 16 180   M    M   5 1      21 180
26  74  49  62   4   3   0 0.02  0.0    0  6.2 21 340   M    M   6 1      25 350
================================================================================
SM 1817 1266       165  24  4.86    T    161.5          M      175
================================================================================
AV 69.9 48.7                               6.2 FASTST   M    M   7    MAX(MPH)
                                 MISC ---->  # 23 230               # 42   30
================================================================================
NOTES:
# LAST OF SEVERAL OCCURRENCES

COLUMN 17 PEAK WIND IN M.P.H.

PRELIMINARY LOCAL CLIMATOLOGICAL DATA (WS FORM: F-6) , PAGE 2

                                          STATION:  MERIDIAN
                                          MONTH:    MARCH
                                          YEAR:     2015
                                          LATITUDE:   32 19 N
                                          LONGITUDE:  88 45 W

[TEMPERATURE DATA]      [PRECIPITATION DATA]       SYMBOLS USED IN COLUMN 16

AVERAGE MONTHLY: 59.3   TOTAL FOR MONTH:   4.86    1 = FOG OR MIST
DPTR FM NORMAL:   4.2   DPTR FM NORMAL:    0.28    2 = FOG REDUCING VISIBILITY
HIGHEST:    84 ON 16    GRTST 24HR  1.39 ON  9- 9      TO 1/4 MILE OR LESS
LOWEST:     21 ON  6                               3 = THUNDER
                        SNOW, ICE PELLETS, HAIL    4 = ICE PELLETS
                        TOTAL MONTH:    T          5 = HAIL
                        GRTST 24HR    T  ON  5- 5  6 = FREEZING RAIN OR DRIZZLE
                        GRTST DEPTH:   0           7 = DUSTSTORM OR SANDSTORM:
                                                       VSBY 1/2 MILE OR LESS
                                                   8 = SMOKE OR HAZE
[NO. OF DAYS WITH]      [WEATHER - DAYS WITH]      9 = BLOWING SNOW
                                                   X = TORNADO
MAX 32 OR BELOW:   0    0.01 INCH OR MORE:  14
MAX 90 OR ABOVE:   0    0.10 INCH OR MORE:  10
MIN 32 OR BELOW:   4    0.50 INCH OR MORE:   5
MIN  0 OR BELOW:   0    1.00 INCH OR MORE:   1

[HDD (BASE 65) ]
TOTAL THIS MO.   165    CLEAR  (SCALE 0-3)   5
DPTR FM NORMAL  -106    PTCLDY (SCALE 4-7)   8
TOTAL FM JUL 1  2406    CLOUDY (SCALE 8-10) 13
DPTR FM NORMAL    38

[CDD (BASE 65) ]
TOTAL THIS MO.    24
DPTR FM NORMAL     6    [PRESSURE DATA]
TOTAL FM JAN 1    24    HIGHEST SLP M ON M
DPTR FM NORMAL    -1    LOWEST  SLP 29.79 ON 26

[REMARKS]
