000
CXUS54 KMEG 300646
CF6MEM
PRELIMINARY LOCAL CLIMATOLOGICAL DATA (WS FORM: F-6)

                                          STATION:   MEMPHIS
                                          MONTH:     AUGUST
                                          YEAR:      2015
                                          LATITUDE:   35  3 N
                                          LONGITUDE:  89 59 W

  TEMPERATURE IN F:       :PCPN:    SNOW:  WIND      :SUNSHINE: SKY     :PK WND
================================================================================
1   2   3   4   5  6A  6B    7    8   9   10  11  12  13   14  15   16   17  18
                                     12Z  AVG MX 2MIN
DY MAX MIN AVG DEP HDD CDD  WTR  SNW DPTH SPD SPD DIR MIN PSBL S-S WX    SPD DR
================================================================================

 1  97  75  86   3   0  21 0.00  0.0    0  4.5 14 330   M    M   4        20 330
 2  96  77  87   4   0  22 0.00  0.0    0  3.9 16 180   M    M   3        20 180
 3  98  74  86   3   0  21 0.00  0.0    0  2.8 12 270   M    M   4        18 310
 4  98  75  87   4   0  22 0.00  0.0    0  3.4 12 250   M    M   6        17 250
 5  97  69  83   0   0  18 2.61  0.0    0  7.3 33 310   M    M   8 13     45 310
 6  88  69  79  -4   0  14 0.12  0.0    0  8.2 16 180   M    M   7 13     22 270
 7  90  73  82  -1   0  17 0.55  0.0    0  4.4 22 320   M    M   7 13     29 330
 8  92  78  85   2   0  20 0.00  0.0    0  7.1 16 360   M    M   6        22  10
 9  95  75  85   2   0  20 0.00  0.0    0  4.7 12 180   M    M   5        21 150
10  91  74  83   0   0  18 0.12  0.0    0  6.4 25  10   M    M   5 13     32  10
11  92  76  84   2   0  19 0.00  0.0    0  6.7 18  40   M    M   3        25  20
12  89  72  81  -1   0  16 0.00  0.0    0  8.6 16  10   M    M   2        21  10
13  87  69  78  -4   0  13 0.00  0.0    0  7.5 16  40   M    M   3        30 140
14  88  70  79  -3   0  14 0.00  0.0    0  7.0 15  40   M    M   4        23  10
15  93  72  83   1   0  18 0.00  0.0    0  7.3 24  80   M    M   4        30  80
16  93  72  83   1   0  18 0.00  0.0    0  5.9 15 140   M    M   4 38     35 210
17  90  74  82   0   0  17 0.00  0.0    0  4.8 12 140   M    M   6        17 150
18  93  74  84   2   0  19 0.00  0.0    0  7.0 21 190   M    M   5 1      29 200
19  89  70  80  -2   0  15 0.10  0.0    0  8.8 22 310   M    M   8 13     31 170
20  84  66  75  -7   0  10    T  0.0    0  7.3 13  20   M    M   6        17  60
21  84  70  77  -5   0  12 0.00  0.0    0  6.3 10 110   M    M   8        18  50
22  85  72  79  -3   0  14 0.61  0.0    0  4.2 17 180   M    M   8 1      24 180
23  89  74  82   0   0  17    T  0.0    0  6.0 15 300   M    M   6        17 350
24  83  68  76  -6   0  11 0.00  0.0    0  6.8 16 360   M    M   1        21 350
25  85  61  73  -8   0   8 0.00  0.0    0  5.2 17  10   M    M   0        23 310
26  85  61  73  -8   0   8 0.00  0.0    0  5.7 16  10   M    M   1        22 360
27  85  62  74  -7   0   9 0.00  0.0    0  6.0 16  40   M    M   2        24  20
28  91  62  77  -4   0  12 0.00  0.0    0  5.0 14 180   M    M   3        24 140
29  93  72  83   2   0  18 0.00  0.0    0  7.4 13 150   M    M   5        21 270
================================================================================
SM 2620 2056         0 461  4.11     0.0 176.2          M      134
================================================================================
AV 90.3 70.9                               6.1 FASTST   M    M   5    MAX(MPH)
                                 MISC ---->  # 33 310               # 45  310
================================================================================
NOTES:
# LAST OF SEVERAL OCCURRENCES

COLUMN 17 PEAK WIND IN M.P.H.

PRELIMINARY LOCAL CLIMATOLOGICAL DATA (WS FORM: F-6) , PAGE 2

                                          STATION:  MEMPHIS
                                          MONTH:    AUGUST
                                          YEAR:     2015
                                          LATITUDE:   35  3 N
                                          LONGITUDE:  89 59 W

[TEMPERATURE DATA]      [PRECIPITATION DATA]       SYMBOLS USED IN COLUMN 16

AVERAGE MONTHLY: 80.6   TOTAL FOR MONTH:   4.11    1 = FOG OR MIST
DPTR FM NORMAL:  -1.6   DPTR FM NORMAL:    1.38    2 = FOG REDUCING VISIBILITY
HIGHEST:    98 ON  4, 3 GRTST 24HR  2.73 ON  5- 6      TO 1/4 MILE OR LESS
LOWEST:     61 ON 26,25                            3 = THUNDER
                        SNOW, ICE PELLETS, HAIL    4 = ICE PELLETS
                        TOTAL MONTH:   0.0 INCH    5 = HAIL
                        GRTST 24HR     0.0         6 = FREEZING RAIN OR DRIZZLE
                        GRTST DEPTH:   0           7 = DUSTSTORM OR SANDSTORM:
                                                       VSBY 1/2 MILE OR LESS
                                                   8 = SMOKE OR HAZE
[NO. OF DAYS WITH]      [WEATHER - DAYS WITH]      9 = BLOWING SNOW
                                                   X = TORNADO
MAX 32 OR BELOW:   0    0.01 INCH OR MORE:   6
MAX 90 OR ABOVE:  16    0.10 INCH OR MORE:   6
MIN 32 OR BELOW:   0    0.50 INCH OR MORE:   3
MIN  0 OR BELOW:   0    1.00 INCH OR MORE:   1

[HDD (BASE 65) ]
TOTAL THIS MO.     0    CLEAR  (SCALE 0-3)   8
DPTR FM NORMAL     0    PTCLDY (SCALE 4-7)  20
TOTAL FM JUL 1     0    CLOUDY (SCALE 8-10)  1
DPTR FM NORMAL     0

[CDD (BASE 65) ]
TOTAL THIS MO.   461
DPTR FM NORMAL   -38    [PRESSURE DATA]
TOTAL FM JAN 1  1905    HIGHEST SLP M ON M
DPTR FM NORMAL    98    LOWEST  SLP 29.80 ON 18

[REMARKS]
