000
CXUS54 KMEG 310633
CF6MEM
PRELIMINARY LOCAL CLIMATOLOGICAL DATA (WS FORM: F-6)

                                          STATION:   MEMPHIS
                                          MONTH:     AUGUST
                                          YEAR:      2014
                                          LATITUDE:   35  3 N
                                          LONGITUDE:  89 59 W

  TEMPERATURE IN F:       :PCPN:    SNOW:  WIND      :SUNSHINE: SKY     :PK WND
================================================================================
1   2   3   4   5  6A  6B    7    8   9   10  11  12  13   14  15   16   17  18
                                     12Z  AVG MX 2MIN
DY MAX MIN AVG DEP HDD CDD  WTR  SNW DPTH SPD SPD DIR MIN PSBL S-S WX    SPD DR
================================================================================

 1  87  71  79  -4   0  14    T  0.0    0  5.9 13  80   M    M   7        20  90
 2  91  71  81  -2   0  16 0.00  0.0    0  6.3 15  40   M    M   4        24 300
 3  92  73  83   0   0  18 0.00  0.0    0  7.4 14 350   M    M   3        17 350
 4  92  71  82  -1   0  17 0.00  0.0    0  4.3 12 350   M    M   3        16 290
 5  94  71  83   0   0  18 0.00  0.0    0  3.4 12 290   M    M   3        15 300
 6  94  74  84   1   0  19 0.00  0.0    0  5.3 14  70   M    M   2        18 240
 7  92  74  83   0   0  18 0.44  0.0    0  7.9 28 280   M    M   6 13     37 280
 8  88  74  81  -2   0  16 0.04  0.0    0  8.4 18 220   M    M   7 138    28 220
 9  90  76  83   0   0  18 0.32  0.0    0  6.4 14 280   M    M   6 13     21 270
10  93  75  84   1   0  19 0.00  0.0    0  5.1 13 210   M    M   4        17 240
11  90  75  83   1   0  18 0.00  0.0    0  6.6 16 330   M    M   6        21 340
12  86  73  80  -2   0  15 0.00  0.0    0  7.6 16  20   M    M   3        21 330
13  85  66  76  -6   0  11 0.00  0.0    0  6.9 14  20   M    M   1        21  10
14  87  63  75  -7   0  10 0.00  0.0    0  2.7 10  20   M    M   3        15 310
15  90  65  78  -4   0  13 0.00  0.0    0  2.8 12  40   M    M   3        14  40
16  91  67  79  -3   0  14 0.00  0.0    0  7.1 16 180   M    M   6        25 230
17  92  77  85   3   0  20 0.00  0.0    0 10.4 24 220   M    M   7        31 230
18  84  76  80  -2   0  15 0.12  0.0    0  7.8 20 230   M    M   7 1      36 210
19  93  72  83   1   0  18 0.01  0.0    0  6.6 16 240   M    M   5        23 250
20  96  77  87   5   0  22 0.00  0.0    0  7.5 16 240   M    M   1        26 250
21  96  76  86   4   0  21 0.00  0.0    0  8.0 14 260   M    M   3        25 250
22  97  76  87   5   0  22 0.00  0.0    0  6.8 13 230   M    M   2        23 250
23  99  78  89   7   0  24 0.00  0.0    0  5.0 13 250   M    M   1        20 260
24 100  77  89   7   0  24    T  0.0    0  5.1 16 180   M    M   3 38     20 190
25  97  79  88   7   0  23 0.00  0.0    0  6.5 15  80   M    M   5        18  80
26  93  77  85   4   0  20    T  0.0    0  5.9 12 180   M    M   4        18 250
27  94  75  85   4   0  20 0.00  0.0    0  4.4 14 110   M    M   4        18 110
28  95  73  84   3   0  19 0.00  0.0    0  3.8 12 210   M    M   4        20 270
29  95  74  85   4   0  20 0.02  0.0    0  5.5 16 210   M    M   5        22 250
30  81  74  78  -2   0  13 0.68  0.0    0  6.1 14 170   M    M   8 128    18 150
================================================================================
SM 2754 2200         0 535  1.63     0.0 183.5          M      126
================================================================================
AV 91.8 73.3                               6.1 FASTST   M    M   4    MAX(MPH)
                                 MISC ---->  # 28 280               # 37  280
================================================================================
NOTES:
# LAST OF SEVERAL OCCURRENCES

COLUMN 17 PEAK WIND IN M.P.H.

PRELIMINARY LOCAL CLIMATOLOGICAL DATA (WS FORM: F-6) , PAGE 2

                                          STATION:  MEMPHIS
                                          MONTH:    AUGUST
                                          YEAR:     2014
                                          LATITUDE:   35  3 N
                                          LONGITUDE:  89 59 W

[TEMPERATURE DATA]      [PRECIPITATION DATA]       SYMBOLS USED IN COLUMN 16

AVERAGE MONTHLY: 82.6   TOTAL FOR MONTH:   1.63    1 = FOG OR MIST
DPTR FM NORMAL:   0.5   DPTR FM NORMAL:   -1.17    2 = FOG REDUCING VISIBILITY
HIGHEST:   100 ON 24    GRTST 24HR  0.68 ON 30-30      TO 1/4 MILE OR LESS
LOWEST:     63 ON 14                               3 = THUNDER
                        SNOW, ICE PELLETS, HAIL    4 = ICE PELLETS
                        TOTAL MONTH:   0.0 INCH    5 = HAIL
                        GRTST 24HR     0.0         6 = FREEZING RAIN OR DRIZZLE
                        GRTST DEPTH:   0           7 = DUSTSTORM OR SANDSTORM:
                                                       VSBY 1/2 MILE OR LESS
                                                   8 = SMOKE OR HAZE
[NO. OF DAYS WITH]      [WEATHER - DAYS WITH]      9 = BLOWING SNOW
                                                   X = TORNADO
MAX 32 OR BELOW:   0    0.01 INCH OR MORE:   7
MAX 90 OR ABOVE:  23    0.10 INCH OR MORE:   4
MIN 32 OR BELOW:   0    0.50 INCH OR MORE:   1
MIN  0 OR BELOW:   0    1.00 INCH OR MORE:   0

[HDD (BASE 65) ]
TOTAL THIS MO.     0    CLEAR  (SCALE 0-3)  11
DPTR FM NORMAL     0    PTCLDY (SCALE 4-7)  18
TOTAL FM JUL 1     0    CLOUDY (SCALE 8-10)  1
DPTR FM NORMAL     0

[CDD (BASE 65) ]
TOTAL THIS MO.   535
DPTR FM NORMAL    21    [PRESSURE DATA]
TOTAL FM JAN 1  1690    HIGHEST SLP M ON M
DPTR FM NORMAL  -132    LOWEST  SLP 29.82 ON 19

[REMARKS]
