000
CXUS54 KLZK 040946
CF6MEZ
PRELIMINARY LOCAL CLIMATOLOGICAL DATA (WS FORM: F-6)

                                          STATION:   Mena Airport
                                          MONTH:     AUGUST
                                          YEAR:      2014
                                          LATITUDE:   34  9 N
                                          LONGITUDE:  94 15 W

  TEMPERATURE IN F:       :PCPN:    SNOW:  WIND      :SUNSHINE: SKY     :PK WND
================================================================================
1   2   3   4   5  6A  6B    7    8   9   10  11  12  13   14  15   16   17  18
                                     12Z  AVG MX 2MIN
DY MAX MIN AVG DEP HDD CDD  WTR  SNW DPTH SPD SPD DIR MIN PSBL S-S WX    SPD DR
================================================================================

 1  77  64  71  -8   0   6 0.02    M    M  1.4  8 100   M    M   9         M  M
 2  86  63  75  -4   0  10 0.00    M    M  1.8  9  80   M    M   4         M  M
 3  88  63  76  -3   0  11 0.00    M    M  1.2  8  70   M    M   1         M  M
 4  90  61  76  -3   0  11 0.00    M    M  0.2  6  90   M    M   0         M  M
 5  90  61  76  -3   0  11 0.00    M    M  0.3  5 250   M    M   1         M  M
 6  91  66  79   0   0  14 0.00    M    M  0.3  5 230   M    M   2         M  M
 7  90  73  82   3   0  17 0.00    M    M  1.3  7 240   M    M   1        18 240
 8  95  73  84   5   0  19 0.00    M    M  2.4 17  20   M    M   5 3      28  20
 9  82  72  77  -2   0  12 0.00    M    M  2.2 10 260   M    M   3 3       M  M
10  91  72  82   3   0  17 0.00    M    M  2.4 10 280   M    M   4 3       M  M
11  88  73  81   2   0  16 0.01    M    M  2.5 10 340   M    M   2 3       M  M
12  82  63  73  -6   0   8 0.00    M    M  1.2 10  40   M    M   0         9  20
13  86  59  73  -6   0   8 0.00    M    M  0.0  M   M   M    M   0         M  M
14  88  59  74  -5   0   9 0.00    M    M  0.0  M   M   M    M   1         M  M
15  88  63  76  -3   0  11 0.00    M    M  0.1  4 240   M    M   1         M  M
16  91  64  78  -1   0  13 0.00    M    M  0.6  6 230   M    M   3         M  M
17  90  73  82   4   0  17 0.00    M    M  1.5  9 250   M    M   2         M  M
18  93  72  83   5   0  18 0.55    M    M  3.0 10 240   M    M   3 3       M  M
19  95  70  83   5   0  18 0.01    M    M  0.3  5 310   M    M   0         M  M
20  91  73  82   4   0  17 0.00    M    M  0.5  7 230   M    M   0        16 230
21  91  77  84   6   0  19 0.00    M    M  1.2  7 200   M    M   2         M  M
22  93  75  84   6   0  19 0.00    M    M  0.7  7 250   M    M   2         M  M
23  95  72  84   6   0  19 0.00    M    M  0.5  7 240   M    M   0         M  M
24  95  68  82   4   0  17 0.00    M    M  1.0 10 250   M    M   1         M  M
25  95  68  82   5   0  17 0.00    M    M  0.0  M   M   M    M   1         M  M
26  95  72  84   7   0  19 0.00    M    M  0.0  M   M   M    M   1         M  M
27  91  70  81   4   0  16 0.00    M    M  0.4  7 110   M    M   2         M  M
28  91  66  79   2   0  14 0.00    M    M  0.2  6 160   M    M   5         M  M
29  86  73  80   3   0  15 0.17    M    M  0.6  7 290   M    M   6 3       M  M
30  88  72  80   4   0  15 0.56    M    M  0.2  5 190   M    M   6         M  M
31  90  72  81   5   0  16 0.00    M    M  1.3  7 150   M    M   5         M  M
================================================================================
SM 2782 2122         0 449  1.32    M     29.3          M       73
================================================================================
AV 89.7 68.5                               0.9 FASTST   M    M   2    MAX(MPH)
                                 MISC ---->    17   M                 28    M
================================================================================
NOTES:
# LAST OF SEVERAL OCCURRENCES

COLUMN 17 PEAK WIND IN M.P.H.

PRELIMINARY LOCAL CLIMATOLOGICAL DATA (WS FORM: F-6) , PAGE 2

                                          STATION:  Mena Airport
                                          MONTH:    AUGUST
                                          YEAR:     2014
                                          LATITUDE:   34  9 N
                                          LONGITUDE:  94 15 W

[TEMPERATURE DATA]      [PRECIPITATION DATA]       SYMBOLS USED IN COLUMN 16

AVERAGE MONTHLY: 79.1   TOTAL FOR MONTH:   1.32    1 = FOG OR MIST
DPTR FM NORMAL:   0.9   DPTR FM NORMAL:   -1.38    2 = FOG REDUCING VISIBILITY
HIGHEST:    95 ON 26,25 GRTST 24HR  0.56 ON 30-30      TO 1/4 MILE OR LESS
LOWEST:     59 ON 14,13                            3 = THUNDER
                        SNOW, ICE PELLETS, HAIL    4 = ICE PELLETS
                        TOTAL MONTH:    M          5 = HAIL
                        GRTST 24HR    M  ON   M    6 = FREEZING RAIN OR DRIZZLE
                        GRTST DEPTH:  M  ON   M    7 = DUSTSTORM OR SANDSTORM:
                                                       VSBY 1/2 MILE OR LESS
                                                   8 = SMOKE OR HAZE
[NO. OF DAYS WITH]      [WEATHER - DAYS WITH]      9 = BLOWING SNOW
                                                   X = TORNADO
MAX 32 OR BELOW:   0    0.01 INCH OR MORE:   6
MAX 90 OR ABOVE:  20    0.10 INCH OR MORE:   3
MIN 32 OR BELOW:   0    0.50 INCH OR MORE:   2
MIN  0 OR BELOW:   0    1.00 INCH OR MORE:   0

[HDD (BASE 65) ]
TOTAL THIS MO.     0    CLEAR  (SCALE 0-3)  21
DPTR FM NORMAL    -1    PTCLDY (SCALE 4-7)   9
TOTAL FM JUL 1     0    CLOUDY (SCALE 8-10)  1
DPTR FM NORMAL    -1

[CDD (BASE 65) ]
TOTAL THIS MO.   449
DPTR FM NORMAL    38    [PRESSURE DATA]
TOTAL FM JAN 1  1270    HIGHEST SLP M ON M
DPTR FM NORMAL     9    LOWEST  SLP M ON M

[REMARKS]
#FINAL-08-14#
