000
CXUS54 KLZK 050005
CF6MEZ
PRELIMINARY LOCAL CLIMATOLOGICAL DATA (WS FORM: F-6)

                                          STATION:   Mena Airport
                                          MONTH:     JUNE
                                          YEAR:      2014
                                          LATITUDE:   34  9 N
                                          LONGITUDE:  94 15 W

  TEMPERATURE IN F:       :PCPN:    SNOW:  WIND      :SUNSHINE: SKY     :PK WND
================================================================================
1   2   3   4   5  6A  6B    7    8   9   10  11  12  13   14  15   16   17  18
                                     12Z  AVG MX 2MIN
DY MAX MIN AVG DEP HDD CDD  WTR  SNW DPTH SPD SPD DIR MIN PSBL S-S WX    SPD DR
================================================================================

 1  86  70  78   7   0  13 0.00    M    M  1.4  8 150   M    M   7         M  M
 2  86  73  80   9   0  15 0.22    M    M  2.6  8 200   M    M   6         M  M
 3  90  70  80   8   0  15 0.00    M    M  0.9  5 160   M    M   5         M  M
 4  90  77  84  12   0  19 0.00    M    M  4.8  9 230   M    M   3        18 220
 5  88  73  81   9   0  16 0.00    M    M  4.2 12 250   M    M   4        16 250
 6  81  70  76   4   0  11 0.03    M    M  2.7 13 350   M    M   5 3      24 230
 7   M   M   M   M   M   M 0.00    M    M  3.5 10 240   M    M   4 3      20 250
 8  77  68  73   0   0   8 3.35    M    M  4.9 20 330   M    M  10 3      35 330
 9  79  68  74   1   0   9 0.99    M    M  3.7 10 240   M    M   7 3      21 240
10  81  66  74   1   0   9 0.14    M    M  6.4 15 270   M    M   7        20 270
11  88  59  74   0   0   9 0.00    M    M  4.0 12 300   M    M   0        17 300
12  77  64  71  -3   0   6 0.01    M    M  3.3 16 210   M    M   3        30 210
13   M   M   M   M   M   M 0.00    M    M  0.8  7  50   M    M   1         M  M
14   M   M   M   M   M   M 0.00    M    M  1.7  7 120   M    M   5         M  M
15   M   M   M   M   M   M 0.00    M    M  5.6 10 190   M    M   5        20 190
16   M   M   M   M   M   M 0.00    M    M  3.2 10 160   M    M   4         M  M
17  86  86  86  11   0  21 0.48    M    M  5.2 13 200   M    M   5 3      18 190
18  77  77  77   2   0  12 0.00    M    M  5.2 12 210   M    M   3        21 210
19   M   M   M   M   M   M 0.00    M    M  2.5  8 210   M    M   3        18 210
20   M   M   M   M   M   M 0.00    M    M  2.3 10 280   M    M   3 3       M  M
21   M   M   M   M   M   M 0.00    M    M  0.5  6 250   M    M   1         M  M
22   M   M   M   M   M   M 0.01    M    M  1.3  9 240   M    M   2         M  M
23  88  72  80   4   0  15 0.20    M    M  3.9 12 280   M    M   6 3      17 250
24  90  70  80   4   0  15 0.00    M    M  1.2  7 280   M    M   1         M  M
25  90  70  80   4   0  15 0.00    M    M  0.6  6 190   M    M   2 3       M  M
26  88  72  80   3   0  15 0.00    M    M  1.5  6 150   M    M   6 3       M  M
27  86  73  80   3   0  15 0.05    M    M  4.9  9 150   M    M   7        18 150
28  90  73  82   5   0  17 0.16    M    M  4.5 10 160   M    M   8        20 160
29  90  79  85   8   0  20 0.29    M    M  5.3 13 210   M    M   6 3      20 210
30  91  79  85   8   0  20 0.00    M    M  5.6 10 190   M    M   2        23 180
================================================================================
SM 1799 1509         0 295  5.93    M     98.2          M      131
================================================================================
AV 85.7 71.9                               3.3 FASTST   M    M   4    MAX(MPH)
                                 MISC ---->    20   M               # 35  330
================================================================================
NOTES:
# LAST OF SEVERAL OCCURRENCES

COLUMN 17 PEAK WIND IN M.P.H.

PRELIMINARY LOCAL CLIMATOLOGICAL DATA (WS FORM: F-6) , PAGE 2

                                          STATION:  Mena Airport
                                          MONTH:    JUNE
                                          YEAR:     2014
                                          LATITUDE:   34  9 N
                                          LONGITUDE:  94 15 W

[TEMPERATURE DATA]      [PRECIPITATION DATA]       SYMBOLS USED IN COLUMN 16

AVERAGE MONTHLY: 78.8   TOTAL FOR MONTH:   5.93    1 = FOG OR MIST
DPTR FM NORMAL:   4.4   DPTR FM NORMAL:    1.17    2 = FOG REDUCING VISIBILITY
HIGHEST:    91 ON 30    GRTST 24HR  3.35 ON  8- 8      TO 1/4 MILE OR LESS
LOWEST:     59 ON 11                               3 = THUNDER
                        SNOW, ICE PELLETS, HAIL    4 = ICE PELLETS
                        TOTAL MONTH:    M          5 = HAIL
                        GRTST 24HR    M  ON   M    6 = FREEZING RAIN OR DRIZZLE
                        GRTST DEPTH:  M  ON   M    7 = DUSTSTORM OR SANDSTORM:
                                                       VSBY 1/2 MILE OR LESS
                                                   8 = SMOKE OR HAZE
[NO. OF DAYS WITH]      [WEATHER - DAYS WITH]      9 = BLOWING SNOW
                                                   X = TORNADO
MAX 32 OR BELOW:   0    0.01 INCH OR MORE:  12
MAX 90 OR ABOVE:   7    0.10 INCH OR MORE:   8
MIN 32 OR BELOW:   0    0.50 INCH OR MORE:   2
MIN  0 OR BELOW:   0    1.00 INCH OR MORE:   1

[HDD (BASE 65) ]
TOTAL THIS MO.     0    CLEAR  (SCALE 0-3)  12
DPTR FM NORMAL    -4    PTCLDY (SCALE 4-7)  17
TOTAL FM JUL 1  3228    CLOUDY (SCALE 8-10)  1
DPTR FM NORMAL  -408

[CDD (BASE 65) ]
TOTAL THIS MO.   295
DPTR FM NORMAL    10    [PRESSURE DATA]
TOTAL FM JAN 1   527    HIGHEST SLP M ON M
DPTR FM NORMAL    96    LOWEST  SLP M ON M

[REMARKS]
#FINAL-06-14#
