608
CXUS51 KCLE 270800
CF6MFD
PRELIMINARY LOCAL CLIMATOLOGICAL DATA (WS FORM: F-6)

                                          STATION:   MANSFIELD OH
                                          MONTH:     AUGUST
                                          YEAR:      2016
                                          LATITUDE:   40 49 N
                                          LONGITUDE:  82 31 W

  TEMPERATURE IN F:       :PCPN:    SNOW:  WIND      :SUNSHINE: SKY     :PK WND
================================================================================
1   2   3   4   5  6A  6B    7    8   9   10  11  12  13   14  15   16   17  18
                                     12Z  AVG MX 2MIN
DY MAX MIN AVG DEP HDD CDD  WTR  SNW DPTH SPD SPD DIR MIN PSBL S-S WX    SPD DR
================================================================================

 1  88  65  77   6   0  12 0.00  0.0    0  4.8 13  10   M    M   1 18     17 350
 2  90  62  76   5   0  11 0.00  0.0    0  4.3 13  10   M    M   0 1      16 360
 3  91  65  78   7   0  13 0.00  0.0    0  4.7 13  50   M    M   2        16  40
 4  88  66  77   6   0  12 0.00  0.0    0  7.0 15 120   M    M   2 1      24 140
 5  91  71  81  10   0  16 0.31  0.0    0  8.7 16 200   M    M   3 138    28 210
 6  84  64  74   3   0   9    T  0.0    0  6.9 16 330   M    M   4        21 340
 7  85  58  72   1   0   7 0.00  0.0    0  6.3 17 350   M    M   1        21 340
 8  86  64  75   4   0  10 0.00  0.0    0  5.5 13  20   M    M   1        19  40
 9  88  65  77   6   0  12 0.77  0.0    0  7.4 44 190   M    M   5 123    52 190
10  87  73  80   9   0  15 0.00  0.0    0  7.2 14 200   M    M   7 3      17 190
11  92  74  83  12   0  18 0.00  0.0    0  7.4 17 160   M    M   4 3      23 150
12  90  74  82  12   0  17 0.21  0.0    0  8.6 18 320   M    M   5 13     24 220
13  89  72  81  11   0  16 0.58  0.0    0 12.1 26 230   M    M   7 138    37 200
14  76  69  73   3   0   8 0.65  0.0    0  5.0 17 220   M    M  10 1      26 220
15  78  70  74   4   0   9 0.06  0.0    0  5.6 13 160   M    M   5 1      16 140
16  84  70  77   7   0  12 0.18  0.0    0 11.2 26 210   M    M   2 1      38 220
17  83  68  76   6   0  11 0.07  0.0    0  5.4 12 260   M    M   5 1      15 260
18  86  66  76   6   0  11 0.00  0.0    0  4.4 10 260   M    M   1        15 210
19  86  67  77   7   0  12 0.00  0.0    0  5.6 16 270   M    M   2 1      22 260
20  86  66  76   6   0  11 0.20  0.0    0 11.7 26 200   M    M   4 13     32 200
21  77  61  69  -1   0   4 0.00  0.0    0  8.6 20 240   M    M   6        25 240
22  77  57  67  -3   0   2 0.00  0.0    0  4.7 12 310   M    M   1        13 320
23  81  54  68  -2   0   3 0.00  0.0    0  4.3 12 190   M    M   1        15 210
24  84  60  72   3   0   7 0.30  0.0    0 12.1 26 190   M    M   2 13     33 200
25  89  70  80  11   0  15 0.00  0.0    0  8.2 18 220   M    M   4 3      24 210
26  85  69  77   8   0  12 0.00  0.0    0  4.3  8 350   M    M   1 1      11 360
================================================================================
SM 2221 1720         0 285  3.33     0.0 182.0          M       86
================================================================================
AV 85.4 66.2                               7.0 FASTST   M    M   3    MAX(MPH)
                                 MISC ---->  # 44 190               # 52  190
================================================================================
NOTES:
# LAST OF SEVERAL OCCURRENCES

COLUMN 17 PEAK WIND IN M.P.H.

PRELIMINARY LOCAL CLIMATOLOGICAL DATA (WS FORM: F-6) , PAGE 2

                                          STATION:  MANSFIELD OH
                                          MONTH:    AUGUST
                                          YEAR:     2016
                                          LATITUDE:   40 49 N
                                          LONGITUDE:  82 31 W

[TEMPERATURE DATA]      [PRECIPITATION DATA]       SYMBOLS USED IN COLUMN 16

AVERAGE MONTHLY: 75.8   TOTAL FOR MONTH:   3.33    1 = FOG OR MIST
DPTR FM NORMAL:   5.5   DPTR FM NORMAL:   -0.34    2 = FOG REDUCING VISIBILITY
HIGHEST:    92 ON 11    GRTST 24HR  1.21 ON 13-14      TO 1/4 MILE OR LESS
LOWEST:     54 ON 23                               3 = THUNDER
                        SNOW, ICE PELLETS, HAIL    4 = ICE PELLETS
                        TOTAL MONTH:   0.0 INCH    5 = HAIL
                        GRTST 24HR     0.0         6 = FREEZING RAIN OR DRIZZLE
                        GRTST DEPTH:   0           7 = DUSTSTORM OR SANDSTORM:
                                                       VSBY 1/2 MILE OR LESS
                                                   8 = SMOKE OR HAZE
[NO. OF DAYS WITH]      [WEATHER - DAYS WITH]      9 = BLOWING SNOW
                                                   X = TORNADO
MAX 32 OR BELOW:   0    0.01 INCH OR MORE:  10
MAX 90 OR ABOVE:   5    0.10 INCH OR MORE:   8
MIN 32 OR BELOW:   0    0.50 INCH OR MORE:   3
MIN  0 OR BELOW:   0    1.00 INCH OR MORE:   0

[HDD (BASE 65) ]
TOTAL THIS MO.     0    CLEAR  (SCALE 0-3)  13
DPTR FM NORMAL    -7    PTCLDY (SCALE 4-7)  12
TOTAL FM JUL 1     1    CLOUDY (SCALE 8-10)  1
DPTR FM NORMAL   -14

[CDD (BASE 65) ]
TOTAL THIS MO.   285
DPTR FM NORMAL   137    [PRESSURE DATA]
TOTAL FM JAN 1   847    HIGHEST SLP M ON M
DPTR FM NORMAL   309    LOWEST  SLP 29.69 ON 21

[REMARKS]
