000
CXUS54 KBRO 230900
CF6MFE
PRELIMINARY LOCAL CLIMATOLOGICAL DATA (WS FORM: F-6)

                                          STATION:   MCALLEN
                                          MONTH:     MAY
                                          YEAR:      2017
                                          LATITUDE:   26 10 N
                                          LONGITUDE:  98 14 W

  TEMPERATURE IN F:       :PCPN:    SNOW:  WIND      :SUNSHINE: SKY     :PK WND
================================================================================
1   2   3   4   5  6A  6B    7    8   9   10  11  12  13   14  15   16   17  18
                                     12Z  AVG MX 2MIN
DY MAX MIN AVG DEP HDD CDD  WTR  SNW DPTH SPD SPD DIR MIN PSBL S-S WX    SPD DR
================================================================================

 1  95  61  78  -1   0  13 0.00  0.0    0  9.6 23 130   M    M   0        27 140
 2  93  68  81   2   0  16 0.00  0.0    0 11.6 22 100   M    M   2 18     28 110
 3  96  76  86   7   0  21 0.00  0.0    0 11.6 20 140   M    M   5 18     27 150
 4  93  65  79  -1   0  14    T  0.0    0 13.2 33  20   M    M   2 38     47  20
 5  92  60  76  -4   0  11 0.00  0.0    0  5.0 18 110   M    M   0        22 110
 6  93  63  78  -2   0  13 0.00  0.0    0 10.2 21 150   M    M   0        26 150
 7  89  66  78  -2   0  13 0.00  0.0    0 12.6 22 130   M    M   3        29 130
 8  84  71  78  -2   0  13 0.00  0.0    0 13.5 24 120   M    M   6        30 130
 9  90  75  83   2   0  18    T  0.0    0 16.1 28 130   M    M   8 18     35 140
10  94  75  85   4   0  20 0.00  0.0    0 17.2 31 130   M    M   5 18     40 120
11  96  77  87   6   0  22 0.00  0.0    0 14.5 30 140   M    M   5 18     36 140
12 104  73  89   8   0  24 0.00  0.0    0  7.7 18  80   M    M   2 18     24 100
13  97  74  86   5   0  21 0.00  0.0    0  9.1 22 120   M    M   4 128    26 120
14  97  71  84   2   0  19 0.00  0.0    0 12.2 22 130   M    M   0        30 120
15  96  76  86   4   0  21 0.00  0.0    0 15.8 26 120   M    M   8        34 120
16  96  80  88   6   0  23 0.00  0.0    0 18.8 28 130   M    M   9        36 140
17  98  81  90   8   0  25 0.00  0.0    0 13.9 25 140   M    M   7 8      30 130
18  95  80  88   6   0  23 0.00  0.0    0 17.9 26 140   M    M   7 18     35 140
19  99  79  89   7   0  24 0.00  0.0    0 18.8 29 140   M    M   3 8      36 130
20  95  80  88   5   0  23    T  0.0    0 13.4 21 120   M    M   7 8      26 110
21  98  79  89   6   0  24 0.06  0.0    0 11.9 25  90   M    M   6 138    33  70
22  94  80  87   4   0  22 0.02  0.0    0  8.9 16 360   M    M   8 18     26  20
================================================================================
SM 2084 1610         0 423  0.08     0.0 283.5          M       97
================================================================================
AV 94.7 73.2                              12.9 FASTST   M    M   4    MAX(MPH)
                                 MISC ---->  # 33  20               # 47   20
================================================================================
NOTES:
# LAST OF SEVERAL OCCURRENCES

COLUMN 17 PEAK WIND IN M.P.H.

PRELIMINARY LOCAL CLIMATOLOGICAL DATA (WS FORM: F-6) , PAGE 2

                                          STATION:  MCALLEN
                                          MONTH:    MAY
                                          YEAR:     2017
                                          LATITUDE:   26 10 N
                                          LONGITUDE:  98 14 W

[TEMPERATURE DATA]      [PRECIPITATION DATA]       SYMBOLS USED IN COLUMN 16

AVERAGE MONTHLY: 84.0   TOTAL FOR MONTH:   0.08    1 = FOG OR MIST
DPTR FM NORMAL:   2.9   DPTR FM NORMAL:   -1.50    2 = FOG REDUCING VISIBILITY
HIGHEST:   104 ON 12    GRTST 24HR  0.06 ON 21-21      TO 1/4 MILE OR LESS
LOWEST:     60 ON  5                               3 = THUNDER
                        SNOW, ICE PELLETS, HAIL    4 = ICE PELLETS
                        TOTAL MONTH:   0.0 INCH    5 = HAIL
                        GRTST 24HR     0.0         6 = FREEZING RAIN OR DRIZZLE
                        GRTST DEPTH:   0           7 = DUSTSTORM OR SANDSTORM:
                                                       VSBY 1/2 MILE OR LESS
                                                   8 = SMOKE OR HAZE
[NO. OF DAYS WITH]      [WEATHER - DAYS WITH]      9 = BLOWING SNOW
                                                   X = TORNADO
MAX 32 OR BELOW:   0    0.01 INCH OR MORE:   2
MAX 90 OR ABOVE:  20    0.10 INCH OR MORE:   0
MIN 32 OR BELOW:   0    0.50 INCH OR MORE:   0
MIN  0 OR BELOW:   0    1.00 INCH OR MORE:   0

[HDD (BASE 65) ]
TOTAL THIS MO.     0    CLEAR  (SCALE 0-3)   8
DPTR FM NORMAL     0    PTCLDY (SCALE 4-7)  11
TOTAL FM JUL 1   189    CLOUDY (SCALE 8-10)  3
DPTR FM NORMAL  -390

[CDD (BASE 65) ]
TOTAL THIS MO.   423
DPTR FM NORMAL    69    [PRESSURE DATA]
TOTAL FM JAN 1  1752    HIGHEST SLP M ON M
DPTR FM NORMAL   667    LOWEST  SLP 29.65 ON 17

[REMARKS]
