000
CXUS54 KBRO 200900
CF6MFE
PRELIMINARY LOCAL CLIMATOLOGICAL DATA (WS FORM: F-6)

                                          STATION:   MCALLEN
                                          MONTH:     DECEMBER
                                          YEAR:      2014
                                          LATITUDE:   26 10 N
                                          LONGITUDE:  98 14 W

  TEMPERATURE IN F:       :PCPN:    SNOW:  WIND      :SUNSHINE: SKY     :PK WND
================================================================================
1   2   3   4   5  6A  6B    7    8   9   10  11  12  13   14  15   16   17  18
                                     12Z  AVG MX 2MIN
DY MAX MIN AVG DEP HDD CDD  WTR  SNW DPTH SPD SPD DIR MIN PSBL S-S WX    SPD DR
================================================================================

 1  82  55  69   4   0   4 0.05  0.0    0  7.3 21  50   M    M   4 12     27  50
 2  55  47  51 -14  14   0    T  0.0    0  8.6 18 350   M    M   9 18     22 340
 3  68  53  61  -3   4   0    T  0.0    0  3.0  7 340   M    M  10 18     12 150
 4  80  59  70   6   0   5 0.00  0.0    0  4.5 14 140   M    M   5 128    18 150
 5  83  66  75  11   0  10 0.00  0.0    0 10.0 21 140   M    M   7 1      27 140
 6  80  67  74  10   0   9 0.28  0.0    0  4.5 15 100   M    M   9 12     19  80
 7  69  63  66   3   0   1    T  0.0    0  8.3 14  50   M    M  10 1      19  40
 8  64  59  62  -1   3   0    T  0.0    0  8.6 15  20   M    M  10 18     21  20
 9  70  59  65   2   0   0 0.00  0.0    0  4.4  9  10   M    M   8        14 320
10  76  62  69   6   0   4 0.00  0.0    0  8.1 18 140   M    M   9        24 140
11  75  61  68   6   0   3 0.00  0.0    0  8.0 16 130   M    M   8        21 140
12  76  62  69   7   0   4 0.00  0.0    0  8.8 15 140   M    M   8        23 120
13  80  60  70   8   0   5 0.00  0.0    0  8.5 18 130   M    M   3        23 130
14  80  60  70   8   0   5 0.00  0.0    0 12.6 24 140   M    M   1 1      32 150
15  81  66  74  12   0   9 0.00  0.0    0  7.6 15 170   M    M   8 18     23 170
16  75  67  71   9   0   6    T  0.0    0 10.3 23  80   M    M   9 1      30  60
17  77  67  72  10   0   7 0.04  0.0    0 12.0 22 140   M    M   7 1      27 140
18  71  62  67   6   0   2 0.10  0.0    0  4.6 10 300   M    M  10 18     14 150
19  68  59  64   3   1   0    T  0.0    0  7.6 20 340   M    M   9 1      24 340
================================================================================
SM 1410 1154        22  74  0.47     0.0 147.3          M      144
================================================================================
AV 74.2 60.7                               7.8 FASTST   M    M   8    MAX(MPH)
                                 MISC ---->  # 24 140               # 32  150
================================================================================
NOTES:
# LAST OF SEVERAL OCCURRENCES

COLUMN 17 PEAK WIND IN M.P.H.

PRELIMINARY LOCAL CLIMATOLOGICAL DATA (WS FORM: F-6) , PAGE 2

                                          STATION:  MCALLEN
                                          MONTH:    DECEMBER
                                          YEAR:     2014
                                          LATITUDE:   26 10 N
                                          LONGITUDE:  98 14 W

[TEMPERATURE DATA]      [PRECIPITATION DATA]       SYMBOLS USED IN COLUMN 16

AVERAGE MONTHLY: 67.5   TOTAL FOR MONTH:   0.47    1 = FOG OR MIST
DPTR FM NORMAL:   4.6   DPTR FM NORMAL:   -0.23    2 = FOG REDUCING VISIBILITY
HIGHEST:    83 ON  5    GRTST 24HR  0.28 ON  6- 6      TO 1/4 MILE OR LESS
LOWEST:     47 ON  2                               3 = THUNDER
                        SNOW, ICE PELLETS, HAIL    4 = ICE PELLETS
                        TOTAL MONTH:   0.0 INCH    5 = HAIL
                        GRTST 24HR     0.0         6 = FREEZING RAIN OR DRIZZLE
                        GRTST DEPTH:   0           7 = DUSTSTORM OR SANDSTORM:
                                                       VSBY 1/2 MILE OR LESS
                                                   8 = SMOKE OR HAZE
[NO. OF DAYS WITH]      [WEATHER - DAYS WITH]      9 = BLOWING SNOW
                                                   X = TORNADO
MAX 32 OR BELOW:   0    0.01 INCH OR MORE:   4
MAX 90 OR ABOVE:   0    0.10 INCH OR MORE:   2
MIN 32 OR BELOW:   0    0.50 INCH OR MORE:   0
MIN  0 OR BELOW:   0    1.00 INCH OR MORE:   0

[HDD (BASE 65) ]
TOTAL THIS MO.    22    CLEAR  (SCALE 0-3)   2
DPTR FM NORMAL   -75    PTCLDY (SCALE 4-7)   5
TOTAL FM JUL 1   151    CLOUDY (SCALE 8-10) 12
DPTR FM NORMAL    -6

[CDD (BASE 65) ]
TOTAL THIS MO.    74
DPTR FM NORMAL    16    [PRESSURE DATA]
TOTAL FM JAN 1  4308    HIGHEST SLP 30.21 ON 12
DPTR FM NORMAL  -119    LOWEST  SLP 29.85 ON 14

[REMARKS]
