000
CXUS53 KGRB 010738
CF6MFI
PRELIMINARY LOCAL CLIMATOLOGICAL DATA (WS FORM: F-6)

                                          STATION:   MARSHFIELD WI
                                          MONTH:     APRIL
                                          YEAR:      2016
                                          LATITUDE:   44 37 N
                                          LONGITUDE:  90 11 W

  TEMPERATURE IN F:       :PCPN:    SNOW:  WIND      :SUNSHINE: SKY     :PK WND
================================================================================
1   2   3   4   5  6A  6B    7    8   9   10  11  12  13   14  15   16   17  18
                                     12Z  AVG MX 2MIN
DY MAX MIN AVG DEP HDD CDD  WTR  SNW DPTH SPD SPD DIR MIN PSBL S-S WX    SPD DR
================================================================================

 1  40  28  34  -4  31   0    T    T    0 10.0 29 320   M    M   5 18     33 320
 2  31  20  26 -13  39   0 0.16  2.1    2 12.4 35 340   M    M   7 18     42 340
 3  48  26  37  -2  28   0    T    T    T 10.7 17  40   M    M   7        23  30
 4  35  26  31  -9  34   0 0.00  0.0    0  7.2 16  50   M    M   9        21  50
 5  41  22  32  -8  33   0 0.23  1.5    1 10.3 21 140   M    M   5 168    27 130
 6  40  32  36  -5  29   0 0.09  0.4    T  9.5 17 330   M    M  10 168    21 320
 7  37  31  34  -7  31   0 0.05  0.4    T  9.0 17 340   M    M   9 18     22 330
 8  32  21  27 -15  38   0 0.18  2.4    2 16.1 35 330   M    M   8 18     42 330
 9  35  17  26 -16  39   0 0.00  0.0    T  9.5 18 140   M    M   2        23 150
10  58  30  44   1  21   0 0.00  0.0    0 13.3 24 310   M    M   4        32 310
11  41  28  35  -8  30   0    T    T    0 16.4 29 320   M    M   8        37 320
12  49  24  37  -7  28   0    T  0.0    0  5.0 14 200   M    M   3        21 200
13  54  36  45   1  20   0    T    T    0 11.9 20 160   M    M   6        24 170
14  68  35  52   8  13   0 0.00  0.0    0 11.5 21 160   M    M   1        26 180
15  72  40  56  11   9   0 0.00  0.0    0 11.2 21 170   M    M   0        25 150
16  79  43  61  16   4   0 0.00  0.0    0  8.3 21 160   M    M   1        24 170
17  82  52  67  21   0   2 0.00  0.0    0  6.2 18 190   M    M   6        23 190
18  83  50  67  21   0   2 0.00  0.0    0  6.7 22  60   M    M   2        28  50
19  55  45  50   3  15   0    T  0.0    0 10.8 20  80   M    M   7        24  80
20  67  46  57  10   8   0    T  0.0    0 10.6 17 140   M    M   8        22 110
21  71  52  62  14   3   0    T  0.0    0  5.9 20 310   M    M   8 38     23 320
22  60  40  50   2  15   0 0.00  0.0    0  8.0 16  20   M    M   4        22  10
23  65  36  51   3  14   0 0.00  0.0    0  8.6 17 170   M    M   4        21 150
24  51  43  47  -2  18   0 0.34  0.0    0 11.5 21  90   M    M  10 18     27  90
25  57  41  49   0  16   0 0.02  0.0    0 13.8 22  70   M    M  10 18     27  90
26  47  38  43  -7  22   0 0.00  0.0    0 10.6 17  90   M    M   8 18     22  80
27  54  34  44  -6  21   0    T  0.0    0 14.3 26  70   M    M   3        34  80
28  44  38  41  -9  24   0 0.13    M    0 12.3 25  80   M    M  10 1      31  80
29  57  38  48  -2  17   0 0.00  0.0    0  5.3 15 360   M    M   8        19 350
30  55  37  46  -5  19   0    T  0.0    0 11.0 21  80   M    M   3        28  90
================================================================================
SM 1608 1049       619   4  1.20     6.8 307.9          M      176
================================================================================
AV 53.6 35.0                              10.3 FASTST   M    M   6    MAX(MPH)
                                 MISC ---->  # 35 340               # 42  340
================================================================================
NOTES:
# LAST OF SEVERAL OCCURRENCES

COLUMN 17 PEAK WIND IN M.P.H.

PRELIMINARY LOCAL CLIMATOLOGICAL DATA (WS FORM: F-6) , PAGE 2

                                          STATION:  MARSHFIELD WI
                                          MONTH:    APRIL
                                          YEAR:     2016
                                          LATITUDE:   44 37 N
                                          LONGITUDE:  90 11 W

[TEMPERATURE DATA]      [PRECIPITATION DATA]       SYMBOLS USED IN COLUMN 16

AVERAGE MONTHLY: 44.3   TOTAL FOR MONTH:   1.20    1 = FOG OR MIST
DPTR FM NORMAL:  -0.6   DPTR FM NORMAL:   -1.03    2 = FOG REDUCING VISIBILITY
HIGHEST:    83 ON 18    GRTST 24HR  0.36 ON 31- 1      TO 1/4 MILE OR LESS
LOWEST:     17 ON  9                               3 = THUNDER
                        SNOW, ICE PELLETS, HAIL    4 = ICE PELLETS
                        TOTAL MONTH:   6.8 INCHES  5 = HAIL
                        GRTST 24HR   2.4 ON   M    6 = FREEZING RAIN OR DRIZZLE
                        GRTST DEPTH:   2 ON  8, 2  7 = DUSTSTORM OR SANDSTORM:
                                                       VSBY 1/2 MILE OR LESS
                                                   8 = SMOKE OR HAZE
[NO. OF DAYS WITH]      [WEATHER - DAYS WITH]      9 = BLOWING SNOW
                                                   X = TORNADO
MAX 32 OR BELOW:   2    0.01 INCH OR MORE:   8
MAX 90 OR ABOVE:   0    0.10 INCH OR MORE:   5
MIN 32 OR BELOW:  12    0.50 INCH OR MORE:   0
MIN  0 OR BELOW:   0    1.00 INCH OR MORE:   0

[HDD (BASE 65) ]
TOTAL THIS MO.   619    CLEAR  (SCALE 0-3)   7
DPTR FM NORMAL    17    PTCLDY (SCALE 4-7)  14
TOTAL FM JUL 1  6545    CLOUDY (SCALE 8-10)  9
DPTR FM NORMAL -1251

[CDD (BASE 65) ]
TOTAL THIS MO.     4
DPTR FM NORMAL     3    [PRESSURE DATA]
TOTAL FM JAN 1     4    HIGHEST SLP M ON M
DPTR FM NORMAL     3    LOWEST  SLP 29.51 ON  6

[REMARKS]
#FINAL-04-16#
