000
CXUS56 KMFR 281326
CF6MFR
PRELIMINARY LOCAL CLIMATOLOGICAL DATA (WS FORM: F-6)

                                          STATION:   MEDFORD OR
                                          MONTH:     DECEMBER
                                          YEAR:      2014
                                          LATITUDE:   42 22 N
                                          LONGITUDE: 122 52 W

  TEMPERATURE IN F:       :PCPN:    SNOW:  WIND      :SUNSHINE: SKY     :PK WND
================================================================================
1   2   3   4   5  6A  6B    7    8   9   10  11  12  13   14  15   16   17  18
                                     12Z  AVG MX 2MIN
DY MAX MIN AVG DEP HDD CDD  WTR  SNW DPTH SPD SPD DIR MIN PSBL S-S WX    SPD DR
================================================================================

 1  53  38  46   5  19   0 0.01  0.0    0  1.4  7  40   M    M   7 1      10  90
 2  47  37  42   1  23   0    T  0.0    0  1.5  8 360   M    M   8 12     10  10
 3  53  43  48   8  17   0 0.01  0.0    0  0.6  7  40   M    M   8 1       8 340
 4  58  43  51  11  14   0 0.01  0.0    0  1.7  6  70   M    M   9 128     8 200
 5  63  39  51  11  14   0 0.05  0.0    0  6.5 25 140   M    M   8 12     31 150
 6  56  38  47   7  18   0 0.03  0.0    0  0.8 12 120   M    M   3 1      13 120
 7  53  34  44   4  21   0 0.06  0.0    0  2.2 17 300   M    M   5 12     23 290
 8  56  42  49   9  16   0    T  0.0    0  2.7  9 120   M    M   6 1      10 310
 9  60  45  53  13  12   0 0.05  0.0    0  3.1 17 320   M    M   7 1      21 310
10  64  43  54  14  11   0 0.27  0.0    0 11.5 37 130   M    M   7 128    50 130
11  58  46  52  13  13   0 0.27  0.0    0  8.7 38 160   M    M   9 1      50 160
12  51  45  48   9  17   0 0.14  0.0    0  2.9 12  30   M    M  10 1      13  30
13  51  33  42   3  23   0    T  0.0    0  2.1  8 360   M    M   6 1       9  20
14  50  32  41   2  24   0 0.00  0.0    0  3.6 26 140   M    M   8 12     32 140
15  53  40  47   8  18   0    T  0.0    0 11.5 28 150   M    M   9        35 160
16  54  33  44   5  21   0 0.00  0.0    0  7.3 28 140   M    M   6 1      37 140
17  51  40  46   7  19   0 0.02  0.0    0  4.8 25 140   M    M   7 1      35 130
18  54  38  46   7  19   0 0.09  0.0    0  4.1 25 150   M    M   9 128    32 140
19  50  44  47   8  18   0 0.17  0.0    0  2.8 12 140   M    M  10 1      12 160
20  49  44  47   8  18   0 0.20  0.0    0  1.8  9  20   M    M  10 12     13 250
21  65  49  57  18   8   0 0.28  0.0    0  3.6 10 360   M    M  10 1      12 190
22  63  52  58  19   7   0 0.01  0.0    0  2.2 10  40   M    M  10 1      12  40
23  62  45  54  15  11   0 0.00  0.0    0  2.3  8 170   M    M   7 1       9 170
24  51  39  45   6  20   0 0.49  0.0    0  5.0 25 300   M    M  10 1      35 320
25  47  37  42   3  23   0 0.01    M    0  2.6 13 300   M    M   8        15  10
26  47  31  39   0  26   0 0.00  0.0    0  0.7  6 190   M    M   6 128     7 340
27  42  33  38  -1  27   0 0.02  0.0    0  0.3  6 350   M    M  10 1       9  40
================================================================================
SM 1461 1083       477   0  2.19     0.0  98.3          M      213
================================================================================
AV 54.1 40.1                               3.6 FASTST   M    M   8    MAX(MPH)
                                 MISC ---->  # 38 160               # 50  130
================================================================================
NOTES:
# LAST OF SEVERAL OCCURRENCES

COLUMN 17 PEAK WIND IN M.P.H.

PRELIMINARY LOCAL CLIMATOLOGICAL DATA (WS FORM: F-6) , PAGE 2

                                          STATION:  MEDFORD OR
                                          MONTH:    DECEMBER
                                          YEAR:     2014
                                          LATITUDE:   42 22 N
                                          LONGITUDE: 122 52 W

[TEMPERATURE DATA]      [PRECIPITATION DATA]       SYMBOLS USED IN COLUMN 16

AVERAGE MONTHLY: 47.1   TOTAL FOR MONTH:   2.19    1 = FOG OR MIST
DPTR FM NORMAL:   7.7   DPTR FM NORMAL:   -0.90    2 = FOG REDUCING VISIBILITY
HIGHEST:    65 ON 21    GRTST 24HR  0.53 ON 10-11      TO 1/4 MILE OR LESS
LOWEST:     31 ON 26                               3 = THUNDER
                        SNOW, ICE PELLETS, HAIL    4 = ICE PELLETS
                        TOTAL MONTH:   0.0 INCH    5 = HAIL
                        GRTST 24HR     0.0         6 = FREEZING RAIN OR DRIZZLE
                        GRTST DEPTH:   0           7 = DUSTSTORM OR SANDSTORM:
                                                       VSBY 1/2 MILE OR LESS
                                                   8 = SMOKE OR HAZE
[NO. OF DAYS WITH]      [WEATHER - DAYS WITH]      9 = BLOWING SNOW
                                                   X = TORNADO
MAX 32 OR BELOW:   0    0.01 INCH OR MORE:  19
MAX 90 OR ABOVE:   0    0.10 INCH OR MORE:   7
MIN 32 OR BELOW:   2    0.50 INCH OR MORE:   0
MIN  0 OR BELOW:   0    1.00 INCH OR MORE:   0

[HDD (BASE 65) ]
TOTAL THIS MO.   477    CLEAR  (SCALE 0-3)   1
DPTR FM NORMAL  -213    PTCLDY (SCALE 4-7)  15
TOTAL FM JUL 1  1151    CLOUDY (SCALE 8-10) 11
DPTR FM NORMAL  -508

[CDD (BASE 65) ]
TOTAL THIS MO.     0
DPTR FM NORMAL     0    [PRESSURE DATA]
TOTAL FM JAN 1  1238    HIGHEST SLP M ON M
DPTR FM NORMAL   409    LOWEST  SLP 29.30 ON 11

[REMARKS]
