000
CXUS56 KMFR 010903
CF6MFR

PRELIMINARY LOCAL CLIMATOLOGICAL DATA (WS FORM: F-6)

                                          STATION:   MEDFORD OR
                                          MONTH:     JULY
                                          YEAR:      2015
                                          LATITUDE:   42 22 N
                                          LONGITUDE: 122 52 W

  TEMPERATURE IN F:       :PCPN:    SNOW:  WIND      :SUNSHINE: SKY     :PK WND
================================================================================
1   2   3   4   5  6A  6B    7    8   9   10  11  12  13   14  15   16   17  18
                                     12Z  AVG MX 2MIN
DY MAX MIN AVG DEP HDD CDD  WTR  SNW DPTH SPD SPD DIR MIN PSBL S-S WX    SPD DR
================================================================================

 1 108  67  88  17   0  23 0.00  0.0    0  4.5 17 290   M    M   0        23 270
 2 107  72  90  19   0  25 0.00  0.0    0  5.0 16 350   M    M   0        21 340
 3 102  68  85  14   0  20 0.00  0.0    0  4.1 15 350   M    M   0        18 350
 4 103  73  88  16   0  23 0.00  0.0    0  5.4 16 320   M    M   0        21 320
 5 100  73  87  15   0  22 0.00  0.0    0  5.5 18 150   M    M   0        25 150
 6 101  67  84  12   0  19 0.00  0.0    0  5.2 20 340   M    M   0        26 290
 7  97  67  82  10   0  17 0.07  0.0    0  5.8 47 150   M    M   2 38     55 140
 8  81  64  73   0   0   8    T  0.0    0  2.7  9  70   M    M   3        10 150
 9  89  64  77   4   0  12    T  0.0    0  4.8 23 150   M    M   4 3      30 270
10  80  64  72  -1   0   7 0.00  0.0    0  7.5 15 300   M    M   9        20 310
11  81  63  72  -2   0   7 0.00  0.0    0  8.9 21 300   M    M   4        27 320
12  84  62  73  -1   0   8 0.22  0.0    0  5.0 15 160   M    M   5 3      20 300
13  85  62  74   0   0   9 0.00  0.0    0  5.5 16 300   M    M   5        21 320
14  88  63  76   2   0  11 0.00  0.0    0  5.1 18 350   M    M   2        23 310
15  93  58  76   2   0  11 0.00  0.0    0  4.3 16 340   M    M   0        20 340
16  89  57  73  -1   0   8 0.00  0.0    0  4.7 16 320   M    M   0        22 320
17  92  55  74  -1   0   9 0.00  0.0    0  4.4 17 350   M    M   0        22 340
18 100  57  79   4   0  14 0.00  0.0    0  3.4 12 330   M    M   0        17 280
19  98  65  82   7   0  17 0.00  0.0    0  6.6 18 280   M    M   1        23 260
20  99  65  82   7   0  17 0.00  0.0    0  4.3 17 360   M    M   1        22 350
21  95  64  80   5   0  15 0.00  0.0    0  6.5 24  10   M    M   1        29  20
22  87  60  74  -1   0   9 0.00  0.0    0  6.9 20 350   M    M   1        25 280
23  89  56  73  -2   0   8 0.00  0.0    0  5.0 20  30   M    M   1        25  30
24  92  60  76   0   0  11 0.00  0.0    0  6.8 17 320   M    M   0        23 320
25  89  60  75  -1   0  10 0.00  0.0    0  6.6 18 280   M    M   2        29 280
26  83  61  72  -4   0   7 0.00  0.0    0  7.3 21 330   M    M   5        27 330
27  84  53  69  -7   0   4 0.00  0.0    0  3.6 15 340   M    M   1        21 330
28  97  54  76   0   0  11 0.00  0.0    0  4.2 16 350   M    M   0        20 360
29 104  59  82   6   0  17 0.00  0.0    0  2.9 12  10   M    M   0        15  10
30 108  64  86  10   0  21 0.00  0.0    0  2.7 14 340   M    M   0        16 350
31 109  70  90  14   0  25 0.00  0.0    0  3.7 15  10   M    M   3 8      17  10
================================================================================
SM 2914 1947         0 425  0.29     0.0 158.9          M       50
================================================================================
AV 94.0 62.8                               5.1 FASTST   M    M   2    MAX(MPH)
                                 MISC ---->  # 47 150               # 55  140
================================================================================
NOTES:
# LAST OF SEVERAL OCCURRENCES

COLUMN 17 PEAK WIND IN M.P.H.

PRELIMINARY LOCAL CLIMATOLOGICAL DATA (WS FORM: F-6) , PAGE 2

                                          STATION:  MEDFORD OR
                                          MONTH:    JULY
                                          YEAR:     2015
                                          LATITUDE:   42 22 N
                                          LONGITUDE: 122 52 W

[TEMPERATURE DATA]      [PRECIPITATION DATA]       SYMBOLS USED IN COLUMN 16

AVERAGE MONTHLY: 78.4   TOTAL FOR MONTH:   0.29    1 = FOG OR MIST
DPTR FM NORMAL:   4.3   DPTR FM NORMAL:    0.01    2 = FOG REDUCING VISIBILITY
HIGHEST:   109 ON 31    GRTST 24HR  0.22 ON 12-12      TO 1/4 MILE OR LESS
LOWEST:     53 ON 27                               3 = THUNDER
                        SNOW, ICE PELLETS, HAIL    4 = ICE PELLETS
                        TOTAL MONTH:   0.0 INCH    5 = HAIL
                        GRTST 24HR     0.0         6 = FREEZING RAIN OR DRIZZLE
                        GRTST DEPTH:   0           7 = DUSTSTORM OR SANDSTORM:
                                                       VSBY 1/2 MILE OR LESS
                                                   8 = SMOKE OR HAZE
[NO. OF DAYS WITH]      [WEATHER - DAYS WITH]      9 = BLOWING SNOW
                                                   X = TORNADO
MAX 32 OR BELOW:   0    0.01 INCH OR MORE:   2
MAX 90 OR ABOVE:  18    0.10 INCH OR MORE:   1
MIN 32 OR BELOW:   0    0.50 INCH OR MORE:   0
MIN  0 OR BELOW:   0    1.00 INCH OR MORE:   0

[HDD (BASE 65) ]
TOTAL THIS MO.     0    CLEAR  (SCALE 0-3)  25
DPTR FM NORMAL    -6    PTCLDY (SCALE 4-7)   5
TOTAL FM JUL 1     0    CLOUDY (SCALE 8-10)  1
DPTR FM NORMAL    -6

[CDD (BASE 65) ]
TOTAL THIS MO.   425
DPTR FM NORMAL   139    [PRESSURE DATA]
TOTAL FM JAN 1   781    HIGHEST SLP 30.16 ON 27
DPTR FM NORMAL   349    LOWEST  SLP 29.63 ON 09

[REMARKS]
