000
CXUS56 KMFR 281000
CF6MFR
PRELIMINARY LOCAL CLIMATOLOGICAL DATA (WS FORM: F-6)

                                          STATION:   MEDFORD OR
                                          MONTH:     FEBRUARY
                                          YEAR:      2015
                                          LATITUDE:   42 22 N
                                          LONGITUDE: 122 52 W

  TEMPERATURE IN F:       :PCPN:    SNOW:  WIND      :SUNSHINE: SKY     :PK WND
================================================================================
1   2   3   4   5  6A  6B    7    8   9   10  11  12  13   14  15   16   17  18
                                     12Z  AVG MX 2MIN
DY MAX MIN AVG DEP HDD CDD  WTR  SNW DPTH SPD SPD DIR MIN PSBL S-S WX    SPD DR
================================================================================

 1  48  33  41  -1  24   0 0.06  0.0    0  3.1  9  20   M    M   7 1      11 280
 2  52  42  47   5  18   0 0.67  0.0    0  0.5  6 150   M    M   9 123     M  M
 3  57  48  53  11  12   0 0.60  0.0    0  1.1  8 140   M    M   9 1       9 280
 4  60  44  52   9  13   0 0.00  0.0    0  2.6  8 290   M    M   6 128     9 310
 5  62  43  53  10  12   0 0.23  0.0    0 12.6 30 190   M    M   9 12     43 170
 6  56  49  53  10  12   0 0.75  0.0    0 16.3 40 140   M    M   9 1      54 160
 7  63  48  56  13   9   0 0.29  0.0    0  7.4 20 160   M    M   8 1      32 150
 8  65  43  54  11  11   0    T  0.0    0  8.9 28 150   M    M   4        34 140
 9  59  42  51   8  14   0 0.08  0.0    0  7.2 26 140   M    M   8        35 140
10  55  33  44   0  21   0 0.00  0.0    0  1.2  8 180   M    M   1        10 190
11  58  38  48   4  17   0 0.00  0.0    0  1.2  8 120   M    M   2         9 120
12  59  33  46   2  19   0 0.00  0.0    0  0.8  7 360   M    M   3 12      9 360
13  56  36  46   2  19   0 0.00  0.0    0  0.4  5  80   M    M   3 12      9 260
14  61  35  48   4  17   0 0.00  0.0    0  1.0  8 170   M    M   4 128     9 160
15  61  33  47   3  18   0 0.00  0.0    0  0.7  6 150   M    M   4 128     8 360
16  68  30  49   5  16   0 0.00  0.0    0  1.4  9  30   M    M   0        10 360
17  69  34  52   7  13   0 0.00  0.0    0  0.7  8 190   M    M   0        10 190
18  67  33  50   5  15   0 0.00  0.0    0  2.0  8 280   M    M   0        11 280
19  64  32  48   3  17   0 0.00  0.0    0  1.6  8 310   M    M   2 12     12 320
20  62  32  47   2  18   0 0.00  0.0    0  2.2  8  60   M    M   0 1       9  40
21  62  34  48   3  17   0 0.00  0.0    0  3.8 17  60   M    M   1        21  60
22  60  33  47   2  18   0 0.00  0.0    0  4.2 23  70   M    M   0        27  70
23  62  23  43  -3  22   0 0.00  0.0    0  2.8 12 150   M    M   0        15 150
24  63  25  44  -2  21   0 0.00  0.0    0  1.5  7 210   M    M   1         9 350
25  59  29  44  -2  21   0 0.00  0.0    0  3.5 13 320   M    M   1        16 300
26  52  34  43  -3  22   0 0.13    M    0  2.4  7 240   M    M   8 1      12 250
27  53  43  48   2  17   0 0.27  0.0    0  3.2 16 310   M    M   9 18     21 300
================================================================================
SM 1613  982       453   0  3.08     0.0  94.3          M      108
================================================================================
AV 59.7 36.4                               3.5 FASTST   M    M   4    MAX(MPH)
                                 MISC ---->  # 40 140               # 54  160
================================================================================
NOTES:
# LAST OF SEVERAL OCCURRENCES

COLUMN 17 PEAK WIND IN M.P.H.

PRELIMINARY LOCAL CLIMATOLOGICAL DATA (WS FORM: F-6) , PAGE 2

                                          STATION:  MEDFORD OR
                                          MONTH:    FEBRUARY
                                          YEAR:     2015
                                          LATITUDE:   42 22 N
                                          LONGITUDE: 122 52 W

[TEMPERATURE DATA]      [PRECIPITATION DATA]       SYMBOLS USED IN COLUMN 16

AVERAGE MONTHLY: 48.1   TOTAL FOR MONTH:   3.08    1 = FOG OR MIST
DPTR FM NORMAL:   3.9   DPTR FM NORMAL:    1.14    2 = FOG REDUCING VISIBILITY
HIGHEST:    69 ON 17    GRTST 24HR  1.02 ON  6- 7      TO 1/4 MILE OR LESS
LOWEST:     23 ON 23                               3 = THUNDER
                        SNOW, ICE PELLETS, HAIL    4 = ICE PELLETS
                        TOTAL MONTH:   0.0 INCH    5 = HAIL
                        GRTST 24HR     0.0         6 = FREEZING RAIN OR DRIZZLE
                        GRTST DEPTH:   0           7 = DUSTSTORM OR SANDSTORM:
                                                       VSBY 1/2 MILE OR LESS
                                                   8 = SMOKE OR HAZE
[NO. OF DAYS WITH]      [WEATHER - DAYS WITH]      9 = BLOWING SNOW
                                                   X = TORNADO
MAX 32 OR BELOW:   0    0.01 INCH OR MORE:   9
MAX 90 OR ABOVE:   0    0.10 INCH OR MORE:   7
MIN 32 OR BELOW:   6    0.50 INCH OR MORE:   3
MIN  0 OR BELOW:   0    1.00 INCH OR MORE:   0

[HDD (BASE 65) ]
TOTAL THIS MO.   453    CLEAR  (SCALE 0-3)  14
DPTR FM NORMAL  -110    PTCLDY (SCALE 4-7)   8
TOTAL FM JUL 1  2422    CLOUDY (SCALE 8-10)  5
DPTR FM NORMAL  -673

[CDD (BASE 65) ]
TOTAL THIS MO.     0
DPTR FM NORMAL     0    [PRESSURE DATA]
TOTAL FM JAN 1     0    HIGHEST SLP M ON M
DPTR FM NORMAL     0    LOWEST  SLP 29.60 ON M

[REMARKS]
