000
CXUS54 KBMX 281216
CF6MGM
PRELIMINARY LOCAL CLIMATOLOGICAL DATA (WS FORM: F-6)

                                          STATION:   MONTGOMERY
                                          MONTH:     MAY
                                          YEAR:      2017
                                          LATITUDE:   32 17 N
                                          LONGITUDE:  86 24 W

  TEMPERATURE IN F:       :PCPN:    SNOW:  WIND      :SUNSHINE: SKY     :PK WND
================================================================================
1   2   3   4   5  6A  6B    7    8   9   10  11  12  13   14  15   16   17  18
                                     12Z  AVG MX 2MIN
DY MAX MIN AVG DEP HDD CDD  WTR  SNW DPTH SPD SPD DIR MIN PSBL S-S WX    SPD DR
================================================================================

 1  81  58  70   2   0   5 0.68  0.0    0  9.1 24 280   M    M   4 3      30 280
 2  84  52  68   0   0   3 0.00  0.0    0  4.3 14 310   M    M   0        19 270
 3  86  57  72   3   0   7 0.02  0.0    0  4.5 14 150   M    M   2        19 140
 4  74  53  64  -5   1   0 0.76  0.0    0  9.2 23 280   M    M   9        30 280
 5  58  50  54 -15  11   0    T  0.0    0  9.0 23 270   M    M   9        29 270
 6  78  47  63  -7   2   0 0.00  0.0    0  8.6 18 260   M    M   0        26 270
 7  81  53  67  -3   0   2 0.00  0.0    0  4.2 14 290   M    M   0        20 260
 8  84  51  68  -2   0   3 0.00  0.0    0  1.6 10  10   M    M   0        21  20
 9  88  55  72   2   0   7 0.00  0.0    0  3.0 10 270   M    M   0        13 240
10  88  61  75   4   0  10 0.00  0.0    0  3.9 12 210   M    M   0 8      16 210
11  84  61  73   2   0   8 0.00  0.0    0  5.0 14 270   M    M   1        18 270
12  83  65  74   3   0   9    T  0.0    0  5.8 13 200   M    M   2 18     18 280
13  84  65  75   3   0  10 0.78  0.0    0  6.3 16 320   M    M   6 13     20 320
14  88  59  74   2   0   9 0.00  0.0    0  2.5  8  70   M    M   0        12  50
15  88  60  74   2   0   9 0.00  0.0    0  1.8  8 200   M    M   0 18     11 200
16  92  62  77   5   0  12 0.00  0.0    0  3.9 13 170   M    M   1        17 120
17  91  65  78   5   0  13    T  0.0    0  7.1 17 160   M    M   1        23 160
18  92  68  80   7   0  15 0.06  0.0    0  4.3 20 140   M    M   2 138    27 120
19  92  70  81   8   0  16 0.00  0.0    0  5.6 15 110   M    M   0 1      19 100
20  90  70  80   6   0  15 8.15  0.0    0  5.4 20 340   M    M   2 138    25  30
21  85  69  77   3   0  12 0.13  0.0    0  3.6 28  80   M    M   4 3      32  80
22  84  72  78   4   0  13 0.23  0.0    0  2.3 12  10   M    M   6 1238   13  10
23  78  68  73  -1   0   8 1.24  0.0    0  3.7 13 310   M    M   8 13     17 310
24  79  60  70  -4   0   5 0.23  0.0    0  8.5 22 280   M    M   6 18     29 240
25  78  57  68  -7   0   3 0.00  0.0    0  7.1 17 290   M    M   3        23 280
26  88  57  73  -2   0   8 0.00  0.0    0  4.7 10 200   M    M   0 18     14 230
27  89  62  76   1   0  11 0.00  0.0    0  5.1 13 250   M    M   2        18 220
================================================================================
SM 2267 1627        14 213 12.28     0.0 140.1          M       68
================================================================================
AV 84.0 60.3                               5.2 FASTST   M    M   3    MAX(MPH)
                                 MISC ---->  # 28  80               # 32   80
================================================================================
NOTES:
# LAST OF SEVERAL OCCURRENCES

COLUMN 17 PEAK WIND IN M.P.H.

PRELIMINARY LOCAL CLIMATOLOGICAL DATA (WS FORM: F-6) , PAGE 2

                                          STATION:  MONTGOMERY
                                          MONTH:    MAY
                                          YEAR:     2017
                                          LATITUDE:   32 17 N
                                          LONGITUDE:  86 24 W

[TEMPERATURE DATA]      [PRECIPITATION DATA]       SYMBOLS USED IN COLUMN 16

AVERAGE MONTHLY: 72.1   TOTAL FOR MONTH:  12.28    1 = FOG OR MIST
DPTR FM NORMAL:   0.3   DPTR FM NORMAL:    9.19    2 = FOG REDUCING VISIBILITY
HIGHEST:    92 ON 19,18 GRTST 24HR  8.28 ON 20-21      TO 1/4 MILE OR LESS
LOWEST:     47 ON  6                               3 = THUNDER
                        SNOW, ICE PELLETS, HAIL    4 = ICE PELLETS
                        TOTAL MONTH:   0.0 INCH    5 = HAIL
                        GRTST 24HR     0.0         6 = FREEZING RAIN OR DRIZZLE
                        GRTST DEPTH:   0           7 = DUSTSTORM OR SANDSTORM:
                                                       VSBY 1/2 MILE OR LESS
                                                   8 = SMOKE OR HAZE
[NO. OF DAYS WITH]      [WEATHER - DAYS WITH]      9 = BLOWING SNOW
                                                   X = TORNADO
MAX 32 OR BELOW:   0    0.01 INCH OR MORE:  10
MAX 90 OR ABOVE:   5    0.10 INCH OR MORE:   8
MIN 32 OR BELOW:   0    0.50 INCH OR MORE:   5
MIN  0 OR BELOW:   0    1.00 INCH OR MORE:   2

[HDD (BASE 65) ]
TOTAL THIS MO.    14    CLEAR  (SCALE 0-3)  19
DPTR FM NORMAL     6    PTCLDY (SCALE 4-7)   5
TOTAL FM JUL 1  1206    CLOUDY (SCALE 8-10)  3
DPTR FM NORMAL -1028

[CDD (BASE 65) ]
TOTAL THIS MO.   213
DPTR FM NORMAL    20    [PRESSURE DATA]
TOTAL FM JAN 1   528    HIGHEST SLP M ON M
DPTR FM NORMAL   234    LOWEST  SLP 29.53 ON 24

[REMARKS]
