000
CXUS51 KPBZ 230730
CF6MGW
PRELIMINARY LOCAL CLIMATOLOGICAL DATA (WS FORM: F-6)
STATION: MORGANTOWN WV
MONTH: APRIL
YEAR: 2024
LATITUDE: 39 39 N
LONGITUDE: 79 55 W
TEMPERATURE IN F: :PCPN: SNOW: WIND :SUNSHINE: SKY :PK WND
================================================================================
1 2 3 4 5 6A 6B 7 8 9 10 11 12 13 14 15 16 17 18
12Z AVG MX 2MIN
DY MAX MIN AVG DEP HDD CDD WTR SNW DPTH SPD SPD DIR MIN PSBL S-S WX SPD DR
================================================================================
1 69 53 61 13 4 0 1.37 M M 4.6 16 350 M M 9 13 25 320
2 73 57 65 16 0 0 1.03 M M 7.2 20 220 M M 8 138 32 230
3 59 39 49 0 16 0 1.05 M M 6.3 16 110 M M 9 138 25 110
4 45 35 40 -9 25 0 0.22 M M 6.4 16 220 M M 9 18 27 230
5 46 36 41 -9 24 0 0.07 M M 7.3 14 330 M M 10 18 27 310
6 51 36 44 -6 21 0 T M M 5.7 14 350 M M 8 18 310
7 61 29 45 -6 20 0 0.00 M M 1.9 10 360 M M 0 15 10
8 76 52 64 13 1 0 T M M 5.0 17 220 M M 5 25 250
9 73 55 64 13 1 0 0.00 M M 6.3 16 220 M M 6 27 220
10 69 56 63 11 2 0 T M M 5.2 12 220 M M 10 18 20 210
11 71 59 65 13 0 0 0.80 M M 5.8 17 160 M M 8 138 29 170
12 59 47 53 0 12 0 0.43 M M 11.5 22 230 M M 10 1 39 220
13 62 45 54 1 11 0 0.00 M M 9.6 18 280 M M 4 33 270
14 82 42 62 9 3 0 0.00 M M 9.2 22 230 M M 1 40 230
15 82 57 70 16 0 5 T M M 6.3 14 360 M M 6 3 26 210
16 82 50 66 12 0 1 0.00 M M 2.7 9 40 M M 0 14 40
17 85 59 72 18 0 7 0.19 M M 6.4 18 210 M M 5 3 31 200
18 76 58 67 12 0 2 0.00 M M 3.4 12 290 M M 5 22 290
19 70 57 64 9 1 0 0.06 M M 5.7 16 160 M M 7 1 22 210
20 64 41 53 -3 12 0 0.00 M M 8.2 17 280 M M 4 32 290
21 52 35 44 -12 21 0 0.00 M M 4.0 13 320 M M 5 18 280
22 64 30 47 -9 18 0 0.00 M M 3.7 10 340 M M 0 18 340
================================================================================
SM 1471 1028 192 15 5.22 M 132.4 M 129
================================================================================
AV 66.9 46.7 6.0 FASTST M M 6 MAX(MPH)
MISC ----> # 22 230 40 230
================================================================================
NOTES:
# LAST OF SEVERAL OCCURRENCES
COLUMN 17 PEAK WIND IN M.P.H.
PRELIMINARY LOCAL CLIMATOLOGICAL DATA (WS FORM: F-6) , PAGE 2
STATION: MORGANTOWN WV
MONTH: APRIL
YEAR: 2024
LATITUDE: 39 39 N
LONGITUDE: 79 55 W
[TEMPERATURE DATA] [PRECIPITATION DATA] SYMBOLS USED IN COLUMN 16
AVERAGE MONTHLY: 56.8 TOTAL FOR MONTH: 5.22 1 = FOG OR MIST
DPTR FM NORMAL: 4.5 DPTR FM NORMAL: 2.42 2 = FOG REDUCING VISIBILITY
HIGHEST: 85 ON 17 GRTST 24HR 1.60 ON 2- 3 TO 1/4 MILE OR LESS
LOWEST: 29 ON 7 3 = THUNDER
SNOW, ICE PELLETS, HAIL 4 = ICE PELLETS
TOTAL MONTH: M 5 = HAIL
GRTST 24HR M ON M 6 = FREEZING RAIN OR DRIZZLE
GRTST DEPTH: M ON M 7 = DUSTSTORM OR SANDSTORM:
VSBY 1/2 MILE OR LESS
8 = SMOKE OR HAZE
[NO. OF DAYS WITH] [WEATHER - DAYS WITH] 9 = BLOWING SNOW
X = TORNADO
MAX 32 OR BELOW: 0 0.01 INCH OR MORE: 9
MAX 90 OR ABOVE: 0 0.10 INCH OR MORE: 7
MIN 32 OR BELOW: 2 0.50 INCH OR MORE: 4
MIN 0 OR BELOW: 0 1.00 INCH OR MORE: 3
[HDD (BASE 65) ]
TOTAL THIS MO. 192 CLEAR (SCALE 0-3) 4
DPTR FM NORMAL -97 PTCLDY (SCALE 4-7) 9
TOTAL FM JUL 1 3869 CLOUDY (SCALE 8-10) 9
DPTR FM NORMAL -861
[CDD (BASE 65) ]
TOTAL THIS MO. 15
DPTR FM NORMAL 8 [PRESSURE DATA]
TOTAL FM JAN 1 15 HIGHEST SLP M ON M
DPTR FM NORMAL 6 LOWEST SLP 29.26 ON 12
[REMARKS]