000
CXUS51 KPBZ 260901
CF6MGW
PRELIMINARY LOCAL CLIMATOLOGICAL DATA (WS FORM: F-6)

                                          STATION:   MORGANTOWN WV
                                          MONTH:     FEBRUARY
                                          YEAR:      2015
                                          LATITUDE:   39 39 N
                                          LONGITUDE:  79 55 W

  TEMPERATURE IN F:       :PCPN:    SNOW:  WIND      :SUNSHINE: SKY     :PK WND
================================================================================
1   2   3   4   5  6A  6B    7    8   9   10  11  12  13   14  15   16   17  18
                                     12Z  AVG MX 2MIN
DY MAX MIN AVG DEP HDD CDD  WTR  SNW DPTH SPD SPD DIR MIN PSBL S-S WX    SPD DR
================================================================================

 1  45  26  36   4  29   0 0.30    M    M  5.1 18 160   M    M   9 18     27 160
 2  47  17  32   0  33   0 0.37    M    M  8.0 21 280   M    M  10 18     32 300
 3  28  13  21 -11  44   0 0.00    M    M  5.1 12 220   M    M   5        17 260
 4  49  26  38   6  27   0 0.00    M    M  8.1 16 210   M    M   6        24 200
 5  37   8  23  -9  42   0 0.07    M    M  7.2 17 340   M    M   6 18     27 340
 6  30   6  18 -15  47   0 0.00    M    M  6.3 15 210   M    M   5        25 230
 7  50  25  38   5  27   0 0.00    M    M  6.2 17 220   M    M   4        29 210
 8  61  45  53  20  12   0    T    M    M  6.6 18 220   M    M   3        28 210
 9  53  25  39   6  26   0 0.25    M    M  6.3 13 350   M    M  10 18     17  10
10  29  20  25  -8  40   0    T    M    M  4.4 12 350   M    M   8 18     14  10
11  38  17  28  -5  37   0    T    M    M  4.5 14 220   M    M   6 18     19 220
12  33   7  20 -14  45   0 0.03    M    M  8.3 16 300   M    M  10 18     27 340
13  20   3  12 -22  53   0 0.00    M    M  5.5 13 230   M    M   2        18 200
14  31   6  19 -15  46   0 0.05    M    M  9.8 22 290   M    M  10 8      34 300
15  11  -2   5 -29  60   0    T    M    M  8.2 15 310   M    M   6 8      24 320
16  13  -5   4 -30  61   0 0.09    M    M  3.8 10  20   M    M   6 8      12  30
17  23   9  16 -18  49   0    T    M    M  4.8 14 240   M    M   6 8      19 210
18  23   7  15 -20  50   0 0.02    M    M  8.2 18 280   M    M   7 8      28 290
19   8   0   4 -31  61   0    T    M    M  7.6 16 280   M    M   9 8      30 290
20  13  -7   3 -32  62   0 0.00    M    M  3.7 10 220   M    M   4 8      16 160
21  38   7  23 -12  42   0 0.53    M    M  5.2 12 140   M    M   9 18     17 200
22  35  30  33  -3  32   0 0.01    M    M  3.9 10 280   M    M  10 18     16 270
23  30   4  17 -19  48   0 0.01    M    M  6.8 14 350   M    M   5 8      21 360
24  32  -3  15 -21  50   0 0.00    M    M  5.4 15 230   M    M   1        25 250
25  37  24  31  -5  34   0 0.00    M    M  6.3 13 220   M    M   4        20 210
================================================================================
SM  814  308      1057   0  1.73    M    155.3          M      161
================================================================================
AV 32.6 12.3                               6.2 FASTST   M    M   6    MAX(MPH)
                                 MISC ---->  # 22 290               # 34  300
================================================================================
NOTES:
# LAST OF SEVERAL OCCURRENCES

COLUMN 17 PEAK WIND IN M.P.H.

PRELIMINARY LOCAL CLIMATOLOGICAL DATA (WS FORM: F-6) , PAGE 2

                                          STATION:  MORGANTOWN WV
                                          MONTH:    FEBRUARY
                                          YEAR:     2015
                                          LATITUDE:   39 39 N
                                          LONGITUDE:  79 55 W

[TEMPERATURE DATA]      [PRECIPITATION DATA]       SYMBOLS USED IN COLUMN 16

AVERAGE MONTHLY: 22.4   TOTAL FOR MONTH:   1.73    1 = FOG OR MIST
DPTR FM NORMAL: -11.4   DPTR FM NORMAL:   -0.57    2 = FOG REDUCING VISIBILITY
HIGHEST:    61 ON  8    GRTST 24HR  0.63 ON  1- 2      TO 1/4 MILE OR LESS
LOWEST:     -7 ON 20                               3 = THUNDER
                        SNOW, ICE PELLETS, HAIL    4 = ICE PELLETS
                        TOTAL MONTH:    M          5 = HAIL
                        GRTST 24HR    M  ON   M    6 = FREEZING RAIN OR DRIZZLE
                        GRTST DEPTH:  M  ON   M    7 = DUSTSTORM OR SANDSTORM:
                                                       VSBY 1/2 MILE OR LESS
                                                   8 = SMOKE OR HAZE
[NO. OF DAYS WITH]      [WEATHER - DAYS WITH]      9 = BLOWING SNOW
                                                   X = TORNADO
MAX 32 OR BELOW:  13    0.01 INCH OR MORE:  11
MAX 90 OR ABOVE:   0    0.10 INCH OR MORE:   4
MIN 32 OR BELOW:  24    0.50 INCH OR MORE:   1
MIN  0 OR BELOW:   5    1.00 INCH OR MORE:   0

[HDD (BASE 65) ]
TOTAL THIS MO.  1057    CLEAR  (SCALE 0-3)   2
DPTR FM NORMAL   279    PTCLDY (SCALE 4-7)  14
TOTAL FM JUL 1  4040    CLOUDY (SCALE 8-10)  9
DPTR FM NORMAL   235

[CDD (BASE 65) ]
TOTAL THIS MO.     0
DPTR FM NORMAL     0    [PRESSURE DATA]
TOTAL FM JAN 1     0    HIGHEST SLP M ON M
DPTR FM NORMAL     0    LOWEST  SLP 29.43 ON  2

[REMARKS]
