000
CXUS51 KPBZ 200901
CF6MGW
PRELIMINARY LOCAL CLIMATOLOGICAL DATA (WS FORM: F-6)

                                          STATION:   MORGANTOWN WV
                                          MONTH:     OCTOBER
                                          YEAR:      2014
                                          LATITUDE:   39 39 N
                                          LONGITUDE:  79 55 W

  TEMPERATURE IN F:       :PCPN:    SNOW:  WIND      :SUNSHINE: SKY     :PK WND
================================================================================
1   2   3   4   5  6A  6B    7    8   9   10  11  12  13   14  15   16   17  18
                                     12Z  AVG MX 2MIN
DY MAX MIN AVG DEP HDD CDD  WTR  SNW DPTH SPD SPD DIR MIN PSBL S-S WX    SPD DR
================================================================================

 1  69  55  62   3   3   0 0.00    M    M  1.8  6 200   M    M   7 128     9 240
 2  80  49  65   6   0   0 0.00    M    M  2.1 14 130   M    M   2 128    18 120
 3  80  60  70  12   0   5 0.24    M    M  7.9 18 160   M    M   4 8      26 160
 4  60  43  52  -6  13   0 0.06    M    M  6.7 17 280   M    M   8 8      28 260
 5  56  41  49  -9  16   0    T    M    M  5.6 14 230   M    M   6        19 200
 6  71  49  60   3   5   0 0.15    M    M  7.9 25 160   M    M   8 1      30 210
 7  70  53  62   5   3   0 0.36    M    M  7.1 23 170   M    M   5 1      33 160
 8  68  48  58   1   7   0 0.00    M    M  7.3 16 280   M    M   4        25 240
 9  62  42  52  -4  13   0    T    M    M  4.1 12 230   M    M   6        17 230
10  58  52  55  -1  10   0 0.35    M    M  2.0  8 360   M    M  10 18     11 360
11  60  46  53  -3  12   0 0.18    M    M  4.5 12  10   M    M   6 18     16 320
12  63  41  52  -3  13   0    T    M    M  6.3 13 150   M    M   5 128    17 120
13  77  59  68  13   0   3 0.02    M    M  6.0 14 150   M    M   5        19 140
14  82  58  70  15   0   5 0.66    M    M  9.8 26 170   M    M   2 1      36 160
15  69  57  63   9   2   0 0.95    M    M  1.2 10  40   M    M   6 1      12  30
16  63  55  59   5   6   0 0.19    M    M  4.1 10 160   M    M  10 18     14 240
17  72  54  63   9   2   0 0.01    M    M  7.4 16 190   M    M   6 18     27 220
18  65  47  56   2   9   0 0.05    M    M  6.6 14 290   M    M  10        20 280
19  57  39  48  -5  17   0 0.04    M    M  4.0 12 270   M    M   4 1      18 290
================================================================================
SM 1282  948       131  13  3.26    M    102.4          M      114
================================================================================
AV 67.5 49.9                               5.4 FASTST   M    M   6    MAX(MPH)
                                 MISC ---->  # 26 170               # 36  160
================================================================================
NOTES:
# LAST OF SEVERAL OCCURRENCES

COLUMN 17 PEAK WIND IN M.P.H.

PRELIMINARY LOCAL CLIMATOLOGICAL DATA (WS FORM: F-6) , PAGE 2

                                          STATION:  MORGANTOWN WV
                                          MONTH:    OCTOBER
                                          YEAR:     2014
                                          LATITUDE:   39 39 N
                                          LONGITUDE:  79 55 W

[TEMPERATURE DATA]      [PRECIPITATION DATA]       SYMBOLS USED IN COLUMN 16

AVERAGE MONTHLY: 58.7   TOTAL FOR MONTH:   3.26    1 = FOG OR MIST
DPTR FM NORMAL:   2.6   DPTR FM NORMAL:    1.55    2 = FOG REDUCING VISIBILITY
HIGHEST:    82 ON 14    GRTST 24HR  1.61 ON 14-15      TO 1/4 MILE OR LESS
LOWEST:     39 ON 19                               3 = THUNDER
                        SNOW, ICE PELLETS, HAIL    4 = ICE PELLETS
                        TOTAL MONTH:    M          5 = HAIL
                        GRTST 24HR    M  ON   M    6 = FREEZING RAIN OR DRIZZLE
                        GRTST DEPTH:  M  ON   M    7 = DUSTSTORM OR SANDSTORM:
                                                       VSBY 1/2 MILE OR LESS
                                                   8 = SMOKE OR HAZE
[NO. OF DAYS WITH]      [WEATHER - DAYS WITH]      9 = BLOWING SNOW
                                                   X = TORNADO
MAX 32 OR BELOW:   0    0.01 INCH OR MORE:  13
MAX 90 OR ABOVE:   0    0.10 INCH OR MORE:   8
MIN 32 OR BELOW:   0    0.50 INCH OR MORE:   2
MIN  0 OR BELOW:   0    1.00 INCH OR MORE:   0

[HDD (BASE 65) ]
TOTAL THIS MO.   131    CLEAR  (SCALE 0-3)   2
DPTR FM NORMAL   -49    PTCLDY (SCALE 4-7)  13
TOTAL FM JUL 1   195    CLOUDY (SCALE 8-10)  4
DPTR FM NORMAL   -82

[CDD (BASE 65) ]
TOTAL THIS MO.    13
DPTR FM NORMAL     3    [PRESSURE DATA]
TOTAL FM JAN 1   976    HIGHEST SLP M ON M
DPTR FM NORMAL   165    LOWEST  SLP 29.61 ON 17

[REMARKS]
