000
CXUS55 KFSD 190905
CF6MHE
PRELIMINARY LOCAL CLIMATOLOGICAL DATA (WS FORM: F-6)

                                          STATION:   MITCHELL SD
                                          MONTH:     DECEMBER
                                          YEAR:      2014
                                          LATITUDE:   43 46 N
                                          LONGITUDE:  98  2 W

  TEMPERATURE IN F:       :PCPN:    SNOW:  WIND      :SUNSHINE: SKY     :PK WND
================================================================================
1   2   3   4   5  6A  6B    7    8   9   10  11  12  13   14  15   16   17  18
                                     12Z  AVG MX 2MIN
DY MAX MIN AVG DEP HDD CDD  WTR  SNW DPTH SPD SPD DIR MIN PSBL S-S WX    SPD DR
================================================================================

 1  21  -1  10 -15  55   0 0.00  0.0    0 13.1 29 160   M    M   0        38 170
 2  40  18  29   4  36   0 0.00  0.0    0  8.1 21 170   M    M   3        31 180
 3  34  14  24   0  41   0 0.00  0.0    0  9.1 18 160   M    M   0        23 160
 4  43  24  34  10  31   0 0.00  0.0    0 14.0 24 160   M    M   0        30 140
 5  43  16  30   6  35   0 0.00  0.0    0  8.4 16  10   M    M   0 1      20 340
 6  36   8  22  -1  43   0 0.00  0.0    0  9.7 24 160   M    M   1 18     31 160
 7  49  31  40  17  25   0 0.00  0.0    0 14.5 25 310   M    M   7 18     32 160
 8  42  17  30   8  35   0 0.00  0.0    0 13.2 31 310   M    M   4        38 280
 9  27  10  19  -3  46   0 0.00  0.0    0 11.0 22 150   M    M   3 18     27 140
10  34  23  29   7  36   0 0.00  0.0    0 14.5 21 160   M    M   5 1      26 160
11  43  31  37  15  28   0 0.00  0.0    0 13.2 23 170   M    M   5 18     28 170
12  53  34  44  23  21   0 0.00  0.0    0 13.2 21 170   M    M   5 18     26 180
13  59  31  45  24  20   0 0.00  0.0    0 12.4 21 190   M    M   2 1      26 200
14  56  33  45  24  20   0    T  0.0    0 14.1 21 330   M    M  10 18     27 160
15  34  21  28   8  37   0 0.87  4.2    0 23.0 38 340   M    M  10 126    47 340
16  22   6  14  -6  51   0    T    T    4 13.1 29 340   M    M   6 1      40 340
17  19   1  10 -10  55   0 0.00  0.0    M  2.7  8 130   M    M   1 1       9 120
18  29  16  23   3  42   0    T    T    4  7.8 14 160   M    M  10 1      16 160
================================================================================
SM  684  333       657   0  0.87     4.2 215.1          M       72
================================================================================
AV 38.0 18.5                              12.0 FASTST   M    M   4    MAX(MPH)
                                 MISC ---->  # 38 340               # 47  340
================================================================================
NOTES:
# LAST OF SEVERAL OCCURRENCES

COLUMN 17 PEAK WIND IN M.P.H.

PRELIMINARY LOCAL CLIMATOLOGICAL DATA (WS FORM: F-6) , PAGE 2

                                          STATION:  MITCHELL SD
                                          MONTH:    DECEMBER
                                          YEAR:     2014
                                          LATITUDE:   43 46 N
                                          LONGITUDE:  98  2 W

[TEMPERATURE DATA]      [PRECIPITATION DATA]       SYMBOLS USED IN COLUMN 16

AVERAGE MONTHLY: 28.2   TOTAL FOR MONTH:   0.87    1 = FOG OR MIST
DPTR FM NORMAL:   6.1   DPTR FM NORMAL:    0.56    2 = FOG REDUCING VISIBILITY
HIGHEST:    59 ON 13    GRTST 24HR  0.87 ON 15-15      TO 1/4 MILE OR LESS
LOWEST:     -1 ON  1                               3 = THUNDER
                        SNOW, ICE PELLETS, HAIL    4 = ICE PELLETS
                        TOTAL MONTH:   4.2 INCHES  5 = HAIL
                        GRTST 24HR   4.2 ON   M    6 = FREEZING RAIN OR DRIZZLE
                        GRTST DEPTH:   4 ON 18,16  7 = DUSTSTORM OR SANDSTORM:
                                                       VSBY 1/2 MILE OR LESS
                                                   8 = SMOKE OR HAZE
[NO. OF DAYS WITH]      [WEATHER - DAYS WITH]      9 = BLOWING SNOW
                                                   X = TORNADO
MAX 32 OR BELOW:   5    0.01 INCH OR MORE:   1
MAX 90 OR ABOVE:   0    0.10 INCH OR MORE:   1
MIN 32 OR BELOW:  16    0.50 INCH OR MORE:   1
MIN  0 OR BELOW:   1    1.00 INCH OR MORE:   0

[HDD (BASE 65) ]
TOTAL THIS MO.   657    CLEAR  (SCALE 0-3)   9
DPTR FM NORMAL  -113    PTCLDY (SCALE 4-7)   6
TOTAL FM JUL 1  2313    CLOUDY (SCALE 8-10)  3
DPTR FM NORMAL   -25

[CDD (BASE 65) ]
TOTAL THIS MO.     0
DPTR FM NORMAL     0    [PRESSURE DATA]
TOTAL FM JAN 1   724    HIGHEST SLP M ON M
DPTR FM NORMAL  -100    LOWEST  SLP 29.71 ON 14

[REMARKS]
