000
CXUS53 KTOP 200200
CF6MHK
PRELIMINARY LOCAL CLIMATOLOGICAL DATA (WS FORM: F-6)

                                          STATION:   Manhattan KS
                                          MONTH:     AUGUST
                                          YEAR:      2014
                                          LATITUDE:   39  9 N
                                          LONGITUDE:  96 40 W

  TEMPERATURE IN F:       :PCPN:    SNOW:  WIND      :SUNSHINE: SKY     :PK WND
================================================================================
1   2   3   4   5  6A  6B    7    8   9   10  11  12  13   14  15   16   17  18
                                     12Z  AVG MX 2MIN
DY MAX MIN AVG DEP HDD CDD  WTR  SNW DPTH SPD SPD DIR MIN PSBL S-S WX    SPD DR
================================================================================

 1  92  64  78  -1   0  13 0.00    M    M  5.5 14 220   M    M   2        17 220
 2  92  65  79   0   0  14 0.00    M    M  4.4 12 210   M    M   1         M  M
 3  96  65  81   2   0  16    T    M    M  6.9 20 210   M    M   2        26 180
 4  98  68  83   4   0  18 0.00    M    M  8.3 21 210   M    M   1        25 210
 5  99  66  83   4   0  18 0.00    M    M  5.0 17 210   M    M   0 1      23 220
 6 100  66  83   4   0  18 0.07    M    M  7.4 23 210   M    M   2 138    29 210
 7  89  69  79   0   0  14 0.00    M    M  4.2 12  60   M    M   6 1      15  40
 8  90  69  80   2   0  15    T    M    M  6.2 16  80   M    M   4 1      20  90
 9  95  67  81   3   0  16 0.13    M    M  7.7 17  20   M    M   2 13     26  10
10  85  68  77  -1   0  12 1.17    M    M  5.7 17  50   M    M   4 13     24  10
11  84  61  73  -5   0   8 0.00    M    M  6.0 16  10   M    M   1 8      24 360
12  83  55  69  -9   0   4 0.00    M    M  4.5 16  20   M    M   0        24  30
13  86  54  70  -8   0   5 0.00    M    M  3.8 13  60   M    M   0        15  70
14  91  62  77  -1   0  12 0.00    M    M  6.7 13 160   M    M   1         M  M
15  81  71  76  -2   0  11 0.16    M    M  3.8 10 110   M    M   4 13     13 150
16  88  69  79   2   0  14 0.02    M    M  4.3 12  20   M    M   4 18     15  30
17  90  63  77   0   0  12 0.07    M    M  3.3 23 280   M    M   1 123    47 270
18  93  63  78   1   0  13 0.16    M    M  3.5 18  50   M    M   0 13     26  30
================================================================================
SM 1632 1165         0 233  1.78    M     97.2          M       35
================================================================================
AV 90.7 64.7                               5.4 FASTST   M    M   2    MAX(MPH)
                                 MISC ---->  # 23 210               # 47  270
================================================================================
NOTES:
# LAST OF SEVERAL OCCURRENCES

COLUMN 17 PEAK WIND IN M.P.H.

PRELIMINARY LOCAL CLIMATOLOGICAL DATA (WS FORM: F-6) , PAGE 2

                                          STATION:  Manhattan KS
                                          MONTH:    AUGUST
                                          YEAR:     2014
                                          LATITUDE:   39  9 N
                                          LONGITUDE:  96 40 W

[TEMPERATURE DATA]      [PRECIPITATION DATA]       SYMBOLS USED IN COLUMN 16

AVERAGE MONTHLY: 77.7   TOTAL FOR MONTH:   1.78    1 = FOG OR MIST
DPTR FM NORMAL:  -0.5   DPTR FM NORMAL:   -0.42    2 = FOG REDUCING VISIBILITY
HIGHEST:   100 ON  6    GRTST 24HR  1.30 ON  9-10      TO 1/4 MILE OR LESS
LOWEST:     54 ON 13                               3 = THUNDER
                        SNOW, ICE PELLETS, HAIL    4 = ICE PELLETS
                        TOTAL MONTH:    M          5 = HAIL
                        GRTST 24HR    M  ON   M    6 = FREEZING RAIN OR DRIZZLE
                        GRTST DEPTH:  M  ON   M    7 = DUSTSTORM OR SANDSTORM:
                                                       VSBY 1/2 MILE OR LESS
                                                   8 = SMOKE OR HAZE
[NO. OF DAYS WITH]      [WEATHER - DAYS WITH]      9 = BLOWING SNOW
                                                   X = TORNADO
MAX 32 OR BELOW:   0    0.01 INCH OR MORE:   7
MAX 90 OR ABOVE:  11    0.10 INCH OR MORE:   4
MIN 32 OR BELOW:   0    0.50 INCH OR MORE:   1
MIN  0 OR BELOW:   0    1.00 INCH OR MORE:   1

[HDD (BASE 65) ]
TOTAL THIS MO.     0    CLEAR  (SCALE 0-3)  13
DPTR FM NORMAL     0    PTCLDY (SCALE 4-7)   5
TOTAL FM JUL 1     1    CLOUDY (SCALE 8-10)  0
DPTR FM NORMAL     0

[CDD (BASE 65) ]
TOTAL THIS MO.   233
DPTR FM NORMAL    -6    [PRESSURE DATA]
TOTAL FM JAN 1  1129    HIGHEST SLP M ON M
DPTR FM NORMAL    84    LOWEST  SLP 29.75 ON M

[REMARKS]
